{"id":10,"date":"2015-01-14T13:31:57","date_gmt":"2015-01-14T12:31:57","guid":{"rendered":"https:\/\/d.th-nuernberg.de\/vk\/?page_id=10"},"modified":"2020-03-30T15:47:00","modified_gmt":"2020-03-30T14:47:00","slug":"startseite","status":"publish","type":"page","link":"https:\/\/d.th-nuernberg.de\/vk\/","title":{"rendered":"Verbale Kommunikation &#8211; oder: Wer liest das denn?"},"content":{"rendered":"<p><img fetchpriority=\"high\" decoding=\"async\" class=\"alignnone wp-image-6 size-full\" src=\"https:\/\/d.th-nuernberg.de\/vk\/wp-content\/uploads\/sites\/2\/2015\/01\/Ackermann.png\" alt=\"Ackermann\" width=\"848\" height=\"480\" \/><\/p>\n<p>Wenn Sie es doch tun, ist das schon einmal:<\/p>\n<div class=\"mce_boxed\">\n<p style=\"padding-left: 60px;text-align: center\">&#8230;<strong> Verbale Kommunikation.<\/strong><\/p>\n<\/div>\n<p>Und:\u00a0Man kann sie nicht nur lesen \u2026 Nein, auch zu h\u00f6ren ist sie,<\/p>\n<p>zu f\u00fchlen und in manchen F\u00e4llen sogar anzufassen.<\/p>\n<p>Und mit ihr interagieren kann man obendrein.<\/p>\n<blockquote><p>\u201eWenn Sie diese Worte lesen, vollzieht sich in Ihnen eines der Wunder der Natur. Sie und ich geh\u00f6ren n\u00e4mlich zu einer Spezies mit einer bemerkenswerten F\u00e4higkeit:<br \/>\nWir k\u00f6nnen im Geist unseres Gegen\u00fcbers mit h\u00f6chster Pr\u00e4zision ganz bestimmte Bilder entstehen lassen. [\u2026] Diese F\u00e4higkeit hei\u00dft <em>Sprache<\/em>.\u201c (Steven Pinker, 1996)<\/p><\/blockquote>\n<h3>Wie bitte?<\/h3>\n<p><strong>Verbale Kommunikation<\/strong>\u00a0wird hier zun\u00e4chst einmal verstanden als:<\/p>\n<div class=\"mce_boxed\">\n<p style=\"padding-left: 60px;text-align: center\"><strong>Multimediale Sprachgestaltung<\/strong><\/p>\n<p style=\"padding-left: 60px;text-align: center\">&#8230; oder &#8230;<\/p>\n<p style=\"padding-left: 60px;text-align: center\"><strong>Language in Media and Design<\/strong>.<\/p>\n<\/div>\n<p>Aber zugleich geht es um <strong>ihre<\/strong> <strong>Vermittlung in einem<\/strong> <strong>Modul<\/strong>, einem Fach der\u00a0<a title=\"http:\/\/www.th-nuernberg.de\/seitenbaum\/fakultaeten\/design\/page.html\" href=\"http:\/\/www.th-nuernberg.de\/seitenbaum\/fakultaeten\/design\/page.html\">Fakult\u00e4t Design<\/a>\u00a0der Technischen Hochschule N\u00fcrnberg Georg Simon Ohm.<\/p>\n<p><img decoding=\"async\" class=\"aligncenter size-full wp-image-790\" src=\"https:\/\/d.th-nuernberg.de\/vk\/wp-content\/uploads\/sites\/2\/2016\/04\/IMG_0107-e1460324020341.jpg\" alt=\"IMG_0107\" width=\"1280\" height=\"960\" \/><\/p>\n<p class=\"paragraph_style\">Es ist nun in der Tat recht viel,\u00a0wovon man hier erfahren, was man hier lernen kann.<\/p>\n<p class=\"paragraph_style\">Aber mit weniger geben wir uns nicht zufrieden.<\/p>\n<p class=\"paragraph_style\">Schon deshalb, weil wir\u00a0<a title=\"Verbale Kommunikation\" href=\"https:\/\/d.th-nuernberg.de\/vk\/verbale-kommunikation\/\">Verbale Kommunikation<\/a>\u00a0in einem engen Zusammenhang mit allen anderen Darstellungsmedien sehen, die an dieser Fakult\u00e4t vermittelt, und mit allen anderen Modulen, die hier angeboten werden.<\/p>\n<p class=\"paragraph_style\">Auch deswegen, weil <strong>Verbale Kommunikation<\/strong> Teil eines sich stets ver\u00e4ndernden\u00a0<a title=\"Sp\u00e4tere Praxis\" href=\"https:\/\/d.th-nuernberg.de\/vk\/spaetere-praxis\/\">Berufs- und Arbeitsfeldes<\/a><a title=\"Spatere_Praxis.html\" href=\"\/\/\/Users\/dau\/Documents\/Bibliothek\/OHM\/oeffentlichkeitsarbeit\/Fu%CC%88r%20die%20VK-Website\/als%20html%20-%20quasi%20fertig\/Verbale_Kommunikation\/Spatere_Praxis.html\">\u00a0<\/a>ist, &#8230;<\/p>\n<div class=\"mce_boxed\">\n<p class=\"paragraph_style\" style=\"padding-left: 60px\">\u2026\u00a0das <strong>Fiction<\/strong> und <strong>Non Fiction<\/strong> umfasst,\u00a0\u2026<\/p>\n<p class=\"paragraph_style\" style=\"padding-left: 60px\">\u2026\u00a0zwischen <strong>Gef\u00fchlen<\/strong> und <strong>Informationen<\/strong> changiert\u00a0\u2026<\/p>\n<p class=\"paragraph_style\" style=\"padding-left: 60px\">&#8230; und weit reicht \u2026<\/p>\n<p class=\"paragraph_style\" style=\"padding-left: 60px\">\u2026 von den Sprachspielen, Konflikten und Welt-Erfahrungen der <strong>Literatur<\/strong>,\u00a0\u2026<\/p>\n<p class=\"paragraph_style\" style=\"padding-left: 60px\">\u2026 \u00fcber den <strong>Journalismus<\/strong>, der f\u00fcr alle Medien Wissen und Wirklichkeit erschlie\u00dft,\u00a0\u2026<\/p>\n<p class=\"paragraph_style\" style=\"padding-left: 60px\">\u2026 \u00fcber die <strong>Sprache der Unternehmen<\/strong> und der <strong>\u00d6ffentlichkeitsarbeit<\/strong>, \u2026<\/p>\n<p class=\"paragraph_style\" style=\"padding-left: 60px\">\u2026 bis hin zur <strong>Kommunikation von Marken <\/strong>und<strong> Werbung.<\/strong><\/p>\n<\/div>\n<hr \/>\n<p class=\"paragraph_style\" style=\"padding-left: 60px\">\n","protected":false},"excerpt":{"rendered":"<p>Wenn Sie es doch tun, ist das schon einmal: &#8230; Verbale Kommunikation. Und:\u00a0Man kann sie nicht nur lesen \u2026 Nein, auch zu h\u00f6ren ist sie, zu f\u00fchlen und in manchen F\u00e4llen sogar anzufassen. Und mit ihr interagieren kann man obendrein. \u201eWenn Sie diese Worte lesen, vollzieht sich in Ihnen eines der Wunder der Natur. Sie&hellip;<\/p>\n","protected":false},"author":1,"featured_media":0,"parent":0,"menu_order":0,"comment_status":"open","ping_status":"open","template":"page-templates\/portfolio-page.php","meta":{"jetpack_post_was_ever_published":false,"footnotes":""},"class_list":["post-10","page","type-page","status-publish","hentry"],"jetpack_sharing_enabled":true,"jetpack_shortlink":"https:\/\/wp.me\/P5BUGZ-a","_links":{"self":[{"href":"https:\/\/d.th-nuernberg.de\/vk\/wp-json\/wp\/v2\/pages\/10","targetHints":{"allow":["GET"]}}],"collection":[{"href":"https:\/\/d.th-nuernberg.de\/vk\/wp-json\/wp\/v2\/pages"}],"about":[{"href":"https:\/\/d.th-nuernberg.de\/vk\/wp-json\/wp\/v2\/types\/page"}],"author":[{"embeddable":true,"href":"https:\/\/d.th-nuernberg.de\/vk\/wp-json\/wp\/v2\/users\/1"}],"replies":[{"embeddable":true,"href":"https:\/\/d.th-nuernberg.de\/vk\/wp-json\/wp\/v2\/comments?post=10"}],"version-history":[{"count":47,"href":"https:\/\/d.th-nuernberg.de\/vk\/wp-json\/wp\/v2\/pages\/10\/revisions"}],"predecessor-version":[{"id":1743,"href":"https:\/\/d.th-nuernberg.de\/vk\/wp-json\/wp\/v2\/pages\/10\/revisions\/1743"}],"wp:attachment":[{"href":"https:\/\/d.th-nuernberg.de\/vk\/wp-json\/wp\/v2\/media?parent=10"}],"curies":[{"name":"wp","href":"https:\/\/api.w.org\/{rel}","templated":true}]}}

<p><img fetchpriority="high" decoding="async" class="alignnone wp-image-6 size-full" src="https://d.th-nuernberg.de/vk/wp-content/uploads/sites/2/2015/01/Ackermann.png" alt="Ackermann" width="848" height="480" /></p>
<p>Wenn Sie es doch tun, ist das schon einmal:</p>
<div class="mce_boxed">
<p style="padding-left: 60px;text-align: center">&#8230;<strong> Verbale Kommunikation.</strong></p>
</div>
<p>Und: Man kann sie nicht nur lesen … Nein, auch zu hören ist sie,</p>
<p>zu fühlen und in manchen Fällen sogar anzufassen.</p>
<p>Und mit ihr interagieren kann man obendrein.</p>
<blockquote><p>„Wenn Sie diese Worte lesen, vollzieht sich in Ihnen eines der Wunder der Natur. Sie und ich gehören nämlich zu einer Spezies mit einer bemerkenswerten Fähigkeit:<br />
Wir können im Geist unseres Gegenübers mit höchster Präzision ganz bestimmte Bilder entstehen lassen. […] Diese Fähigkeit heißt <em>Sprache</em>.“ (Steven Pinker, 1996)</p></blockquote>
<h3>Wie bitte?</h3>
<p><strong>Verbale Kommunikation</strong> wird hier zunächst einmal verstanden als:</p>
<div class="mce_boxed">
<p style="padding-left: 60px;text-align: center"><strong>Multimediale Sprachgestaltung</strong></p>
<p style="padding-left: 60px;text-align: center">&#8230; oder &#8230;</p>
<p style="padding-left: 60px;text-align: center"><strong>Language in Media and Design</strong>.</p>
</div>
<p>Aber zugleich geht es um <strong>ihre</strong> <strong>Vermittlung in einem</strong> <strong>Modul</strong>, einem Fach der <a title="http://www.th-nuernberg.de/seitenbaum/fakultaeten/design/page.html" href="http://www.th-nuernberg.de/seitenbaum/fakultaeten/design/page.html">Fakultät Design</a> der Technischen Hochschule Nürnberg Georg Simon Ohm.</p>
<p><img decoding="async" class="aligncenter size-full wp-image-790" src="https://d.th-nuernberg.de/vk/wp-content/uploads/sites/2/2016/04/IMG_0107-e1460324020341.jpg" alt="IMG_0107" width="1280" height="960" /></p>
<p class="paragraph_style">Es ist nun in der Tat recht viel, wovon man hier erfahren, was man hier lernen kann.</p>
<p class="paragraph_style">Aber mit weniger geben wir uns nicht zufrieden.</p>
<p class="paragraph_style">Schon deshalb, weil wir <a title="Verbale Kommunikation" href="https://d.th-nuernberg.de/vk/verbale-kommunikation/">Verbale Kommunikation</a> in einem engen Zusammenhang mit allen anderen Darstellungsmedien sehen, die an dieser Fakultät vermittelt, und mit allen anderen Modulen, die hier angeboten werden.</p>
<p class="paragraph_style">Auch deswegen, weil <strong>Verbale Kommunikation</strong> Teil eines sich stets verändernden <a title="Spätere Praxis" href="https://d.th-nuernberg.de/vk/spaetere-praxis/">Berufs- und Arbeitsfeldes</a><a title="Spatere_Praxis.html" href="///Users/dau/Documents/Bibliothek/OHM/oeffentlichkeitsarbeit/Fu%CC%88r%20die%20VK-Website/als%20html%20-%20quasi%20fertig/Verbale_Kommunikation/Spatere_Praxis.html"> </a>ist, &#8230;</p>
<div class="mce_boxed">
<p class="paragraph_style" style="padding-left: 60px">… das <strong>Fiction</strong> und <strong>Non Fiction</strong> umfasst, …</p>
<p class="paragraph_style" style="padding-left: 60px">… zwischen <strong>Gefühlen</strong> und <strong>Informationen</strong> changiert …</p>
<p class="paragraph_style" style="padding-left: 60px">&#8230; und weit reicht …</p>
<p class="paragraph_style" style="padding-left: 60px">… von den Sprachspielen, Konflikten und Welt-Erfahrungen der <strong>Literatur</strong>, …</p>
<p class="paragraph_style" style="padding-left: 60px">… über den <strong>Journalismus</strong>, der für alle Medien Wissen und Wirklichkeit erschließt, …</p>
<p class="paragraph_style" style="padding-left: 60px">… über die <strong>Sprache der Unternehmen</strong> und der <strong>Öffentlichkeitsarbeit</strong>, …</p>
<p class="paragraph_style" style="padding-left: 60px">… bis hin zur <strong>Kommunikation von Marken </strong>und<strong> Werbung.</strong></p>
</div>
<hr />
<p class="paragraph_style" style="padding-left: 60px">

<p>Wenn Sie es doch tun, ist das schon einmal: &#8230; Verbale Kommunikation. Und: Man kann sie nicht nur lesen … Nein, auch zu hören ist sie, zu fühlen und in manchen Fällen sogar anzufassen. Und mit ihr interagieren kann man obendrein. „Wenn Sie diese Worte lesen, vollzieht sich in Ihnen eines der Wunder der Natur. Sie&hellip;</p>
