{"id":502,"date":"2015-03-19T18:49:03","date_gmt":"2015-03-19T17:49:03","guid":{"rendered":"https:\/\/d.th-nuernberg.de\/vk\/?post_type=jetpack-portfolio&#038;p=502"},"modified":"2020-09-29T17:01:57","modified_gmt":"2020-09-29T16:01:57","slug":"werbung-und-markenkommunikation-hier-naming-and-branding","status":"publish","type":"jetpack-portfolio","link":"https:\/\/d.th-nuernberg.de\/vk\/portfolio\/werbung-und-markenkommunikation-hier-naming-and-branding\/","title":{"rendered":"Markenkommunikation &#8211; hier: Naming and Branding"},"content":{"rendered":"<p class=\"paragraph_style_1\"><strong>Werbung und Markenkommunikation<\/strong><\/p>\n<p class=\"paragraph_style_3\"><span class=\"style_3\"><strong>Naming and Branding<\/strong><br \/>\n<\/span><\/p>\n<p class=\"Title\"><span class=\"style_3\">Mal eben einen Namen f\u00fcr ein neues Musik-Festival finden? &#8230; f\u00fcr ein Festival, das eine Musik ins Zentrum stellt, die sich schwer tut bei jungen Menschen. &#8230; f\u00fcr ein Festival, das zun\u00e4chst regional sein soll, aber vielleicht einmal international werden will. &#8230; f\u00fcr ein Festival, das ein Verein veranstaltet, der sich repr\u00e4sentiert sehen sollte. Originell soll er sein, der neue Name, urban &#8230; Und: Er soll die oft ungeliebte Musik propagieren &#8230; ohne sich auf sie zu beschr\u00e4nken &#8230; Im Namen soll auf den Ort verwiesen werden &#8230; Und einfach soll er sein &#8230; etc. etc.<br \/>\n<\/span><\/p>\n<p class=\"Title\"><span class=\"style_3\">Das war einmal eine Aufgabe f\u00fcr das erste Semester im Bachelorstudiengang Design, f\u00fcr die Orientierungsstufe, f\u00fcr die Grundlagen Verbaler Kommunikation. Keine leichte, aber \u201eNaming and Branding\u201c ist zentral f\u00fcr den kreativen Umgang mit Sprache.<br \/>\n<\/span><\/p>\n<p class=\"Title\"><span class=\"style_3\">Denn: Was soll benannt werden? Wie klingt der Name? Wie sieht er geschrieben aus? Ist er zu sch\u00fctzen? Ist er f\u00fcr eine Website zu verwenden? Was schwingt alles mit? Was bedeutet er? Was scheint er zu bedeuten und wie kann er missverstanden werden? Welche Assoziationen weckt er? National und international &#8211; und: in welchen Sprachen? Was verbinden die Auftraggeber damit und was jene, die der Zielgruppe angeh\u00f6ren?<br \/>\n<\/span><\/p>\n<p class=\"Title\"><span class=\"style_3\">Also wie hei\u00dft denn nun das neue\u00a0<\/span>Festival<span class=\"style_3\">?\u00a0 &#8211; <a href=\"http:\/\/www.nuejazz.de\/\">NUEJAZZ<\/a>.<br \/>\n<\/span><\/p>\n<p class=\"Body\"><span class=\"style_3\">Und h<\/span>ier die Umsetzung durch Philipp Dittmar &#8230; erst Studierender, dann Absolvent, jetzt zust\u00e4ndig f\u00fcr die Corporate Identity des Festivals &#8230;<\/p>\n<p class=\"Body\"><a href=\"https:\/\/d.th-nuernberg.de\/vk\/wp-content\/uploads\/sites\/2\/2015\/01\/130822_posterserie_FINAL-ANSICHT_nuejazz_A13.jpg\"><img fetchpriority=\"high\" decoding=\"async\" class=\"alignnone size-full wp-image-90\" src=\"https:\/\/d.th-nuernberg.de\/vk\/wp-content\/uploads\/sites\/2\/2015\/01\/130822_posterserie_FINAL-ANSICHT_nuejazz_A13.jpg\" alt=\"130822_posterserie_FINAL-ANSICHT_nuejazz_A13\" width=\"407\" height=\"575\" \/><\/a><\/p>\n","protected":false},"excerpt":{"rendered":"<p>Werbung und Markenkommunikation Naming and Branding Mal eben einen Namen f\u00fcr ein neues Musik-Festival finden? &#8230; f\u00fcr ein Festival, das eine Musik ins Zentrum stellt, die sich schwer tut bei jungen Menschen. &#8230; f\u00fcr ein Festival, das zun\u00e4chst regional sein soll, aber vielleicht einmal international werden will. &#8230; f\u00fcr ein Festival, das ein Verein veranstaltet,&hellip;<\/p>\n","protected":false},"author":4,"featured_media":90,"comment_status":"closed","ping_status":"closed","template":"","format":"standard","meta":{"jetpack_post_was_ever_published":false,"footnotes":"","jetpack_publicize_message":"","jetpack_publicize_feature_enabled":true,"jetpack_social_post_already_shared":true,"jetpack_social_options":{"image_generator_settings":{"template":"highway","default_image_id":0,"font":"","enabled":false},"version":2}},"jetpack-portfolio-type":[37,33],"jetpack-portfolio-tag":[],"class_list":["post-502","jetpack-portfolio","type-jetpack-portfolio","status-publish","format-standard","has-post-thumbnail","hentry","jetpack-portfolio-type-1-semester-orientierungsstufe","jetpack-portfolio-type-sommersemester-2013","empty-entry-meta","portfolio-entry"],"jetpack_publicize_connections":[],"jetpack_sharing_enabled":true,"_links":{"self":[{"href":"https:\/\/d.th-nuernberg.de\/vk\/wp-json\/wp\/v2\/jetpack-portfolio\/502","targetHints":{"allow":["GET"]}}],"collection":[{"href":"https:\/\/d.th-nuernberg.de\/vk\/wp-json\/wp\/v2\/jetpack-portfolio"}],"about":[{"href":"https:\/\/d.th-nuernberg.de\/vk\/wp-json\/wp\/v2\/types\/jetpack-portfolio"}],"author":[{"embeddable":true,"href":"https:\/\/d.th-nuernberg.de\/vk\/wp-json\/wp\/v2\/users\/4"}],"replies":[{"embeddable":true,"href":"https:\/\/d.th-nuernberg.de\/vk\/wp-json\/wp\/v2\/comments?post=502"}],"version-history":[{"count":2,"href":"https:\/\/d.th-nuernberg.de\/vk\/wp-json\/wp\/v2\/jetpack-portfolio\/502\/revisions"}],"predecessor-version":[{"id":1917,"href":"https:\/\/d.th-nuernberg.de\/vk\/wp-json\/wp\/v2\/jetpack-portfolio\/502\/revisions\/1917"}],"wp:featuredmedia":[{"embeddable":true,"href":"https:\/\/d.th-nuernberg.de\/vk\/wp-json\/wp\/v2\/media\/90"}],"wp:attachment":[{"href":"https:\/\/d.th-nuernberg.de\/vk\/wp-json\/wp\/v2\/media?parent=502"}],"wp:term":[{"taxonomy":"jetpack-portfolio-type","embeddable":true,"href":"https:\/\/d.th-nuernberg.de\/vk\/wp-json\/wp\/v2\/jetpack-portfolio-type?post=502"},{"taxonomy":"jetpack-portfolio-tag","embeddable":true,"href":"https:\/\/d.th-nuernberg.de\/vk\/wp-json\/wp\/v2\/jetpack-portfolio-tag?post=502"}],"curies":[{"name":"wp","href":"https:\/\/api.w.org\/{rel}","templated":true}]}}

<p class="paragraph_style_1"><strong>Werbung und Markenkommunikation</strong></p>
<p class="paragraph_style_3"><span class="style_3"><strong>Naming and Branding</strong><br />
</span></p>
<p class="Title"><span class="style_3">Mal eben einen Namen für ein neues Musik-Festival finden? &#8230; für ein Festival, das eine Musik ins Zentrum stellt, die sich schwer tut bei jungen Menschen. &#8230; für ein Festival, das zunächst regional sein soll, aber vielleicht einmal international werden will. &#8230; für ein Festival, das ein Verein veranstaltet, der sich repräsentiert sehen sollte. Originell soll er sein, der neue Name, urban &#8230; Und: Er soll die oft ungeliebte Musik propagieren &#8230; ohne sich auf sie zu beschränken &#8230; Im Namen soll auf den Ort verwiesen werden &#8230; Und einfach soll er sein &#8230; etc. etc.<br />
</span></p>
<p class="Title"><span class="style_3">Das war einmal eine Aufgabe für das erste Semester im Bachelorstudiengang Design, für die Orientierungsstufe, für die Grundlagen Verbaler Kommunikation. Keine leichte, aber „Naming and Branding“ ist zentral für den kreativen Umgang mit Sprache.<br />
</span></p>
<p class="Title"><span class="style_3">Denn: Was soll benannt werden? Wie klingt der Name? Wie sieht er geschrieben aus? Ist er zu schützen? Ist er für eine Website zu verwenden? Was schwingt alles mit? Was bedeutet er? Was scheint er zu bedeuten und wie kann er missverstanden werden? Welche Assoziationen weckt er? National und international &#8211; und: in welchen Sprachen? Was verbinden die Auftraggeber damit und was jene, die der Zielgruppe angehören?<br />
</span></p>
<p class="Title"><span class="style_3">Also wie heißt denn nun das neue </span>Festival<span class="style_3">?  &#8211; <a href="http://www.nuejazz.de/">NUEJAZZ</a>.<br />
</span></p>
<p class="Body"><span class="style_3">Und h</span>ier die Umsetzung durch Philipp Dittmar &#8230; erst Studierender, dann Absolvent, jetzt zuständig für die Corporate Identity des Festivals &#8230;</p>
<p class="Body"><a href="https://d.th-nuernberg.de/vk/wp-content/uploads/sites/2/2015/01/130822_posterserie_FINAL-ANSICHT_nuejazz_A13.jpg"><img fetchpriority="high" decoding="async" class="alignnone size-full wp-image-90" src="https://d.th-nuernberg.de/vk/wp-content/uploads/sites/2/2015/01/130822_posterserie_FINAL-ANSICHT_nuejazz_A13.jpg" alt="130822_posterserie_FINAL-ANSICHT_nuejazz_A13" width="407" height="575" /></a></p>

<p>Werbung und Markenkommunikation Naming and Branding Mal eben einen Namen für ein neues Musik-Festival finden? &#8230; für ein Festival, das eine Musik ins Zentrum stellt, die sich schwer tut bei jungen Menschen. &#8230; für ein Festival, das zunächst regional sein soll, aber vielleicht einmal international werden will. &#8230; für ein Festival, das ein Verein veranstaltet,&hellip;</p>
