{"id":2431,"date":"2024-07-28T13:43:17","date_gmt":"2024-07-28T12:43:17","guid":{"rendered":"https:\/\/d.th-nuernberg.de\/vk\/?post_type=jetpack-portfolio&#038;p=2431"},"modified":"2024-09-25T20:10:59","modified_gmt":"2024-09-25T19:10:59","slug":"songwriting-again-punk-und-lied-deutsch-und-englisch-sound-und-sinn","status":"publish","type":"jetpack-portfolio","link":"https:\/\/d.th-nuernberg.de\/vk\/portfolio\/songwriting-again-punk-und-lied-deutsch-und-englisch-sound-und-sinn\/","title":{"rendered":"Songwriting again &#8211; Punk und Lied, Deutsch und Englisch, Sound und Sinn"},"content":{"rendered":"<div class=\"entry-content\">\n<h4><strong>Songwriting again &#8211; Punk und Lied, Deutsch und Englisch, Sound und Sinn<\/strong><\/h4>\n<audio class=\"wp-audio-shortcode\" id=\"audio-2431-1\" preload=\"none\" style=\"width: 100%;\" controls=\"controls\"><source type=\"audio\/mpeg\" src=\"https:\/\/d.th-nuernberg.de\/vk\/wp-content\/uploads\/sites\/2\/2024\/09\/Songwriting-again_Punk-und-Lied.mp3?_=1\" \/><a href=\"https:\/\/d.th-nuernberg.de\/vk\/wp-content\/uploads\/sites\/2\/2024\/09\/Songwriting-again_Punk-und-Lied.mp3\">https:\/\/d.th-nuernberg.de\/vk\/wp-content\/uploads\/sites\/2\/2024\/09\/Songwriting-again_Punk-und-Lied.mp3<\/a><\/audio>\n<p>Punk oder Liedermacher? Turbostaat und Lattekohlertor? &#8211; Oder: Little Motte? &#8211; Denn: \u201eWeine nicht, kleine Motte\u201d. Musikprojekte und Songs gibt es in allen Kontexten, Gr\u00f6\u00dfen und Formen, allen Instrumentierungen und Gef\u00fchlslagen. Und f\u00fcrs Singen zu schreiben, hat ganz Praktisches, aber auch einiges R\u00e4tselhafte.<\/p>\n<p>Was denkt man, wenn sich Bohnen auf Kanonen reimen? Und f\u00fcr was entscheidet man sich: f\u00fcr Bedeutung oder Klang? Deutsch oder Englisch? Und wie h\u00e4ufig findet man sich in derselben Situation wieder, wenn man eine Idee fu\u0308r einen Song hat?<\/p>\n<blockquote><p>\u201eDas kann ich jetzt so speziell nicht sagen. Ich kann aber sagen, dass Bewegung immer irgendwann mit ihm ins Spiel kommt. Also ob man nun auf, auf und ab hu\u0308pft, durch die Wohnung oder die Stra\u00dfe hinab l\u00e4uft oder irgendwie richtig lange Fahrrad f\u00e4hrt oder oder sowas. Also Bewegung setzt immer ja natu\u0308rlich das Gehirn in Gang. Dementsprechend hilft das immer ungemein.\u201c (Marten Ebsen, Gitarrist und Songwriter in der Punkrockband Turbostaat, und Solo als Lattekohlertor)<\/p>\n<p>\u201eUnd dann will ich das quasi verstehen, wie die Menschen das machen, wie die Musiker das machen. Da dann quasi m\u00f6chte ich dann eben entschlu\u0308sseln, quasi wie das gemacht wird und deswegen lerne ich es dann auch selbst.\u201c (Philipp Stra\u00dfner, Singer-Songwriter und Multi-Instrumentalist)<\/p>\n<p>\u201eNa ja, ganz sicher liegt es daran, dass ich selber Musik geh\u00f6rt habe, die deutschsprachig war, was zu der Zeit noch ungew\u00f6hnlicher war. Bzw u\u0308berhaupt nicht gern gesehen bei Popmusik oder in der Rockmusik im allgemeinen. Also da haben auch die meisten Leute die Nase dru\u0308ber richtig geru\u0308mpft. Aber in der Punkszene war es halt v\u00f6llig normal, auf Deutsch zu singen. Weil man sich ja auch irgendwie verst\u00e4ndlich machen wollte, in Anfu\u0308hrungsstrichen, oder irgendetwas aussagen m\u00f6chte. Und wenn&#8217;s nur Unsinn ist.\u201c (Marten Ebsen, Gitarrist und Songwriter in der Punkrockband Turbostaat, und Solo als Lattekohlertor)<\/p>\n<p>\u201eUnd da ist es dann oft so, dass ich auch teilweise einfach anfange zu singen oder zu reden und das muss dann nicht nicht mal Sinn ergeben. Also es mu\u0308ssen keine echten Worte sein, sondern einfach, dass man von der Phonetik das erstmal rauskriegt aus sich, was man sich gerade vorstellt. Und dann kommt eher erst im Nachhinein so tats\u00e4chlich Bedeutung in die Worte.\u201c (Philipp Stra\u00dfner, Singer-Songwriter und Multi-Instrumentalist)<\/p>\n<p>\u201eAlso zum Beispiel, wenn wir mit Turbostaat Musik machen und ich schreibe fu\u0308r Turbostaat, dann wei\u00df ich schon u\u0308ber die ganzen Mimosit\u00e4ten der einzelnen Teilnehmer. Was sie m\u00f6gen, was sie nicht m\u00f6gen, was der S\u00e4nger gerne singt, was er nicht kann, was er gerne k\u00f6nnte. All diese Sachen, die beschr\u00e4nken mich natu\u0308rlich schon enorm. Aber nee, also eine gewisse Art von Beschr\u00e4nktheit oder so ist auch immer gut.\u201c Marten Ebsen, Gitarrist und Songwriter in der Punkrockband Turbostaat, und Solo als Lattekohlertor)<\/p>\n<p>\u201eDann sage ich jetzt nur noch wertvolle Dinge: Wertvolle Dinge. Wertvolle Dinge. Wertvolle Dinge. Wertvolle Dinge.\u201c (Philipp Stra\u00dfner, Singer-Songwriter und Multi-Instrumentalist)<\/p>\n<hr \/>\n<\/blockquote>\n<p><small>N\u00fcssmann, Patrick: Songwriting again &#8211; Punk und Lied, Deutsch und Englisch, Sound und Sinn. Ein Audio-Feature. Nach Interviews mit Marten Ebsen, Gitarrist und Songwriter in der Punkrockband Turbostaat und Solo als Lattekohlerto, und Philipp Stra\u00dfner, Singer-Songwriter und Multi-Instrumentalist. Gesprochen von Hermann Grosseberg. Mit Musik-Ausschnitten von Philipp Stra\u00dfner und Musik von Patrick N\u00fcssmann. Sommersemester 2024 v. 27. Juli 2024 (= \u201eTell me about that \u2026\u201c Creativity, Design and Media, Language and Writing. Verbale Kommunikation in der Praxis. Ein Podcast-Projekt; Nr. 086). \u2013 Dauer: 15:00 Min. \u2013 Quelle: https:\/\/d.th-nuernberg.de\/vk\/portfolio\/songwriting-again-punk-und-lied-deutsch-und-englisch-sound-und-sinn\/ <\/small><\/p>\n<p><small>\u00a0<\/small><\/p>\n<\/div>\n","protected":false},"excerpt":{"rendered":"<p>Songwriting again &#8211; Punk und Lied, Deutsch und Englisch, Sound und Sinn https:\/\/d.th-nuernberg.de\/vk\/wp-content\/uploads\/sites\/2\/2024\/09\/Songwriting-again_Punk-und-Lied.mp3 Punk oder Liedermacher? Turbostaat und Lattekohlertor? &#8211; Oder: Little Motte? &#8211; Denn: \u201eWeine nicht, kleine Motte\u201d. Musikprojekte und Songs gibt es in allen Kontexten, Gr\u00f6\u00dfen und Formen, allen Instrumentierungen und Gef\u00fchlslagen. Und f\u00fcrs Singen zu schreiben, hat ganz Praktisches, aber auch einiges&hellip;<\/p>\n","protected":false},"author":4,"featured_media":0,"comment_status":"closed","ping_status":"closed","template":"","format":"standard","meta":{"jetpack_post_was_ever_published":false,"footnotes":"","jetpack_publicize_message":"","jetpack_publicize_feature_enabled":true,"jetpack_social_post_already_shared":true,"jetpack_social_options":{"image_generator_settings":{"template":"highway","default_image_id":0,"font":"","enabled":false},"version":2}},"jetpack-portfolio-type":[24,13,9,80,23],"jetpack-portfolio-tag":[],"class_list":["post-2431","jetpack-portfolio","type-jetpack-portfolio","status-publish","format-standard","hentry","jetpack-portfolio-type-3-semester-angewandtes-design","jetpack-portfolio-type-arbeiten-aus-dem-modul","jetpack-portfolio-type-features","jetpack-portfolio-type-sommersemester-2024","jetpack-portfolio-type-verbale-kommunikation-in-der-praxis","empty-entry-meta","portfolio-entry"],"jetpack_publicize_connections":[],"jetpack_sharing_enabled":true,"_links":{"self":[{"href":"https:\/\/d.th-nuernberg.de\/vk\/wp-json\/wp\/v2\/jetpack-portfolio\/2431","targetHints":{"allow":["GET"]}}],"collection":[{"href":"https:\/\/d.th-nuernberg.de\/vk\/wp-json\/wp\/v2\/jetpack-portfolio"}],"about":[{"href":"https:\/\/d.th-nuernberg.de\/vk\/wp-json\/wp\/v2\/types\/jetpack-portfolio"}],"author":[{"embeddable":true,"href":"https:\/\/d.th-nuernberg.de\/vk\/wp-json\/wp\/v2\/users\/4"}],"replies":[{"embeddable":true,"href":"https:\/\/d.th-nuernberg.de\/vk\/wp-json\/wp\/v2\/comments?post=2431"}],"version-history":[{"count":8,"href":"https:\/\/d.th-nuernberg.de\/vk\/wp-json\/wp\/v2\/jetpack-portfolio\/2431\/revisions"}],"predecessor-version":[{"id":2483,"href":"https:\/\/d.th-nuernberg.de\/vk\/wp-json\/wp\/v2\/jetpack-portfolio\/2431\/revisions\/2483"}],"wp:attachment":[{"href":"https:\/\/d.th-nuernberg.de\/vk\/wp-json\/wp\/v2\/media?parent=2431"}],"wp:term":[{"taxonomy":"jetpack-portfolio-type","embeddable":true,"href":"https:\/\/d.th-nuernberg.de\/vk\/wp-json\/wp\/v2\/jetpack-portfolio-type?post=2431"},{"taxonomy":"jetpack-portfolio-tag","embeddable":true,"href":"https:\/\/d.th-nuernberg.de\/vk\/wp-json\/wp\/v2\/jetpack-portfolio-tag?post=2431"}],"curies":[{"name":"wp","href":"https:\/\/api.w.org\/{rel}","templated":true}]}}

<div class="entry-content">
<h4><strong>Songwriting again &#8211; Punk und Lied, Deutsch und Englisch, Sound und Sinn</strong></h4>
<audio class="wp-audio-shortcode" id="audio-2431-1" preload="none" style="width: 100%;" controls="controls"><source type="audio/mpeg" src="https://d.th-nuernberg.de/vk/wp-content/uploads/sites/2/2024/09/Songwriting-again_Punk-und-Lied.mp3?_=1" /><a href="https://d.th-nuernberg.de/vk/wp-content/uploads/sites/2/2024/09/Songwriting-again_Punk-und-Lied.mp3">https://d.th-nuernberg.de/vk/wp-content/uploads/sites/2/2024/09/Songwriting-again_Punk-und-Lied.mp3</a></audio>
<p>Punk oder Liedermacher? Turbostaat und Lattekohlertor? &#8211; Oder: Little Motte? &#8211; Denn: „Weine nicht, kleine Motte”. Musikprojekte und Songs gibt es in allen Kontexten, Größen und Formen, allen Instrumentierungen und Gefühlslagen. Und fürs Singen zu schreiben, hat ganz Praktisches, aber auch einiges Rätselhafte.</p>
<p>Was denkt man, wenn sich Bohnen auf Kanonen reimen? Und für was entscheidet man sich: für Bedeutung oder Klang? Deutsch oder Englisch? Und wie häufig findet man sich in derselben Situation wieder, wenn man eine Idee für einen Song hat?</p>
<blockquote><p>„Das kann ich jetzt so speziell nicht sagen. Ich kann aber sagen, dass Bewegung immer irgendwann mit ihm ins Spiel kommt. Also ob man nun auf, auf und ab hüpft, durch die Wohnung oder die Straße hinab läuft oder irgendwie richtig lange Fahrrad fährt oder oder sowas. Also Bewegung setzt immer ja natürlich das Gehirn in Gang. Dementsprechend hilft das immer ungemein.“ (Marten Ebsen, Gitarrist und Songwriter in der Punkrockband Turbostaat, und Solo als Lattekohlertor)</p>
<p>„Und dann will ich das quasi verstehen, wie die Menschen das machen, wie die Musiker das machen. Da dann quasi möchte ich dann eben entschlüsseln, quasi wie das gemacht wird und deswegen lerne ich es dann auch selbst.“ (Philipp Straßner, Singer-Songwriter und Multi-Instrumentalist)</p>
<p>„Na ja, ganz sicher liegt es daran, dass ich selber Musik gehört habe, die deutschsprachig war, was zu der Zeit noch ungewöhnlicher war. Bzw überhaupt nicht gern gesehen bei Popmusik oder in der Rockmusik im allgemeinen. Also da haben auch die meisten Leute die Nase drüber richtig gerümpft. Aber in der Punkszene war es halt völlig normal, auf Deutsch zu singen. Weil man sich ja auch irgendwie verständlich machen wollte, in Anführungsstrichen, oder irgendetwas aussagen möchte. Und wenn&#8217;s nur Unsinn ist.“ (Marten Ebsen, Gitarrist und Songwriter in der Punkrockband Turbostaat, und Solo als Lattekohlertor)</p>
<p>„Und da ist es dann oft so, dass ich auch teilweise einfach anfange zu singen oder zu reden und das muss dann nicht nicht mal Sinn ergeben. Also es müssen keine echten Worte sein, sondern einfach, dass man von der Phonetik das erstmal rauskriegt aus sich, was man sich gerade vorstellt. Und dann kommt eher erst im Nachhinein so tatsächlich Bedeutung in die Worte.“ (Philipp Straßner, Singer-Songwriter und Multi-Instrumentalist)</p>
<p>„Also zum Beispiel, wenn wir mit Turbostaat Musik machen und ich schreibe für Turbostaat, dann weiß ich schon über die ganzen Mimositäten der einzelnen Teilnehmer. Was sie mögen, was sie nicht mögen, was der Sänger gerne singt, was er nicht kann, was er gerne könnte. All diese Sachen, die beschränken mich natürlich schon enorm. Aber nee, also eine gewisse Art von Beschränktheit oder so ist auch immer gut.“ Marten Ebsen, Gitarrist und Songwriter in der Punkrockband Turbostaat, und Solo als Lattekohlertor)</p>
<p>„Dann sage ich jetzt nur noch wertvolle Dinge: Wertvolle Dinge. Wertvolle Dinge. Wertvolle Dinge. Wertvolle Dinge.“ (Philipp Straßner, Singer-Songwriter und Multi-Instrumentalist)</p>
<hr />
</blockquote>
<p><small>Nüssmann, Patrick: Songwriting again &#8211; Punk und Lied, Deutsch und Englisch, Sound und Sinn. Ein Audio-Feature. Nach Interviews mit Marten Ebsen, Gitarrist und Songwriter in der Punkrockband Turbostaat und Solo als Lattekohlerto, und Philipp Straßner, Singer-Songwriter und Multi-Instrumentalist. Gesprochen von Hermann Grosseberg. Mit Musik-Ausschnitten von Philipp Straßner und Musik von Patrick Nüssmann. Sommersemester 2024 v. 27. Juli 2024 (= „Tell me about that …“ Creativity, Design and Media, Language and Writing. Verbale Kommunikation in der Praxis. Ein Podcast-Projekt; Nr. 086). – Dauer: 15:00 Min. – Quelle: https://d.th-nuernberg.de/vk/portfolio/songwriting-again-punk-und-lied-deutsch-und-englisch-sound-und-sinn/ </small></p>
<p><small> </small></p>
</div>

<p>Songwriting again &#8211; Punk und Lied, Deutsch und Englisch, Sound und Sinn https://d.th-nuernberg.de/vk/wp-content/uploads/sites/2/2024/09/Songwriting-again_Punk-und-Lied.mp3 Punk oder Liedermacher? Turbostaat und Lattekohlertor? &#8211; Oder: Little Motte? &#8211; Denn: „Weine nicht, kleine Motte”. Musikprojekte und Songs gibt es in allen Kontexten, Größen und Formen, allen Instrumentierungen und Gefühlslagen. Und fürs Singen zu schreiben, hat ganz Praktisches, aber auch einiges&hellip;</p>
