{"id":2420,"date":"2024-07-28T12:50:30","date_gmt":"2024-07-28T11:50:30","guid":{"rendered":"https:\/\/d.th-nuernberg.de\/vk\/?post_type=jetpack-portfolio&#038;p=2420"},"modified":"2024-09-25T20:11:43","modified_gmt":"2024-09-25T19:11:43","slug":"medientransfer-das-arbeiten-mit-werken-anderer-literatur-film-serie","status":"publish","type":"jetpack-portfolio","link":"https:\/\/d.th-nuernberg.de\/vk\/portfolio\/medientransfer-das-arbeiten-mit-werken-anderer-literatur-film-serie\/","title":{"rendered":"Medientransfer. Das Arbeiten mit Werken anderer \u2013 Literatur, Film, Serie, Comic, Song"},"content":{"rendered":"<h4><strong>Medientransfer. Das Arbeiten mit Werken anderer \u2013 Literatur, Film, Serie, Comic, Song<br \/>\n<\/strong><\/h4>\n<audio class=\"wp-audio-shortcode\" id=\"audio-2420-1\" preload=\"none\" style=\"width: 100%;\" controls=\"controls\"><source type=\"audio\/mpeg\" src=\"https:\/\/d.th-nuernberg.de\/vk\/wp-content\/uploads\/sites\/2\/2024\/09\/Medientransfer.mp3?_=1\" \/><a href=\"https:\/\/d.th-nuernberg.de\/vk\/wp-content\/uploads\/sites\/2\/2024\/09\/Medientransfer.mp3\">https:\/\/d.th-nuernberg.de\/vk\/wp-content\/uploads\/sites\/2\/2024\/09\/Medientransfer.mp3<\/a><\/audio>\n<p>Medientransfer? Etwas bearbeiten, etwas angleichen, aufeinander abstimmen, integrieren. Etwas passt sich an etwas anderes an.<\/p>\n<p>Den Fachbegriff \u201eAdaption\u201d findet man in der Biologie, aber auch in Literatur und Medien. All das a\u0308hnelt sich in einem Punkt: Etwas muss sich an eine neue Umgebung anpassen. Ob nun eine Pflanze in einem ver\u00e4nderten Klima \u00fcberleben kann. Oder eine Geschichte aus einem Buch im Kino ein neues Publikum gewinnen soll.<\/p>\n<p>Wenn zum Beispiel aus Literatur ein Film oder eine Serie, aus einem Roman ein Comic, aus einem Song ein Musikvideo werden soll, ist das ein faszinierender Prozess, aber immer auch ein Wagnis. Denn wie h\u00e4ufig sind Fans entt\u00e4uscht oder bemerken, was ver\u00e4ndert, was hinzugekommen ist oder was weggelassen wurde, was sich so im anderen Medium nicht ausdr\u00fccken lie\u00df oder was pl\u00f6tzlich ganz anders interpretiert wird.<\/p>\n<blockquote><p>\u201eDer Unterschied der zwei Medien [Literatur und Film] ist einfach so gewaltig. Erz\u00e4hlungen, die in dritter Person oder vor allem in der Ich-Perspektive f\u00fcr ein Buch geschrieben wurden, schaffen sofort ein Problem f\u00fcr die \u00dcbersetzung ins Kino. Weil man so viele Seiten verwenden kann, um einen einzigen Moment zu beschreiben, den eine Figur erlebt. Und man stellt sich die Frage: Was bedeutet das f\u00fcr die \u00dcbersetzung ins Kino? Kann das \u00fcberhaupt f\u00fcrs Kino \u00fcbersetzt werden?\u201c (Kevin Phillips, Regisseur und Filmemacher)<\/p>\n<p>\u201eJa, wenn man das Buch ernst nimmt und seine Charaktere liebt. Dann glaube ich, holst du die Leute ab. [&#8230;] Was aber bedeutet, dieser Charakter \u00e4ndert sich, und das muss man miteinander kommunizieren. Und da muss man sich auch die Zeit nehmen, die Charaktere kennenzulernen. Ich glaube, das ist das Wichtigste.\u201c (Prof. Lucia Scharbatke, Film-Produzentin und Professorin an der Fakult\u00e4t Design der Ohm, der TH N\u00fcrnberg f\u00fcr das Modul Film und Animation)<\/p>\n<p>\u201eDas ist mir eigentlich am liebsten. Also wenn jemand anderes die Textadaption macht, ich dann am Ende dann noch mal dru\u0308bergehen kann und einfach Dinge auch \u00e4ndern kann. Also das erfordert nat\u00fcrlich dann auch eine gewisse Bereitschaft auf Seiten des Autors oder der Autorin oder der Zeichnerin oder des Zeichners [einer Comic-Adaption], mit denen man da zusammenarbeitet, dass man da eben noch mal rangehen kann und dass ich auch nachher noch Dinge dazu sagen kann.\u201c (Kai Meyer, deutscher Bestseller- und Phantastik-Autor)<\/p>\n<p>\u201eIch bin der \u00dcberzeugung alles kann adaptiert werden. Aber nicht jeder kann alles adaptieren\u201c (Emil Hofmann, Filmemacher und Design-Studierender an der Ohm in N\u00fcrnberg)<\/p>\n<hr \/>\n<\/blockquote>\n<p><small>Dietrich, Moritz\/ Daniela Fu\u00df\/ Eva Ringer\/ Nina Wesselath: Medientransfer. Das Arbeiten mit Werken anderer \u2013 Literatur, Film, Serie, Comic, Song. Ein Audio-Feature. Nach Interviews mit Emil Hofmann, Filmemacher und Design-Studierender, Kai Meyer, deutscher Bestseller- und Phantastik-Autor, Kevin Phillips, Regisseur und Filmemacher, und Prof. Lucia Scharbatke, Film-Produzentin und Professorin f\u00fcr Film &amp; Animation an der TH N\u00fcrnberg, Gesprochen von Henrike Krau\u00df und Moritz Dietrich. Sommersemester 2024 v. 26. Juli 2024 (= \u201eTell me about that \u2026\u201c Creativity, Design and Media, Language and Writing. Verbale Kommunikation in der Praxis. Ein Podcast-Projekt; Nr. 085). \u2013 Dauer: 15:00 Min. \u2013 Quelle: https:\/\/d.th-nuernberg.de\/vk\/portfolio\/medientransfer-das-arbeiten-mit-werken-anderer-literatur-film-serie\/<\/small><\/p>\n<p><small>Joe Kora, Eben Stone, Amon Turner \u2013 <a href=\"https:\/\/soundcloud.com\/ebenstone\/a-twinkle-in-the-matrix\">\u201eA twinkle in the matrix\u201c<\/a> [Instrumental]<\/small><\/p>\n","protected":false},"excerpt":{"rendered":"<p>Medientransfer. Das Arbeiten mit Werken anderer \u2013 Literatur, Film, Serie, Comic, Song https:\/\/d.th-nuernberg.de\/vk\/wp-content\/uploads\/sites\/2\/2024\/09\/Medientransfer.mp3 Medientransfer? Etwas bearbeiten, etwas angleichen, aufeinander abstimmen, integrieren. Etwas passt sich an etwas anderes an. Den Fachbegriff \u201eAdaption\u201d findet man in der Biologie, aber auch in Literatur und Medien. All das a\u0308hnelt sich in einem Punkt: Etwas muss sich an eine neue&hellip;<\/p>\n","protected":false},"author":4,"featured_media":0,"comment_status":"closed","ping_status":"closed","template":"","format":"standard","meta":{"jetpack_post_was_ever_published":false,"footnotes":"","jetpack_publicize_message":"","jetpack_publicize_feature_enabled":true,"jetpack_social_post_already_shared":true,"jetpack_social_options":{"image_generator_settings":{"template":"highway","default_image_id":0,"font":"","enabled":false},"version":2}},"jetpack-portfolio-type":[24,13,9,80,23],"jetpack-portfolio-tag":[],"class_list":["post-2420","jetpack-portfolio","type-jetpack-portfolio","status-publish","format-standard","hentry","jetpack-portfolio-type-3-semester-angewandtes-design","jetpack-portfolio-type-arbeiten-aus-dem-modul","jetpack-portfolio-type-features","jetpack-portfolio-type-sommersemester-2024","jetpack-portfolio-type-verbale-kommunikation-in-der-praxis","empty-entry-meta","portfolio-entry"],"jetpack_publicize_connections":[],"jetpack_sharing_enabled":true,"_links":{"self":[{"href":"https:\/\/d.th-nuernberg.de\/vk\/wp-json\/wp\/v2\/jetpack-portfolio\/2420","targetHints":{"allow":["GET"]}}],"collection":[{"href":"https:\/\/d.th-nuernberg.de\/vk\/wp-json\/wp\/v2\/jetpack-portfolio"}],"about":[{"href":"https:\/\/d.th-nuernberg.de\/vk\/wp-json\/wp\/v2\/types\/jetpack-portfolio"}],"author":[{"embeddable":true,"href":"https:\/\/d.th-nuernberg.de\/vk\/wp-json\/wp\/v2\/users\/4"}],"replies":[{"embeddable":true,"href":"https:\/\/d.th-nuernberg.de\/vk\/wp-json\/wp\/v2\/comments?post=2420"}],"version-history":[{"count":16,"href":"https:\/\/d.th-nuernberg.de\/vk\/wp-json\/wp\/v2\/jetpack-portfolio\/2420\/revisions"}],"predecessor-version":[{"id":2484,"href":"https:\/\/d.th-nuernberg.de\/vk\/wp-json\/wp\/v2\/jetpack-portfolio\/2420\/revisions\/2484"}],"wp:attachment":[{"href":"https:\/\/d.th-nuernberg.de\/vk\/wp-json\/wp\/v2\/media?parent=2420"}],"wp:term":[{"taxonomy":"jetpack-portfolio-type","embeddable":true,"href":"https:\/\/d.th-nuernberg.de\/vk\/wp-json\/wp\/v2\/jetpack-portfolio-type?post=2420"},{"taxonomy":"jetpack-portfolio-tag","embeddable":true,"href":"https:\/\/d.th-nuernberg.de\/vk\/wp-json\/wp\/v2\/jetpack-portfolio-tag?post=2420"}],"curies":[{"name":"wp","href":"https:\/\/api.w.org\/{rel}","templated":true}]}}

<h4><strong>Medientransfer. Das Arbeiten mit Werken anderer – Literatur, Film, Serie, Comic, Song<br />
</strong></h4>
<audio class="wp-audio-shortcode" id="audio-2420-1" preload="none" style="width: 100%;" controls="controls"><source type="audio/mpeg" src="https://d.th-nuernberg.de/vk/wp-content/uploads/sites/2/2024/09/Medientransfer.mp3?_=1" /><a href="https://d.th-nuernberg.de/vk/wp-content/uploads/sites/2/2024/09/Medientransfer.mp3">https://d.th-nuernberg.de/vk/wp-content/uploads/sites/2/2024/09/Medientransfer.mp3</a></audio>
<p>Medientransfer? Etwas bearbeiten, etwas angleichen, aufeinander abstimmen, integrieren. Etwas passt sich an etwas anderes an.</p>
<p>Den Fachbegriff „Adaption” findet man in der Biologie, aber auch in Literatur und Medien. All das ähnelt sich in einem Punkt: Etwas muss sich an eine neue Umgebung anpassen. Ob nun eine Pflanze in einem veränderten Klima überleben kann. Oder eine Geschichte aus einem Buch im Kino ein neues Publikum gewinnen soll.</p>
<p>Wenn zum Beispiel aus Literatur ein Film oder eine Serie, aus einem Roman ein Comic, aus einem Song ein Musikvideo werden soll, ist das ein faszinierender Prozess, aber immer auch ein Wagnis. Denn wie häufig sind Fans enttäuscht oder bemerken, was verändert, was hinzugekommen ist oder was weggelassen wurde, was sich so im anderen Medium nicht ausdrücken ließ oder was plötzlich ganz anders interpretiert wird.</p>
<blockquote><p>„Der Unterschied der zwei Medien [Literatur und Film] ist einfach so gewaltig. Erzählungen, die in dritter Person oder vor allem in der Ich-Perspektive für ein Buch geschrieben wurden, schaffen sofort ein Problem für die Übersetzung ins Kino. Weil man so viele Seiten verwenden kann, um einen einzigen Moment zu beschreiben, den eine Figur erlebt. Und man stellt sich die Frage: Was bedeutet das für die Übersetzung ins Kino? Kann das überhaupt fürs Kino übersetzt werden?“ (Kevin Phillips, Regisseur und Filmemacher)</p>
<p>„Ja, wenn man das Buch ernst nimmt und seine Charaktere liebt. Dann glaube ich, holst du die Leute ab. [&#8230;] Was aber bedeutet, dieser Charakter ändert sich, und das muss man miteinander kommunizieren. Und da muss man sich auch die Zeit nehmen, die Charaktere kennenzulernen. Ich glaube, das ist das Wichtigste.“ (Prof. Lucia Scharbatke, Film-Produzentin und Professorin an der Fakultät Design der Ohm, der TH Nürnberg für das Modul Film und Animation)</p>
<p>„Das ist mir eigentlich am liebsten. Also wenn jemand anderes die Textadaption macht, ich dann am Ende dann noch mal drübergehen kann und einfach Dinge auch ändern kann. Also das erfordert natürlich dann auch eine gewisse Bereitschaft auf Seiten des Autors oder der Autorin oder der Zeichnerin oder des Zeichners [einer Comic-Adaption], mit denen man da zusammenarbeitet, dass man da eben noch mal rangehen kann und dass ich auch nachher noch Dinge dazu sagen kann.“ (Kai Meyer, deutscher Bestseller- und Phantastik-Autor)</p>
<p>„Ich bin der Überzeugung alles kann adaptiert werden. Aber nicht jeder kann alles adaptieren“ (Emil Hofmann, Filmemacher und Design-Studierender an der Ohm in Nürnberg)</p>
<hr />
</blockquote>
<p><small>Dietrich, Moritz/ Daniela Fuß/ Eva Ringer/ Nina Wesselath: Medientransfer. Das Arbeiten mit Werken anderer – Literatur, Film, Serie, Comic, Song. Ein Audio-Feature. Nach Interviews mit Emil Hofmann, Filmemacher und Design-Studierender, Kai Meyer, deutscher Bestseller- und Phantastik-Autor, Kevin Phillips, Regisseur und Filmemacher, und Prof. Lucia Scharbatke, Film-Produzentin und Professorin für Film &amp; Animation an der TH Nürnberg, Gesprochen von Henrike Krauß und Moritz Dietrich. Sommersemester 2024 v. 26. Juli 2024 (= „Tell me about that …“ Creativity, Design and Media, Language and Writing. Verbale Kommunikation in der Praxis. Ein Podcast-Projekt; Nr. 085). – Dauer: 15:00 Min. – Quelle: https://d.th-nuernberg.de/vk/portfolio/medientransfer-das-arbeiten-mit-werken-anderer-literatur-film-serie/</small></p>
<p><small>Joe Kora, Eben Stone, Amon Turner – <a href="https://soundcloud.com/ebenstone/a-twinkle-in-the-matrix">„A twinkle in the matrix“</a> [Instrumental]</small></p>
