{"id":2383,"date":"2024-02-15T22:18:08","date_gmt":"2024-02-15T21:18:08","guid":{"rendered":"https:\/\/d.th-nuernberg.de\/vk\/?post_type=jetpack-portfolio&#038;p=2383"},"modified":"2024-03-20T00:28:03","modified_gmt":"2024-03-19T23:28:03","slug":"be-scared-and-do-it-anyway-mut-im-design-selbststaendigkeit-und-freies-arbeiten","status":"publish","type":"jetpack-portfolio","link":"https:\/\/d.th-nuernberg.de\/vk\/portfolio\/be-scared-and-do-it-anyway-mut-im-design-selbststaendigkeit-und-freies-arbeiten\/","title":{"rendered":"\u201eBe scared and do it anyway\u201c &#8211; Mut im Design, Selbstst\u00e4ndigkeit und freies Arbeiten"},"content":{"rendered":"<h4><strong>\u201eBe scared and do it anyway\u201c &#8211; Mut im Design, Selbstst\u00e4ndigkeit und freies Arbeiten<br \/>\n<\/strong><\/h4>\n<audio class=\"wp-audio-shortcode\" id=\"audio-2383-1\" preload=\"none\" style=\"width: 100%;\" controls=\"controls\"><source type=\"audio\/mpeg\" src=\"https:\/\/d.th-nuernberg.de\/vk\/wp-content\/uploads\/sites\/2\/2024\/03\/Mut-im-Design.mp3?_=1\" \/><a href=\"https:\/\/d.th-nuernberg.de\/vk\/wp-content\/uploads\/sites\/2\/2024\/03\/Mut-im-Design.mp3\">https:\/\/d.th-nuernberg.de\/vk\/wp-content\/uploads\/sites\/2\/2024\/03\/Mut-im-Design.mp3<\/a><\/audio>\n<p>Nur ja keine falschen Entscheidungen treffen. Eine \u201esichere\u201c Zukunft w\u00e4hlen. &#8211; Doch was ist mit den Menschen, die ein Risiko eingehen? Und wie traut man sich das?<\/p>\n<p>Was sind die Facetten, Tiefen und entscheidenden Momente, die Mut ausmachen? Dazu haben wir Menschen aus Kreativbranchen befragt, konkret aus Journalismus und Medienarbeit, Fotografie und Produktdesign.<\/p>\n<p>Wo lauern Gefahren und \u00c4ngste? Und wie viel Risiken braucht es, um sich zu entwickeln? Vielleicht auch, um ein lebenswertes Leben zu f\u00fchren?<\/p>\n<blockquote><p>\u201eWenn du checkst, was du gut kannst, ist es irgendwie auch deine Pflicht, das zu nutzen. W\u00fcrden das mehr Menschen tun, w\u00fcrden wir in einer ganz anderen Gesellschaft leben.\u201c (Stephie Braun (eigentlich: Stephanie) Braun, Fotografin \u2013 Editorial and Commercial, photo books with free artistic work and texts)<\/p>\n<p>\u201eAlso ja, wenn ich ehrlich bin, &#8230; ja, viele Leute sagen, das war irgendwie mutig. Aber ich habe auch &#8230; das Gef\u00fchl, da steckt halt auch einfach so eine Naivit\u00e4t dahinter. So eine junge Naivit\u00e4t, sich nicht bewusst zu machen, in was f\u00fcr eine gef\u00e4hrliche Situation man sich da eigentlich begibt.\u201c (Noah Sari, Journalist und Podcaster, Webvideopreis f\u00fcr Y-Kollektiv)<\/p>\n<p>\u201eIch w\u00fcrde die Frage gerne so auffassen und sagen &#8211; oder behaupten, dass Designer immer mutig sein m\u00fcssen. &#8230; das Ziel im Produktdesign sollte sein, dass man etwas kreiert, das man was Neues schafft oder zumindest was Bestehendes verbessert. Und dazu braucht man immer Mut.\u201c (Lisa Nadler, Produktdesignerin)<\/p>\n<hr \/>\n<\/blockquote>\n<p><small>Brumberger, Clara\/ Anna Scharmberg\/ Luisa Raab: \u201cbe scared and do it anyway\u201d. Mut im Design, Selbstst\u00e4ndigkeit und freies Arbeiten. Ein Feature. Nach Interviews mit Noah Sari, Journalist und Podcaster, Webvideopreis f\u00fcr Y-Kollektiv, Stephie Braun (eigentlich: Stephanie) Braun, Fotografin \u2013 Editorial and Commercial, photo books with free artistic work and texts, Lisa Nadler, Produktdesignerin. Gesprochen von Lara Aichinger. Wintersemester 2023\/2024 (= \u201eTell me about that \u2026\u201c Creativity, Design and Media, Language and Writing. Verbale Kommunikation in der Praxis. Ein Podcast-Projekt; Nr. 82). \u2013 Dauer: 15:00 Min. \u2013 Quelle: https:\/\/d.th-nuernberg.de\/vk\/portfolio\/be-scared-and-do-it-anyway-mut-im-design-selbststaendigkeit-und-freies-arbeiten\/ <\/small><\/p>\n<p><small>Fantasy Magic &#8211; LiteSaturatio &#8211; und &#8211; Inspirational Background &#8211; AudioCoffee &#8211; https:\/\/pixabay.com\/de\/music\/<\/small><\/p>\n","protected":false},"excerpt":{"rendered":"<p>\u201eBe scared and do it anyway\u201c &#8211; Mut im Design, Selbstst\u00e4ndigkeit und freies Arbeiten https:\/\/d.th-nuernberg.de\/vk\/wp-content\/uploads\/sites\/2\/2024\/03\/Mut-im-Design.mp3 Nur ja keine falschen Entscheidungen treffen. Eine \u201esichere\u201c Zukunft w\u00e4hlen. &#8211; Doch was ist mit den Menschen, die ein Risiko eingehen? Und wie traut man sich das? Was sind die Facetten, Tiefen und entscheidenden Momente, die Mut ausmachen? Dazu haben&hellip;<\/p>\n","protected":false},"author":4,"featured_media":0,"comment_status":"closed","ping_status":"closed","template":"","format":"standard","meta":{"jetpack_post_was_ever_published":false,"footnotes":"","jetpack_publicize_message":"","jetpack_publicize_feature_enabled":true,"jetpack_social_post_already_shared":true,"jetpack_social_options":{"image_generator_settings":{"template":"highway","default_image_id":0,"font":"","enabled":false},"version":2}},"jetpack-portfolio-type":[24,13,23,76],"jetpack-portfolio-tag":[],"class_list":["post-2383","jetpack-portfolio","type-jetpack-portfolio","status-publish","format-standard","hentry","jetpack-portfolio-type-3-semester-angewandtes-design","jetpack-portfolio-type-arbeiten-aus-dem-modul","jetpack-portfolio-type-verbale-kommunikation-in-der-praxis","jetpack-portfolio-type-wintersemester-2022-2023","empty-entry-meta","portfolio-entry"],"jetpack_publicize_connections":[],"jetpack_sharing_enabled":true,"_links":{"self":[{"href":"https:\/\/d.th-nuernberg.de\/vk\/wp-json\/wp\/v2\/jetpack-portfolio\/2383","targetHints":{"allow":["GET"]}}],"collection":[{"href":"https:\/\/d.th-nuernberg.de\/vk\/wp-json\/wp\/v2\/jetpack-portfolio"}],"about":[{"href":"https:\/\/d.th-nuernberg.de\/vk\/wp-json\/wp\/v2\/types\/jetpack-portfolio"}],"author":[{"embeddable":true,"href":"https:\/\/d.th-nuernberg.de\/vk\/wp-json\/wp\/v2\/users\/4"}],"replies":[{"embeddable":true,"href":"https:\/\/d.th-nuernberg.de\/vk\/wp-json\/wp\/v2\/comments?post=2383"}],"version-history":[{"count":7,"href":"https:\/\/d.th-nuernberg.de\/vk\/wp-json\/wp\/v2\/jetpack-portfolio\/2383\/revisions"}],"predecessor-version":[{"id":2410,"href":"https:\/\/d.th-nuernberg.de\/vk\/wp-json\/wp\/v2\/jetpack-portfolio\/2383\/revisions\/2410"}],"wp:attachment":[{"href":"https:\/\/d.th-nuernberg.de\/vk\/wp-json\/wp\/v2\/media?parent=2383"}],"wp:term":[{"taxonomy":"jetpack-portfolio-type","embeddable":true,"href":"https:\/\/d.th-nuernberg.de\/vk\/wp-json\/wp\/v2\/jetpack-portfolio-type?post=2383"},{"taxonomy":"jetpack-portfolio-tag","embeddable":true,"href":"https:\/\/d.th-nuernberg.de\/vk\/wp-json\/wp\/v2\/jetpack-portfolio-tag?post=2383"}],"curies":[{"name":"wp","href":"https:\/\/api.w.org\/{rel}","templated":true}]}}

„Be scared and do it anyway“ &#8211; Mut im Design, Selbstständigkeit und freies Arbeiten

<h4><strong>„Be scared and do it anyway“ &#8211; Mut im Design, Selbstständigkeit und freies Arbeiten<br />
</strong></h4>
<audio class="wp-audio-shortcode" id="audio-2383-1" preload="none" style="width: 100%;" controls="controls"><source type="audio/mpeg" src="https://d.th-nuernberg.de/vk/wp-content/uploads/sites/2/2024/03/Mut-im-Design.mp3?_=1" /><a href="https://d.th-nuernberg.de/vk/wp-content/uploads/sites/2/2024/03/Mut-im-Design.mp3">https://d.th-nuernberg.de/vk/wp-content/uploads/sites/2/2024/03/Mut-im-Design.mp3</a></audio>
<p>Nur ja keine falschen Entscheidungen treffen. Eine „sichere“ Zukunft wählen. &#8211; Doch was ist mit den Menschen, die ein Risiko eingehen? Und wie traut man sich das?</p>
<p>Was sind die Facetten, Tiefen und entscheidenden Momente, die Mut ausmachen? Dazu haben wir Menschen aus Kreativbranchen befragt, konkret aus Journalismus und Medienarbeit, Fotografie und Produktdesign.</p>
<p>Wo lauern Gefahren und Ängste? Und wie viel Risiken braucht es, um sich zu entwickeln? Vielleicht auch, um ein lebenswertes Leben zu führen?</p>
<blockquote><p>„Wenn du checkst, was du gut kannst, ist es irgendwie auch deine Pflicht, das zu nutzen. Würden das mehr Menschen tun, würden wir in einer ganz anderen Gesellschaft leben.“ (Stephie Braun (eigentlich: Stephanie) Braun, Fotografin – Editorial and Commercial, photo books with free artistic work and texts)</p>
<p>„Also ja, wenn ich ehrlich bin, &#8230; ja, viele Leute sagen, das war irgendwie mutig. Aber ich habe auch &#8230; das Gefühl, da steckt halt auch einfach so eine Naivität dahinter. So eine junge Naivität, sich nicht bewusst zu machen, in was für eine gefährliche Situation man sich da eigentlich begibt.“ (Noah Sari, Journalist und Podcaster, Webvideopreis für Y-Kollektiv)</p>
<p>„Ich würde die Frage gerne so auffassen und sagen &#8211; oder behaupten, dass Designer immer mutig sein müssen. &#8230; das Ziel im Produktdesign sollte sein, dass man etwas kreiert, das man was Neues schafft oder zumindest was Bestehendes verbessert. Und dazu braucht man immer Mut.“ (Lisa Nadler, Produktdesignerin)</p>
<hr />
</blockquote>
<p><small>Brumberger, Clara/ Anna Scharmberg/ Luisa Raab: “be scared and do it anyway”. Mut im Design, Selbstständigkeit und freies Arbeiten. Ein Feature. Nach Interviews mit Noah Sari, Journalist und Podcaster, Webvideopreis für Y-Kollektiv, Stephie Braun (eigentlich: Stephanie) Braun, Fotografin – Editorial and Commercial, photo books with free artistic work and texts, Lisa Nadler, Produktdesignerin. Gesprochen von Lara Aichinger. Wintersemester 2023/2024 (= „Tell me about that …“ Creativity, Design and Media, Language and Writing. Verbale Kommunikation in der Praxis. Ein Podcast-Projekt; Nr. 82). – Dauer: 15:00 Min. – Quelle: https://d.th-nuernberg.de/vk/portfolio/be-scared-and-do-it-anyway-mut-im-design-selbststaendigkeit-und-freies-arbeiten/ </small></p>
<p><small>Fantasy Magic &#8211; LiteSaturatio &#8211; und &#8211; Inspirational Background &#8211; AudioCoffee &#8211; https://pixabay.com/de/music/</small></p>

<p>„Be scared and do it anyway“ &#8211; Mut im Design, Selbstständigkeit und freies Arbeiten https://d.th-nuernberg.de/vk/wp-content/uploads/sites/2/2024/03/Mut-im-Design.mp3 Nur ja keine falschen Entscheidungen treffen. Eine „sichere“ Zukunft wählen. &#8211; Doch was ist mit den Menschen, die ein Risiko eingehen? Und wie traut man sich das? Was sind die Facetten, Tiefen und entscheidenden Momente, die Mut ausmachen? Dazu haben&hellip;</p>
