{"id":1112,"date":"2018-02-24T22:48:53","date_gmt":"2018-02-24T21:48:53","guid":{"rendered":"https:\/\/d.th-nuernberg.de\/vk\/?post_type=jetpack-portfolio&#038;p=1112"},"modified":"2020-02-12T19:16:19","modified_gmt":"2020-02-12T18:16:19","slug":"das-magazin-auch-gut-design-und-denken","status":"publish","type":"jetpack-portfolio","link":"https:\/\/d.th-nuernberg.de\/vk\/portfolio\/das-magazin-auch-gut-design-und-denken\/","title":{"rendered":"Das Magazin auch gut_ &#8211; Design und Denken"},"content":{"rendered":"<h4>auch gut_ &#8211; Design und Denken<\/h4>\n<p>Eine Aufgabe im sechsten Semester Verbale ist die intensive thematische Arbeit f\u00fcr ein Magazin. F\u00fcr <a href=\"https:\/\/d.th-nuernberg.de\/auchgut\/\">auch gut_ Design und Denken<\/a>, das Magazin der Fakult\u00e4t Design.<\/p>\n<p>Es geht um kluge, wohl recherchierte und gut lesbare Texte. Meist um Interviews, Reportagen und Essays.<\/p>\n<h5>Und was bedeutet das f\u00fcr die Studierenden?<\/h5>\n<p>Die einen fassen das &#8211; je nach Interessen und beruflichen Zielen &#8211; als Fortsetzung journalistischen Arbeitens und Textens auf, die anderen eher als angewandte \u00d6ffentlichkeitsarbeit, als willkommene \u00dcbung in Corporate Publishing oder Content Marketing. Durchaus auch: als Arbeit am eigenen Portfolio. Denn es mag zuweilen recht dienlich sein, ein anspruchsvolles, ausgezeichnet gestaltetes Magazin vorweisen zu k\u00f6nnen, an dem man mitgearbeitet hat.<\/p>\n<h5>Themen rund um Medien und Design<\/h5>\n<div class=\"elementor-element elementor-element-2597db7 elementor-column elementor-col-50 elementor-top-column\" data-id=\"2597db7\">\n<div class=\"elementor-column-wrap elementor-element-populated\">\n<div class=\"elementor-widget-wrap\">\n<div class=\"elementor-element elementor-element-bcf403b elementor-widget elementor-widget-image\" data-id=\"bcf403b\">\n<div class=\"elementor-widget-container\">\n<div class=\"elementor-image\"><img fetchpriority=\"high\" decoding=\"async\" class=\"attachment-large alignright\" src=\"https:\/\/d.th-nuernberg.de\/auchgut\/wp-content\/uploads\/sites\/21\/2018\/12\/Auch-Gut-1-Stapel-und-aufgestellt-943x1024.jpg\" alt=\"\" width=\"548\" height=\"595\" \/><\/div>\n<\/div>\n<\/div>\n<\/div>\n<\/div>\n<\/div>\n<p>Wir befassen uns mit gro\u00dfen Themen in Sachen Medien und Design.<\/p>\n<p>Mit sujets wie &#8222;Zukunft&#8220;, &#8222;Medien, Design &#8211; und die Folgen&#8220;, &#8222;Verantwortung&#8220; und vielen mehr.<\/p>\n<p>Im Mittelpunkt stehen die Alltagskultur der Gegenwart, aber auch Prozesse der Ver\u00e4nderung, durch Gestaltung, Digitalisierung und Medien-Entwicklung. Und immer geht es um Hintergr\u00fcnde und Zusammenh\u00e4nge.<\/p>\n<p>Denn: Wie beeinflussen Gestaltung und Kommunikation unser Leben und Zusammenleben? Auf welche Wirkungen zielt das ab? Welche Folgen hat es? Wie ver\u00e4ndern sich Denk- und Arbeitsweisen? Und wie positionieren sich Gestalter und Medienmacher?<\/p>\n<p>Hier geht nichts ohne Denken und Transferdenken, ohne kr\u00e4ftiges Sch\u00fcrfen und tiefe Einblicke in Technik und Wirtschaft, Geschichte und Philosophie, ohne Lekt\u00fcre, Recherche, Analyse und Reflexion. Denn ein breites Wissen \u00fcber Design und Kunst, Kultur- und Medienwissenschaft ist ebenfalls gefragt.<\/p>\n<h5>Dieses Magazin ist das gro\u00dfe interdisziplin\u00e4re Projekt unserer Fakult\u00e4t<\/h5>\n<p>Mit auch gut_ &#8211; Design und Denken sind immer gleich mehrere Module befasst. Es wirkt modul\u00fcbergreifend und ist das gro\u00dfe interdisziplin\u00e4re Projekt unserer Fakult\u00e4t.<\/p>\n<div class=\"elementor-element elementor-element-b73e4d3 elementor-column elementor-col-50 elementor-top-column\" data-id=\"b73e4d3\">\n<div class=\"elementor-column-wrap elementor-element-populated\">\n<div class=\"elementor-widget-wrap\">\n<div class=\"elementor-element elementor-element-c735c97 elementor-widget elementor-widget-image\" data-id=\"c735c97\">\n<div class=\"elementor-widget-container\">\n<div class=\"elementor-image\"><img decoding=\"async\" class=\"attachment-large alignleft\" src=\"https:\/\/d.th-nuernberg.de\/auchgut\/wp-content\/uploads\/sites\/21\/2019\/12\/auch-gut_-2-Cover-S-869x1024.jpg\" alt=\"\" width=\"606\" height=\"714\" \/><\/div>\n<\/div>\n<\/div>\n<\/div>\n<\/div>\n<\/div>\n<p>Denn augenblicklich beteiligen sich &#8230;<\/p>\n<p>&#8230; neben Verbale Kommunikation f\u00fcr Thema und Konzept, Recherche und Texte, &#8230;<\/p>\n<p>&#8230; auch Illustration, Fotografie und CGI f\u00fcr\u00a0 ausdrucksstarke Bildstrecken.<\/p>\n<p>Und f\u00fcr die druckfertige Gestaltung des Heftes zeichnen Grafik Design und vor allem Typografie verantwortlich.<\/p>\n<p>Interaktionsdesign begleitet das Projekt durch themenbezogene, interaktive Webfeatures. &#8211; Und Raum- und Eventdesign k\u00fcmmert sich um einen ebenso stilvollen wie \u00fcberraschenden Launch der jeweils neuesten Ausgabe.<\/p>\n<p>&nbsp;<\/p>\n<p>&nbsp;<\/p>\n","protected":false},"excerpt":{"rendered":"<p>auch gut_ &#8211; Design und Denken Eine Aufgabe im sechsten Semester Verbale ist die intensive thematische Arbeit f\u00fcr ein Magazin. F\u00fcr auch gut_ Design und Denken, das Magazin der Fakult\u00e4t Design. Es geht um kluge, wohl recherchierte und gut lesbare Texte. Meist um Interviews, Reportagen und Essays. Und was bedeutet das f\u00fcr die Studierenden? Die&hellip;<\/p>\n","protected":false},"author":4,"featured_media":1669,"comment_status":"closed","ping_status":"closed","template":"","format":"standard","meta":{"jetpack_post_was_ever_published":false,"footnotes":"","jetpack_publicize_message":"","jetpack_publicize_feature_enabled":true,"jetpack_social_post_already_shared":true,"jetpack_social_options":{"image_generator_settings":{"template":"highway","default_image_id":0,"font":"","enabled":false},"version":2}},"jetpack-portfolio-type":[29,12,28],"jetpack-portfolio-tag":[],"class_list":["post-1112","jetpack-portfolio","type-jetpack-portfolio","status-publish","format-standard","has-post-thumbnail","hentry","jetpack-portfolio-type-6-semester-alltagskultur","jetpack-portfolio-type-projekte","jetpack-portfolio-type-publikationen-der-fakultaet","empty-entry-meta","portfolio-entry"],"jetpack_publicize_connections":[],"jetpack_sharing_enabled":true,"_links":{"self":[{"href":"https:\/\/d.th-nuernberg.de\/vk\/wp-json\/wp\/v2\/jetpack-portfolio\/1112","targetHints":{"allow":["GET"]}}],"collection":[{"href":"https:\/\/d.th-nuernberg.de\/vk\/wp-json\/wp\/v2\/jetpack-portfolio"}],"about":[{"href":"https:\/\/d.th-nuernberg.de\/vk\/wp-json\/wp\/v2\/types\/jetpack-portfolio"}],"author":[{"embeddable":true,"href":"https:\/\/d.th-nuernberg.de\/vk\/wp-json\/wp\/v2\/users\/4"}],"replies":[{"embeddable":true,"href":"https:\/\/d.th-nuernberg.de\/vk\/wp-json\/wp\/v2\/comments?post=1112"}],"version-history":[{"count":18,"href":"https:\/\/d.th-nuernberg.de\/vk\/wp-json\/wp\/v2\/jetpack-portfolio\/1112\/revisions"}],"predecessor-version":[{"id":1586,"href":"https:\/\/d.th-nuernberg.de\/vk\/wp-json\/wp\/v2\/jetpack-portfolio\/1112\/revisions\/1586"}],"wp:featuredmedia":[{"embeddable":true,"href":"https:\/\/d.th-nuernberg.de\/vk\/wp-json\/wp\/v2\/media\/1669"}],"wp:attachment":[{"href":"https:\/\/d.th-nuernberg.de\/vk\/wp-json\/wp\/v2\/media?parent=1112"}],"wp:term":[{"taxonomy":"jetpack-portfolio-type","embeddable":true,"href":"https:\/\/d.th-nuernberg.de\/vk\/wp-json\/wp\/v2\/jetpack-portfolio-type?post=1112"},{"taxonomy":"jetpack-portfolio-tag","embeddable":true,"href":"https:\/\/d.th-nuernberg.de\/vk\/wp-json\/wp\/v2\/jetpack-portfolio-tag?post=1112"}],"curies":[{"name":"wp","href":"https:\/\/api.w.org\/{rel}","templated":true}]}}

<h4>auch gut_ &#8211; Design und Denken</h4>
<p>Eine Aufgabe im sechsten Semester Verbale ist die intensive thematische Arbeit für ein Magazin. Für <a href="https://d.th-nuernberg.de/auchgut/">auch gut_ Design und Denken</a>, das Magazin der Fakultät Design.</p>
<p>Es geht um kluge, wohl recherchierte und gut lesbare Texte. Meist um Interviews, Reportagen und Essays.</p>
<h5>Und was bedeutet das für die Studierenden?</h5>
<p>Die einen fassen das &#8211; je nach Interessen und beruflichen Zielen &#8211; als Fortsetzung journalistischen Arbeitens und Textens auf, die anderen eher als angewandte Öffentlichkeitsarbeit, als willkommene Übung in Corporate Publishing oder Content Marketing. Durchaus auch: als Arbeit am eigenen Portfolio. Denn es mag zuweilen recht dienlich sein, ein anspruchsvolles, ausgezeichnet gestaltetes Magazin vorweisen zu können, an dem man mitgearbeitet hat.</p>
<h5>Themen rund um Medien und Design</h5>
<div class="elementor-element elementor-element-2597db7 elementor-column elementor-col-50 elementor-top-column" data-id="2597db7">
<div class="elementor-column-wrap elementor-element-populated">
<div class="elementor-widget-wrap">
<div class="elementor-element elementor-element-bcf403b elementor-widget elementor-widget-image" data-id="bcf403b">
<div class="elementor-widget-container">
<div class="elementor-image"><img fetchpriority="high" decoding="async" class="attachment-large alignright" src="https://d.th-nuernberg.de/auchgut/wp-content/uploads/sites/21/2018/12/Auch-Gut-1-Stapel-und-aufgestellt-943x1024.jpg" alt="" width="548" height="595" /></div>
</div>
</div>
</div>
</div>
</div>
<p>Wir befassen uns mit großen Themen in Sachen Medien und Design.</p>
<p>Mit sujets wie &#8222;Zukunft&#8220;, &#8222;Medien, Design &#8211; und die Folgen&#8220;, &#8222;Verantwortung&#8220; und vielen mehr.</p>
<p>Im Mittelpunkt stehen die Alltagskultur der Gegenwart, aber auch Prozesse der Veränderung, durch Gestaltung, Digitalisierung und Medien-Entwicklung. Und immer geht es um Hintergründe und Zusammenhänge.</p>
<p>Denn: Wie beeinflussen Gestaltung und Kommunikation unser Leben und Zusammenleben? Auf welche Wirkungen zielt das ab? Welche Folgen hat es? Wie verändern sich Denk- und Arbeitsweisen? Und wie positionieren sich Gestalter und Medienmacher?</p>
<p>Hier geht nichts ohne Denken und Transferdenken, ohne kräftiges Schürfen und tiefe Einblicke in Technik und Wirtschaft, Geschichte und Philosophie, ohne Lektüre, Recherche, Analyse und Reflexion. Denn ein breites Wissen über Design und Kunst, Kultur- und Medienwissenschaft ist ebenfalls gefragt.</p>
<h5>Dieses Magazin ist das große interdisziplinäre Projekt unserer Fakultät</h5>
<p>Mit auch gut_ &#8211; Design und Denken sind immer gleich mehrere Module befasst. Es wirkt modulübergreifend und ist das große interdisziplinäre Projekt unserer Fakultät.</p>
<div class="elementor-element elementor-element-b73e4d3 elementor-column elementor-col-50 elementor-top-column" data-id="b73e4d3">
<div class="elementor-column-wrap elementor-element-populated">
<div class="elementor-widget-wrap">
<div class="elementor-element elementor-element-c735c97 elementor-widget elementor-widget-image" data-id="c735c97">
<div class="elementor-widget-container">
<div class="elementor-image"><img decoding="async" class="attachment-large alignleft" src="https://d.th-nuernberg.de/auchgut/wp-content/uploads/sites/21/2019/12/auch-gut_-2-Cover-S-869x1024.jpg" alt="" width="606" height="714" /></div>
</div>
</div>
</div>
</div>
</div>
<p>Denn augenblicklich beteiligen sich &#8230;</p>
<p>&#8230; neben Verbale Kommunikation für Thema und Konzept, Recherche und Texte, &#8230;</p>
<p>&#8230; auch Illustration, Fotografie und CGI für  ausdrucksstarke Bildstrecken.</p>
<p>Und für die druckfertige Gestaltung des Heftes zeichnen Grafik Design und vor allem Typografie verantwortlich.</p>
<p>Interaktionsdesign begleitet das Projekt durch themenbezogene, interaktive Webfeatures. &#8211; Und Raum- und Eventdesign kümmert sich um einen ebenso stilvollen wie überraschenden Launch der jeweils neuesten Ausgabe.</p>
<p>&nbsp;</p>
<p>&nbsp;</p>

<p>auch gut_ &#8211; Design und Denken Eine Aufgabe im sechsten Semester Verbale ist die intensive thematische Arbeit für ein Magazin. Für auch gut_ Design und Denken, das Magazin der Fakultät Design. Es geht um kluge, wohl recherchierte und gut lesbare Texte. Meist um Interviews, Reportagen und Essays. Und was bedeutet das für die Studierenden? Die&hellip;</p>
