{"id":1110,"date":"2018-02-24T22:33:36","date_gmt":"2018-02-24T21:33:36","guid":{"rendered":"https:\/\/d.th-nuernberg.de\/vk\/?post_type=jetpack-portfolio&#038;p=1110"},"modified":"2026-02-24T14:13:48","modified_gmt":"2026-02-24T13:13:48","slug":"freie-projekte","status":"publish","type":"jetpack-portfolio","link":"https:\/\/d.th-nuernberg.de\/vk\/portfolio\/freie-projekte\/","title":{"rendered":"EIGENE ARBEITEN &#8211; Freie Projekte"},"content":{"rendered":"<p>&nbsp;<\/p>\n<h4>Freie Wahl in Sachen Verbale<\/h4>\n<p>Das sechste Semester Verbale Kommunikation bietet Platz f\u00fcr EIGENE ARBEITEN &#8211; will sagen: Freie Projekte.<\/p>\n<p>Denn was wurde bisher aufgeschoben? An was hat man sich noch nicht heran gewagt? Wo f\u00fchlt man sich noch unsicher &#8211; oder ganz besonders sicher? Was hat einen schon immer interessiert? Was will man noch lernen? Was unterst\u00fctzt einen, bei eigenen Projekten? Was hilft in den anderen Modulen? Womit m\u00f6chte man \u00fcber sich hinauswachsen? Was hat man noch nie probiert?<\/p>\n<p>Hier sind der Phantasie kaum Grenzen gesetzt. Und je nach eigenem Mut und Vorlieben gibt es viele Herangehensweisen an diese besondere Aufgabe.<\/p>\n<p>Manche verstehen unter dem Freien Projekt im sechsten Semester etwas sehr K\u00fcnstlerisches, nachgerade Avantgardistisches. Andere interessieren sich f\u00fcr etwas, dass sie ganz handfest gebrauchen, anwenden, nutzen k\u00f6nnen.<\/p>\n<p>Hier lassen sich der Umgang mit Textsorten und Formen vertiefen, die man vorher schon kennengelernt hat, aber auch neue Formen, Gattungen und Genres ausprobieren.<\/p>\n<p>Nach dem Praktikum, aber kurz vor dem Ende des Studiums und vor der Bachelorarbeit ist hier noch einmal der Umgang mit eigenen Themen und Interessen m\u00f6glich.<\/p>\n<p>&nbsp;<\/p>\n","protected":false},"excerpt":{"rendered":"<p>&nbsp; Freie Wahl in Sachen Verbale Das sechste Semester Verbale Kommunikation bietet Platz f\u00fcr EIGENE ARBEITEN &#8211; will sagen: Freie Projekte. Denn was wurde bisher aufgeschoben? An was hat man sich noch nicht heran gewagt? Wo f\u00fchlt man sich noch unsicher &#8211; oder ganz besonders sicher? Was hat einen schon immer interessiert? Was will man&hellip;<\/p>\n","protected":false},"author":4,"featured_media":0,"comment_status":"closed","ping_status":"closed","template":"","format":"standard","meta":{"jetpack_post_was_ever_published":false,"footnotes":"","jetpack_publicize_message":"","jetpack_publicize_feature_enabled":true,"jetpack_social_post_already_shared":true,"jetpack_social_options":{"image_generator_settings":{"template":"highway","default_image_id":0,"font":"","enabled":false},"version":2}},"jetpack-portfolio-type":[29],"jetpack-portfolio-tag":[],"class_list":["post-1110","jetpack-portfolio","type-jetpack-portfolio","status-publish","format-standard","hentry","jetpack-portfolio-type-6-semester-alltagskultur","empty-entry-meta","portfolio-entry"],"jetpack_publicize_connections":[],"jetpack_sharing_enabled":true,"_links":{"self":[{"href":"https:\/\/d.th-nuernberg.de\/vk\/wp-json\/wp\/v2\/jetpack-portfolio\/1110","targetHints":{"allow":["GET"]}}],"collection":[{"href":"https:\/\/d.th-nuernberg.de\/vk\/wp-json\/wp\/v2\/jetpack-portfolio"}],"about":[{"href":"https:\/\/d.th-nuernberg.de\/vk\/wp-json\/wp\/v2\/types\/jetpack-portfolio"}],"author":[{"embeddable":true,"href":"https:\/\/d.th-nuernberg.de\/vk\/wp-json\/wp\/v2\/users\/4"}],"replies":[{"embeddable":true,"href":"https:\/\/d.th-nuernberg.de\/vk\/wp-json\/wp\/v2\/comments?post=1110"}],"version-history":[{"count":6,"href":"https:\/\/d.th-nuernberg.de\/vk\/wp-json\/wp\/v2\/jetpack-portfolio\/1110\/revisions"}],"predecessor-version":[{"id":2645,"href":"https:\/\/d.th-nuernberg.de\/vk\/wp-json\/wp\/v2\/jetpack-portfolio\/1110\/revisions\/2645"}],"wp:attachment":[{"href":"https:\/\/d.th-nuernberg.de\/vk\/wp-json\/wp\/v2\/media?parent=1110"}],"wp:term":[{"taxonomy":"jetpack-portfolio-type","embeddable":true,"href":"https:\/\/d.th-nuernberg.de\/vk\/wp-json\/wp\/v2\/jetpack-portfolio-type?post=1110"},{"taxonomy":"jetpack-portfolio-tag","embeddable":true,"href":"https:\/\/d.th-nuernberg.de\/vk\/wp-json\/wp\/v2\/jetpack-portfolio-tag?post=1110"}],"curies":[{"name":"wp","href":"https:\/\/api.w.org\/{rel}","templated":true}]}}

<p>&nbsp;</p>
<h4>Freie Wahl in Sachen Verbale</h4>
<p>Das sechste Semester Verbale Kommunikation bietet Platz für EIGENE ARBEITEN &#8211; will sagen: Freie Projekte.</p>
<p>Denn was wurde bisher aufgeschoben? An was hat man sich noch nicht heran gewagt? Wo fühlt man sich noch unsicher &#8211; oder ganz besonders sicher? Was hat einen schon immer interessiert? Was will man noch lernen? Was unterstützt einen, bei eigenen Projekten? Was hilft in den anderen Modulen? Womit möchte man über sich hinauswachsen? Was hat man noch nie probiert?</p>
<p>Hier sind der Phantasie kaum Grenzen gesetzt. Und je nach eigenem Mut und Vorlieben gibt es viele Herangehensweisen an diese besondere Aufgabe.</p>
<p>Manche verstehen unter dem Freien Projekt im sechsten Semester etwas sehr Künstlerisches, nachgerade Avantgardistisches. Andere interessieren sich für etwas, dass sie ganz handfest gebrauchen, anwenden, nutzen können.</p>
<p>Hier lassen sich der Umgang mit Textsorten und Formen vertiefen, die man vorher schon kennengelernt hat, aber auch neue Formen, Gattungen und Genres ausprobieren.</p>
<p>Nach dem Praktikum, aber kurz vor dem Ende des Studiums und vor der Bachelorarbeit ist hier noch einmal der Umgang mit eigenen Themen und Interessen möglich.</p>
<p>&nbsp;</p>

<p>&nbsp; Freie Wahl in Sachen Verbale Das sechste Semester Verbale Kommunikation bietet Platz für EIGENE ARBEITEN &#8211; will sagen: Freie Projekte. Denn was wurde bisher aufgeschoben? An was hat man sich noch nicht heran gewagt? Wo fühlt man sich noch unsicher &#8211; oder ganz besonders sicher? Was hat einen schon immer interessiert? Was will man&hellip;</p>
