{"id":1554,"date":"2019-04-16T10:23:58","date_gmt":"2019-04-16T08:23:58","guid":{"rendered":"https:\/\/d.th-nuernberg.de\/themen\/?page_id=1554"},"modified":"2022-11-10T18:28:03","modified_gmt":"2022-11-10T17:28:03","slug":"themen-startseite","status":"publish","type":"page","link":"https:\/\/d.th-nuernberg.de\/themen\/","title":{"rendered":""},"content":{"rendered":"<h3>Willkommen im THEMEN-Bereich unserer Website<\/h3>\n<div class=\"mce_boxed\">\n<p><span style=\"font-size: 22px\">Hier finden Sie <strong>THEMEN, das hei\u00dft: Hintergr\u00fcnde und Diskussionsbeitr\u00e4ge, Hinweise auf Publikationen, aber auch Dokumentationen<\/strong> aus der Fakult\u00e4t Design \u2013 <em>modul\u00fcbergreifend und interdisziplin\u00e4r<\/em>. <\/span><\/p>\n<p><span style=\"font-size: 22px\">Es geht um <strong>Design und Wissenschaft<\/strong>, das <strong>Magazin der Fakult\u00e4t<\/strong> und einige <strong>Themenkomplexe<\/strong>, denen wir uns schon intensiver gewidmet haben und weiter widmen.<br \/>\n<\/span><\/p>\n<\/div>\n<h3>&#8211; Designforschung<\/h3>\n<p><strong>Design hat sich ver\u00e4ndert und wird sich weiter ver\u00e4ndern. Eine M\u00f6glichkeit, dem gerecht zu werden, ist Forschung: <a href=\"https:\/\/d.th-nuernberg.de\/forschung\/\">Designforschung<\/a>.<\/strong><\/p>\n<p>Auch unsere Fakult\u00e4t bewegt sich auf diese Weise und arbeitet so an relevanten Themen, der Erneuerung der Lehre und letztlich ihrer Zukunftssicherheit.<\/p>\n<p>Deshalb findet sich hier auch mehr zu <a href=\"https:\/\/d.th-nuernberg.de\/forschung\/\">Design und Wissenschaft<\/a>.<\/p>\n<h3>&#8211; auch gut_ \u2013 Design und Denken<\/h3>\n<p><strong><a href=\"https:\/\/d.th-nuernberg.de\/auchgut\/\">auch gut_ &#8211; Design und Denken<\/a> ist das Magazin der Fakult\u00e4t Design. Und hier wird tief gedacht und gut gestaltet.<br \/>\n<\/strong><\/p>\n<p><strong>I<\/strong>n aufw\u00e4ndigen Heften untersuchen Studierende und Lehrende verschiedene Themen rund um Medien und Design, die Einfluss nehmen auf gesellschaftliche und wirtschaftliche Entwicklungen, auf Kommunikation und Menschen-Bilder, auf Arbeitswelt und Ausbildung. Und die letztlich alle betreffen, die mit Medien oder Gestaltung zu tun haben.<strong><br \/>\n<\/strong><\/p>\n<p>Alle Hefte, die bislang erschienen sind, finden sich <a href=\"https:\/\/d.th-nuernberg.de\/auchgut\/\">hier<\/a>. Aber neue sind bereits in Planung oder werden demn\u00e4chst ver\u00f6ffentlicht. Wir bleiben dran, denn faszinierende Themen gibt es zuhauf.<\/p>\n<h3>&#8211; Zum Thema: Zukunft<\/h3>\n<p><a href=\"https:\/\/d.th-nuernberg.de\/themen\/zukunft\/\"><img fetchpriority=\"high\" decoding=\"async\" class=\"alignleft wp-image-1648\" src=\"https:\/\/d.th-nuernberg.de\/themen\/wp-content\/uploads\/sites\/15\/2019\/05\/Zukunft-Mario-Johannes-Igel-auch-gut.jpg\" alt=\"\" width=\"420\" height=\"560\" srcset=\"https:\/\/d.th-nuernberg.de\/themen\/wp-content\/uploads\/sites\/15\/2019\/05\/Zukunft-Mario-Johannes-Igel-auch-gut.jpg 2314w, https:\/\/d.th-nuernberg.de\/themen\/wp-content\/uploads\/sites\/15\/2019\/05\/Zukunft-Mario-Johannes-Igel-auch-gut-225x300.jpg 225w, https:\/\/d.th-nuernberg.de\/themen\/wp-content\/uploads\/sites\/15\/2019\/05\/Zukunft-Mario-Johannes-Igel-auch-gut-768x1024.jpg 768w, https:\/\/d.th-nuernberg.de\/themen\/wp-content\/uploads\/sites\/15\/2019\/05\/Zukunft-Mario-Johannes-Igel-auch-gut-800x1066.jpg 800w, https:\/\/d.th-nuernberg.de\/themen\/wp-content\/uploads\/sites\/15\/2019\/05\/Zukunft-Mario-Johannes-Igel-auch-gut-135x180.jpg 135w\" sizes=\"(max-width: 420px) 100vw, 420px\" \/><\/a><strong>Nierentische, fliegende Autos, die Schriftart Futura, sprechende Plakate, das Bauhaus oder Biodesign? Design als Denkmodell, als Service oder Social Design?<\/strong><\/p>\n<p><a href=\"https:\/\/d.th-nuernberg.de\/themen\/zukunft\/\">Design und die Vorstellungen von der Zukunft<\/a> gehen eine innige Verbindung ein.<\/p>\n<p>Denn oft genug greift Design weit voraus und pr\u00e4gt unsere Bilder von dem, was sein wird oder sein k\u00f6nnte. Geschichten und Filme, Interfaces und Produkte vermitteln ein Gef\u00fchl des Zuk\u00fcnftigen. Und nicht selten werden sie zur Blaupause f\u00fcr eine sp\u00e4tere Verwirklichung. Also: Science Fiction als Option und Design als <em>Self Fulfilling Prophecy<\/em>.<\/p>\n<p>Zukunfts- und Trendforschung bieten da hochinteressante Ans\u00e4tze. Und letztlich ist auch die <strong>Design-Ausbildung eine Form angewandter Zukunftsforschung<\/strong>. Denn hier wird \u2013 idealerweise \u2013 der Horizont ganz weit und ein flexibler Umgang mit Ver\u00e4nderungen bedacht und einge\u00fcbt.<\/p>\n<p>Und: Unabh\u00e4ngig von m\u00f6glichst treffenden Vorhersagen hei\u00dft, sich mit der Zukunft auseinanderzusetzen, ja auch: den Status Quo zu untersuchen und komplexe Systeme kennenzulernen, die Welt und das Design zu analysieren und vieles kritisch zu befragen. Denn: <em>What if<\/em>? Was w\u00e4re wenn?<\/p>\n<p>Mehr zum Thema Zukunft, zu einem Magazin, zu Projekten und Workshops, Semester- und Abschluss-Arbeiten findet sich <a href=\"https:\/\/d.th-nuernberg.de\/themen\/zukunft\/\">hier &#8230;<\/a><\/p>\n<p>&nbsp;<\/p>\n<p>&nbsp;<\/p>\n","protected":false},"excerpt":{"rendered":"<p>Willkommen im THEMEN-Bereich unserer Website Hier finden Sie THEMEN, das hei\u00dft: Hintergr\u00fcnde und Diskussionsbeitr\u00e4ge, Hinweise auf Publikationen, aber auch Dokumentationen aus der Fakult\u00e4t Design \u2013 modul\u00fcbergreifend und interdisziplin\u00e4r. Es geht um Design und Wissenschaft, das Magazin der Fakult\u00e4t und einige Themenkomplexe, denen wir uns schon intensiver gewidmet haben und weiter widmen. &#8211; Designforschung Design hat&hellip;<\/p>\n","protected":false},"author":4,"featured_media":0,"parent":0,"menu_order":0,"comment_status":"closed","ping_status":"closed","template":"","meta":{"footnotes":""},"class_list":["post-1554","page","type-page","status-publish","hentry","empty-entry-meta"],"_links":{"self":[{"href":"https:\/\/d.th-nuernberg.de\/themen\/wp-json\/wp\/v2\/pages\/1554","targetHints":{"allow":["GET"]}}],"collection":[{"href":"https:\/\/d.th-nuernberg.de\/themen\/wp-json\/wp\/v2\/pages"}],"about":[{"href":"https:\/\/d.th-nuernberg.de\/themen\/wp-json\/wp\/v2\/types\/page"}],"author":[{"embeddable":true,"href":"https:\/\/d.th-nuernberg.de\/themen\/wp-json\/wp\/v2\/users\/4"}],"replies":[{"embeddable":true,"href":"https:\/\/d.th-nuernberg.de\/themen\/wp-json\/wp\/v2\/comments?post=1554"}],"version-history":[{"count":30,"href":"https:\/\/d.th-nuernberg.de\/themen\/wp-json\/wp\/v2\/pages\/1554\/revisions"}],"predecessor-version":[{"id":1956,"href":"https:\/\/d.th-nuernberg.de\/themen\/wp-json\/wp\/v2\/pages\/1554\/revisions\/1956"}],"wp:attachment":[{"href":"https:\/\/d.th-nuernberg.de\/themen\/wp-json\/wp\/v2\/media?parent=1554"}],"curies":[{"name":"wp","href":"https:\/\/api.w.org\/{rel}","templated":true}]}}

<h3>Willkommen im THEMEN-Bereich unserer Website</h3>
<div class="mce_boxed">
<p><span style="font-size: 22px">Hier finden Sie <strong>THEMEN, das heißt: Hintergründe und Diskussionsbeiträge, Hinweise auf Publikationen, aber auch Dokumentationen</strong> aus der Fakultät Design – <em>modulübergreifend und interdisziplinär</em>. </span></p>
<p><span style="font-size: 22px">Es geht um <strong>Design und Wissenschaft</strong>, das <strong>Magazin der Fakultät</strong> und einige <strong>Themenkomplexe</strong>, denen wir uns schon intensiver gewidmet haben und weiter widmen.<br />
</span></p>
</div>
<h3>&#8211; Designforschung</h3>
<p><strong>Design hat sich verändert und wird sich weiter verändern. Eine Möglichkeit, dem gerecht zu werden, ist Forschung: <a href="https://d.th-nuernberg.de/forschung/">Designforschung</a>.</strong></p>
<p>Auch unsere Fakultät bewegt sich auf diese Weise und arbeitet so an relevanten Themen, der Erneuerung der Lehre und letztlich ihrer Zukunftssicherheit.</p>
<p>Deshalb findet sich hier auch mehr zu <a href="https://d.th-nuernberg.de/forschung/">Design und Wissenschaft</a>.</p>
<h3>&#8211; auch gut_ – Design und Denken</h3>
<p><strong><a href="https://d.th-nuernberg.de/auchgut/">auch gut_ &#8211; Design und Denken</a> ist das Magazin der Fakultät Design. Und hier wird tief gedacht und gut gestaltet.<br />
</strong></p>
<p><strong>I</strong>n aufwändigen Heften untersuchen Studierende und Lehrende verschiedene Themen rund um Medien und Design, die Einfluss nehmen auf gesellschaftliche und wirtschaftliche Entwicklungen, auf Kommunikation und Menschen-Bilder, auf Arbeitswelt und Ausbildung. Und die letztlich alle betreffen, die mit Medien oder Gestaltung zu tun haben.<strong><br />
</strong></p>
<p>Alle Hefte, die bislang erschienen sind, finden sich <a href="https://d.th-nuernberg.de/auchgut/">hier</a>. Aber neue sind bereits in Planung oder werden demnächst veröffentlicht. Wir bleiben dran, denn faszinierende Themen gibt es zuhauf.</p>
<h3>&#8211; Zum Thema: Zukunft</h3>
<p><a href="https://d.th-nuernberg.de/themen/zukunft/"><img fetchpriority="high" decoding="async" class="alignleft wp-image-1648" src="https://d.th-nuernberg.de/themen/wp-content/uploads/sites/15/2019/05/Zukunft-Mario-Johannes-Igel-auch-gut.jpg" alt="" width="420" height="560" srcset="https://d.th-nuernberg.de/themen/wp-content/uploads/sites/15/2019/05/Zukunft-Mario-Johannes-Igel-auch-gut.jpg 2314w, https://d.th-nuernberg.de/themen/wp-content/uploads/sites/15/2019/05/Zukunft-Mario-Johannes-Igel-auch-gut-225x300.jpg 225w, https://d.th-nuernberg.de/themen/wp-content/uploads/sites/15/2019/05/Zukunft-Mario-Johannes-Igel-auch-gut-768x1024.jpg 768w, https://d.th-nuernberg.de/themen/wp-content/uploads/sites/15/2019/05/Zukunft-Mario-Johannes-Igel-auch-gut-800x1066.jpg 800w, https://d.th-nuernberg.de/themen/wp-content/uploads/sites/15/2019/05/Zukunft-Mario-Johannes-Igel-auch-gut-135x180.jpg 135w" sizes="(max-width: 420px) 100vw, 420px" /></a><strong>Nierentische, fliegende Autos, die Schriftart Futura, sprechende Plakate, das Bauhaus oder Biodesign? Design als Denkmodell, als Service oder Social Design?</strong></p>
<p><a href="https://d.th-nuernberg.de/themen/zukunft/">Design und die Vorstellungen von der Zukunft</a> gehen eine innige Verbindung ein.</p>
<p>Denn oft genug greift Design weit voraus und prägt unsere Bilder von dem, was sein wird oder sein könnte. Geschichten und Filme, Interfaces und Produkte vermitteln ein Gefühl des Zukünftigen. Und nicht selten werden sie zur Blaupause für eine spätere Verwirklichung. Also: Science Fiction als Option und Design als <em>Self Fulfilling Prophecy</em>.</p>
<p>Zukunfts- und Trendforschung bieten da hochinteressante Ansätze. Und letztlich ist auch die <strong>Design-Ausbildung eine Form angewandter Zukunftsforschung</strong>. Denn hier wird – idealerweise – der Horizont ganz weit und ein flexibler Umgang mit Veränderungen bedacht und eingeübt.</p>
<p>Und: Unabhängig von möglichst treffenden Vorhersagen heißt, sich mit der Zukunft auseinanderzusetzen, ja auch: den Status Quo zu untersuchen und komplexe Systeme kennenzulernen, die Welt und das Design zu analysieren und vieles kritisch zu befragen. Denn: <em>What if</em>? Was wäre wenn?</p>
<p>Mehr zum Thema Zukunft, zu einem Magazin, zu Projekten und Workshops, Semester- und Abschluss-Arbeiten findet sich <a href="https://d.th-nuernberg.de/themen/zukunft/">hier &#8230;</a></p>
<p>&nbsp;</p>
<p>&nbsp;</p>

<p>Willkommen im THEMEN-Bereich unserer Website Hier finden Sie THEMEN, das heißt: Hintergründe und Diskussionsbeiträge, Hinweise auf Publikationen, aber auch Dokumentationen aus der Fakultät Design – modulübergreifend und interdisziplinär. Es geht um Design und Wissenschaft, das Magazin der Fakultät und einige Themenkomplexe, denen wir uns schon intensiver gewidmet haben und weiter widmen. &#8211; Designforschung Design hat&hellip;</p>
