{"id":623,"date":"2015-04-10T12:00:27","date_gmt":"2015-04-10T12:00:27","guid":{"rendered":"https:\/\/d.th-nuernberg.de\/re\/?post_type=jetpack-portfolio&#038;p=623"},"modified":"2017-06-27T10:14:21","modified_gmt":"2017-06-27T10:14:21","slug":"postamt-andrea-biermaier","status":"publish","type":"jetpack-portfolio","link":"https:\/\/d.th-nuernberg.de\/re\/portfolio\/postamt-andrea-biermaier\/","title":{"rendered":"Postamt \u2013 Andrea Biermaier"},"content":{"rendered":"<p>\u201eSchreib mal wieder!\u201c Ein Caf\u00e9, ein Ausstellungsraum, ein \u201ePostamt\u201c. Leckereien genie\u00dfen und dazu eine fein ausgew\u00e4hlte Postkarte mit Briefmarke bestellen, die auch gleich abgeschickt werden kann, da\u00df w\u00e4re im Caf\u00e9 \u201ePostamt\u201c zwischen charmanten Erinnerungsst\u00fccken aus alten Post\u00e4mtern m\u00f6glich.<\/p>\n<p>Ein Grafik- und Raumkonzept von Andrea Biermaier.<\/p>\n<p>Betreuer\/in: <a href=\"http:\/\/www.th-nuernberg.de\/seitenbaum\/fakultaeten\/design\/personen\/vitae\/prof-burkard-vetter\/page.html\" target=\"_blank\" rel=\"noopener\">Prof. Burkard Vetter,<\/a> <a href=\"http:\/\/www.th-nuernberg.de\/seitenbaum\/fakultaeten\/design\/personen\/vitae\/prof-christine-albert\/page.html\" target=\"_blank\" rel=\"noopener\">Prof. Christine Albert<\/a><\/p>\n<div id=\"attachment_624\" style=\"width: 1156px\" class=\"wp-caption alignnone\"><a href=\"https:\/\/d.th-nuernberg.de\/re\/wp-content\/uploads\/sites\/6\/2015\/02\/Andrea_Biermaier4.png\"><img fetchpriority=\"high\" decoding=\"async\" aria-describedby=\"caption-attachment-624\" data-attachment-id=\"624\" data-permalink=\"https:\/\/d.th-nuernberg.de\/re\/portfolio\/postamt-andrea-biermaier\/andrea_biermaier4\/\" data-orig-file=\"https:\/\/d.th-nuernberg.de\/re\/wp-content\/uploads\/sites\/6\/2015\/02\/Andrea_Biermaier4.png\" data-orig-size=\"1156,845\" data-comments-opened=\"0\" data-image-meta=\"{&quot;aperture&quot;:&quot;0&quot;,&quot;credit&quot;:&quot;&quot;,&quot;camera&quot;:&quot;&quot;,&quot;caption&quot;:&quot;&quot;,&quot;created_timestamp&quot;:&quot;0&quot;,&quot;copyright&quot;:&quot;&quot;,&quot;focal_length&quot;:&quot;0&quot;,&quot;iso&quot;:&quot;0&quot;,&quot;shutter_speed&quot;:&quot;0&quot;,&quot;title&quot;:&quot;&quot;,&quot;orientation&quot;:&quot;0&quot;}\" data-image-title=\"Andrea_Biermaier4\" data-image-description=\"\" data-image-caption=\"&lt;p&gt;Postkarte und Aussenansicht &lt;\/p&gt;\n\" data-medium-file=\"https:\/\/d.th-nuernberg.de\/re\/wp-content\/uploads\/sites\/6\/2015\/02\/Andrea_Biermaier4.png\" data-large-file=\"https:\/\/d.th-nuernberg.de\/re\/wp-content\/uploads\/sites\/6\/2015\/02\/Andrea_Biermaier4.png\" class=\"size-full wp-image-624\" src=\"https:\/\/d.th-nuernberg.de\/re\/wp-content\/uploads\/sites\/6\/2015\/02\/Andrea_Biermaier4.png\" alt=\"Postkarte und Aussenansicht \" width=\"1156\" height=\"845\" \/><\/a><p id=\"caption-attachment-624\" class=\"wp-caption-text\">Postkarte und Aussenansicht<\/p><\/div>\n<div id=\"attachment_625\" style=\"width: 1159px\" class=\"wp-caption alignnone\"><a href=\"https:\/\/d.th-nuernberg.de\/re\/wp-content\/uploads\/sites\/6\/2015\/02\/Andrea_Biermaier2.png\"><img decoding=\"async\" aria-describedby=\"caption-attachment-625\" data-attachment-id=\"625\" data-permalink=\"https:\/\/d.th-nuernberg.de\/re\/portfolio\/postamt-andrea-biermaier\/andrea_biermaier2\/\" data-orig-file=\"https:\/\/d.th-nuernberg.de\/re\/wp-content\/uploads\/sites\/6\/2015\/02\/Andrea_Biermaier2.png\" data-orig-size=\"1159,851\" data-comments-opened=\"1\" data-image-meta=\"{&quot;aperture&quot;:&quot;0&quot;,&quot;credit&quot;:&quot;&quot;,&quot;camera&quot;:&quot;&quot;,&quot;caption&quot;:&quot;&quot;,&quot;created_timestamp&quot;:&quot;0&quot;,&quot;copyright&quot;:&quot;&quot;,&quot;focal_length&quot;:&quot;0&quot;,&quot;iso&quot;:&quot;0&quot;,&quot;shutter_speed&quot;:&quot;0&quot;,&quot;title&quot;:&quot;&quot;,&quot;orientation&quot;:&quot;0&quot;}\" data-image-title=\"Andrea_Biermaier2\" data-image-description=\"\" data-image-caption=\"&lt;p&gt;feine Postkarten zur Auswahl&lt;\/p&gt;\n\" data-medium-file=\"https:\/\/d.th-nuernberg.de\/re\/wp-content\/uploads\/sites\/6\/2015\/02\/Andrea_Biermaier2.png\" data-large-file=\"https:\/\/d.th-nuernberg.de\/re\/wp-content\/uploads\/sites\/6\/2015\/02\/Andrea_Biermaier2.png\" class=\"size-full wp-image-625\" src=\"https:\/\/d.th-nuernberg.de\/re\/wp-content\/uploads\/sites\/6\/2015\/02\/Andrea_Biermaier2.png\" alt=\"feine Postkarten zur Auswahl\" width=\"1159\" height=\"851\" \/><\/a><p id=\"caption-attachment-625\" class=\"wp-caption-text\">feine Postkarten zur Auswahl<\/p><\/div>\n<div id=\"attachment_626\" style=\"width: 1156px\" class=\"wp-caption alignnone\"><a href=\"https:\/\/d.th-nuernberg.de\/re\/wp-content\/uploads\/sites\/6\/2015\/02\/Andrea_Biermaier1.png\"><img decoding=\"async\" aria-describedby=\"caption-attachment-626\" data-attachment-id=\"626\" data-permalink=\"https:\/\/d.th-nuernberg.de\/re\/portfolio\/postamt-andrea-biermaier\/andrea_biermaier1\/\" data-orig-file=\"https:\/\/d.th-nuernberg.de\/re\/wp-content\/uploads\/sites\/6\/2015\/02\/Andrea_Biermaier1.png\" data-orig-size=\"1156,847\" data-comments-opened=\"1\" data-image-meta=\"{&quot;aperture&quot;:&quot;0&quot;,&quot;credit&quot;:&quot;&quot;,&quot;camera&quot;:&quot;&quot;,&quot;caption&quot;:&quot;&quot;,&quot;created_timestamp&quot;:&quot;0&quot;,&quot;copyright&quot;:&quot;&quot;,&quot;focal_length&quot;:&quot;0&quot;,&quot;iso&quot;:&quot;0&quot;,&quot;shutter_speed&quot;:&quot;0&quot;,&quot;title&quot;:&quot;&quot;,&quot;orientation&quot;:&quot;0&quot;}\" data-image-title=\"Andrea_Biermaier1\" data-image-description=\"\" data-image-caption=\"&lt;p&gt;Detail Modell&lt;\/p&gt;\n\" data-medium-file=\"https:\/\/d.th-nuernberg.de\/re\/wp-content\/uploads\/sites\/6\/2015\/02\/Andrea_Biermaier1.png\" data-large-file=\"https:\/\/d.th-nuernberg.de\/re\/wp-content\/uploads\/sites\/6\/2015\/02\/Andrea_Biermaier1.png\" class=\"size-full wp-image-626\" src=\"https:\/\/d.th-nuernberg.de\/re\/wp-content\/uploads\/sites\/6\/2015\/02\/Andrea_Biermaier1.png\" alt=\"Detail Modell\" width=\"1156\" height=\"847\" \/><\/a><p id=\"caption-attachment-626\" class=\"wp-caption-text\">Detail Modell<\/p><\/div>\n<div id=\"attachment_627\" style=\"width: 1159px\" class=\"wp-caption alignnone\"><a href=\"https:\/\/d.th-nuernberg.de\/re\/wp-content\/uploads\/sites\/6\/2015\/02\/Andrea_Biermaier3.png\"><img loading=\"lazy\" decoding=\"async\" aria-describedby=\"caption-attachment-627\" data-attachment-id=\"627\" data-permalink=\"https:\/\/d.th-nuernberg.de\/re\/portfolio\/postamt-andrea-biermaier\/andrea_biermaier3\/\" data-orig-file=\"https:\/\/d.th-nuernberg.de\/re\/wp-content\/uploads\/sites\/6\/2015\/02\/Andrea_Biermaier3.png\" data-orig-size=\"1159,850\" data-comments-opened=\"1\" data-image-meta=\"{&quot;aperture&quot;:&quot;0&quot;,&quot;credit&quot;:&quot;&quot;,&quot;camera&quot;:&quot;&quot;,&quot;caption&quot;:&quot;&quot;,&quot;created_timestamp&quot;:&quot;0&quot;,&quot;copyright&quot;:&quot;&quot;,&quot;focal_length&quot;:&quot;0&quot;,&quot;iso&quot;:&quot;0&quot;,&quot;shutter_speed&quot;:&quot;0&quot;,&quot;title&quot;:&quot;&quot;,&quot;orientation&quot;:&quot;0&quot;}\" data-image-title=\"Andrea_Biermaier3\" data-image-description=\"\" data-image-caption=\"&lt;p&gt;Raumkonzept am Modell&lt;\/p&gt;\n\" data-medium-file=\"https:\/\/d.th-nuernberg.de\/re\/wp-content\/uploads\/sites\/6\/2015\/02\/Andrea_Biermaier3.png\" data-large-file=\"https:\/\/d.th-nuernberg.de\/re\/wp-content\/uploads\/sites\/6\/2015\/02\/Andrea_Biermaier3.png\" class=\"size-full wp-image-627\" src=\"https:\/\/d.th-nuernberg.de\/re\/wp-content\/uploads\/sites\/6\/2015\/02\/Andrea_Biermaier3.png\" alt=\"Raumkonzept am Modell\" width=\"1159\" height=\"850\" \/><\/a><p id=\"caption-attachment-627\" class=\"wp-caption-text\">Raumkonzept am Modell<\/p><\/div>\n","protected":false},"excerpt":{"rendered":"<p>\u201eSchreib mal wieder!\u201c Ein Caf\u00e9, ein Ausstellungsraum, ein \u201ePostamt\u201c. Leckereien genie\u00dfen und dazu eine fein ausgew\u00e4hlte Postkarte mit Briefmarke bestellen, die auch gleich abgeschickt werden kann, da\u00df w\u00e4re im Caf\u00e9 \u201ePostamt\u201c zwischen charmanten Erinnerungsst\u00fccken aus alten Post\u00e4mtern m\u00f6glich. Ein Grafik- und Raumkonzept von Andrea Biermaier. Betreuer\/in: Prof. Burkard Vetter, Prof. Christine Albert<\/p>\n","protected":false},"author":5,"featured_media":624,"comment_status":"closed","ping_status":"closed","template":"","format":"standard","meta":{"jetpack_post_was_ever_published":false,"footnotes":"","jetpack_publicize_message":"","jetpack_publicize_feature_enabled":true,"jetpack_social_post_already_shared":true,"jetpack_social_options":{"image_generator_settings":{"template":"highway","default_image_id":0,"font":"","enabled":false},"version":2}},"jetpack-portfolio-type":[24],"jetpack-portfolio-tag":[],"class_list":["post-623","jetpack-portfolio","type-jetpack-portfolio","status-publish","format-standard","has-post-thumbnail","hentry","jetpack-portfolio-type-ba","empty-entry-meta","portfolio-entry"],"jetpack_publicize_connections":[],"jetpack_sharing_enabled":true,"_links":{"self":[{"href":"https:\/\/d.th-nuernberg.de\/re\/wp-json\/wp\/v2\/jetpack-portfolio\/623","targetHints":{"allow":["GET"]}}],"collection":[{"href":"https:\/\/d.th-nuernberg.de\/re\/wp-json\/wp\/v2\/jetpack-portfolio"}],"about":[{"href":"https:\/\/d.th-nuernberg.de\/re\/wp-json\/wp\/v2\/types\/jetpack-portfolio"}],"author":[{"embeddable":true,"href":"https:\/\/d.th-nuernberg.de\/re\/wp-json\/wp\/v2\/users\/5"}],"replies":[{"embeddable":true,"href":"https:\/\/d.th-nuernberg.de\/re\/wp-json\/wp\/v2\/comments?post=623"}],"version-history":[{"count":0,"href":"https:\/\/d.th-nuernberg.de\/re\/wp-json\/wp\/v2\/jetpack-portfolio\/623\/revisions"}],"wp:featuredmedia":[{"embeddable":true,"href":"https:\/\/d.th-nuernberg.de\/re\/wp-json\/wp\/v2\/media\/624"}],"wp:attachment":[{"href":"https:\/\/d.th-nuernberg.de\/re\/wp-json\/wp\/v2\/media?parent=623"}],"wp:term":[{"taxonomy":"jetpack-portfolio-type","embeddable":true,"href":"https:\/\/d.th-nuernberg.de\/re\/wp-json\/wp\/v2\/jetpack-portfolio-type?post=623"},{"taxonomy":"jetpack-portfolio-tag","embeddable":true,"href":"https:\/\/d.th-nuernberg.de\/re\/wp-json\/wp\/v2\/jetpack-portfolio-tag?post=623"}],"curies":[{"name":"wp","href":"https:\/\/api.w.org\/{rel}","templated":true}]}}

<p>„Schreib mal wieder!“ Ein Café, ein Ausstellungsraum, ein „Postamt“. Leckereien genießen und dazu eine fein ausgewählte Postkarte mit Briefmarke bestellen, die auch gleich abgeschickt werden kann, daß wäre im Café „Postamt“ zwischen charmanten Erinnerungsstücken aus alten Postämtern möglich.</p>
<p>Ein Grafik- und Raumkonzept von Andrea Biermaier.</p>
<p>Betreuer/in: <a href="http://www.th-nuernberg.de/seitenbaum/fakultaeten/design/personen/vitae/prof-burkard-vetter/page.html" target="_blank" rel="noopener">Prof. Burkard Vetter,</a> <a href="http://www.th-nuernberg.de/seitenbaum/fakultaeten/design/personen/vitae/prof-christine-albert/page.html" target="_blank" rel="noopener">Prof. Christine Albert</a></p>
<div id="attachment_624" style="width: 1156px" class="wp-caption alignnone"><a href="https://d.th-nuernberg.de/re/wp-content/uploads/sites/6/2015/02/Andrea_Biermaier4.png"><img fetchpriority="high" decoding="async" aria-describedby="caption-attachment-624" data-attachment-id="624" data-permalink="https://d.th-nuernberg.de/re/portfolio/postamt-andrea-biermaier/andrea_biermaier4/" data-orig-file="https://d.th-nuernberg.de/re/wp-content/uploads/sites/6/2015/02/Andrea_Biermaier4.png" data-orig-size="1156,845" data-comments-opened="0" data-image-meta="{&quot;aperture&quot;:&quot;0&quot;,&quot;credit&quot;:&quot;&quot;,&quot;camera&quot;:&quot;&quot;,&quot;caption&quot;:&quot;&quot;,&quot;created_timestamp&quot;:&quot;0&quot;,&quot;copyright&quot;:&quot;&quot;,&quot;focal_length&quot;:&quot;0&quot;,&quot;iso&quot;:&quot;0&quot;,&quot;shutter_speed&quot;:&quot;0&quot;,&quot;title&quot;:&quot;&quot;,&quot;orientation&quot;:&quot;0&quot;}" data-image-title="Andrea_Biermaier4" data-image-description="" data-image-caption="&lt;p&gt;Postkarte und Aussenansicht &lt;/p&gt;
" data-medium-file="https://d.th-nuernberg.de/re/wp-content/uploads/sites/6/2015/02/Andrea_Biermaier4.png" data-large-file="https://d.th-nuernberg.de/re/wp-content/uploads/sites/6/2015/02/Andrea_Biermaier4.png" class="size-full wp-image-624" src="https://d.th-nuernberg.de/re/wp-content/uploads/sites/6/2015/02/Andrea_Biermaier4.png" alt="Postkarte und Aussenansicht " width="1156" height="845" /></a><p id="caption-attachment-624" class="wp-caption-text">Postkarte und Aussenansicht</p></div>
<div id="attachment_625" style="width: 1159px" class="wp-caption alignnone"><a href="https://d.th-nuernberg.de/re/wp-content/uploads/sites/6/2015/02/Andrea_Biermaier2.png"><img decoding="async" aria-describedby="caption-attachment-625" data-attachment-id="625" data-permalink="https://d.th-nuernberg.de/re/portfolio/postamt-andrea-biermaier/andrea_biermaier2/" data-orig-file="https://d.th-nuernberg.de/re/wp-content/uploads/sites/6/2015/02/Andrea_Biermaier2.png" data-orig-size="1159,851" data-comments-opened="1" data-image-meta="{&quot;aperture&quot;:&quot;0&quot;,&quot;credit&quot;:&quot;&quot;,&quot;camera&quot;:&quot;&quot;,&quot;caption&quot;:&quot;&quot;,&quot;created_timestamp&quot;:&quot;0&quot;,&quot;copyright&quot;:&quot;&quot;,&quot;focal_length&quot;:&quot;0&quot;,&quot;iso&quot;:&quot;0&quot;,&quot;shutter_speed&quot;:&quot;0&quot;,&quot;title&quot;:&quot;&quot;,&quot;orientation&quot;:&quot;0&quot;}" data-image-title="Andrea_Biermaier2" data-image-description="" data-image-caption="&lt;p&gt;feine Postkarten zur Auswahl&lt;/p&gt;
" data-medium-file="https://d.th-nuernberg.de/re/wp-content/uploads/sites/6/2015/02/Andrea_Biermaier2.png" data-large-file="https://d.th-nuernberg.de/re/wp-content/uploads/sites/6/2015/02/Andrea_Biermaier2.png" class="size-full wp-image-625" src="https://d.th-nuernberg.de/re/wp-content/uploads/sites/6/2015/02/Andrea_Biermaier2.png" alt="feine Postkarten zur Auswahl" width="1159" height="851" /></a><p id="caption-attachment-625" class="wp-caption-text">feine Postkarten zur Auswahl</p></div>
<div id="attachment_626" style="width: 1156px" class="wp-caption alignnone"><a href="https://d.th-nuernberg.de/re/wp-content/uploads/sites/6/2015/02/Andrea_Biermaier1.png"><img decoding="async" aria-describedby="caption-attachment-626" data-attachment-id="626" data-permalink="https://d.th-nuernberg.de/re/portfolio/postamt-andrea-biermaier/andrea_biermaier1/" data-orig-file="https://d.th-nuernberg.de/re/wp-content/uploads/sites/6/2015/02/Andrea_Biermaier1.png" data-orig-size="1156,847" data-comments-opened="1" data-image-meta="{&quot;aperture&quot;:&quot;0&quot;,&quot;credit&quot;:&quot;&quot;,&quot;camera&quot;:&quot;&quot;,&quot;caption&quot;:&quot;&quot;,&quot;created_timestamp&quot;:&quot;0&quot;,&quot;copyright&quot;:&quot;&quot;,&quot;focal_length&quot;:&quot;0&quot;,&quot;iso&quot;:&quot;0&quot;,&quot;shutter_speed&quot;:&quot;0&quot;,&quot;title&quot;:&quot;&quot;,&quot;orientation&quot;:&quot;0&quot;}" data-image-title="Andrea_Biermaier1" data-image-description="" data-image-caption="&lt;p&gt;Detail Modell&lt;/p&gt;
" data-medium-file="https://d.th-nuernberg.de/re/wp-content/uploads/sites/6/2015/02/Andrea_Biermaier1.png" data-large-file="https://d.th-nuernberg.de/re/wp-content/uploads/sites/6/2015/02/Andrea_Biermaier1.png" class="size-full wp-image-626" src="https://d.th-nuernberg.de/re/wp-content/uploads/sites/6/2015/02/Andrea_Biermaier1.png" alt="Detail Modell" width="1156" height="847" /></a><p id="caption-attachment-626" class="wp-caption-text">Detail Modell</p></div>
<div id="attachment_627" style="width: 1159px" class="wp-caption alignnone"><a href="https://d.th-nuernberg.de/re/wp-content/uploads/sites/6/2015/02/Andrea_Biermaier3.png"><img loading="lazy" decoding="async" aria-describedby="caption-attachment-627" data-attachment-id="627" data-permalink="https://d.th-nuernberg.de/re/portfolio/postamt-andrea-biermaier/andrea_biermaier3/" data-orig-file="https://d.th-nuernberg.de/re/wp-content/uploads/sites/6/2015/02/Andrea_Biermaier3.png" data-orig-size="1159,850" data-comments-opened="1" data-image-meta="{&quot;aperture&quot;:&quot;0&quot;,&quot;credit&quot;:&quot;&quot;,&quot;camera&quot;:&quot;&quot;,&quot;caption&quot;:&quot;&quot;,&quot;created_timestamp&quot;:&quot;0&quot;,&quot;copyright&quot;:&quot;&quot;,&quot;focal_length&quot;:&quot;0&quot;,&quot;iso&quot;:&quot;0&quot;,&quot;shutter_speed&quot;:&quot;0&quot;,&quot;title&quot;:&quot;&quot;,&quot;orientation&quot;:&quot;0&quot;}" data-image-title="Andrea_Biermaier3" data-image-description="" data-image-caption="&lt;p&gt;Raumkonzept am Modell&lt;/p&gt;
" data-medium-file="https://d.th-nuernberg.de/re/wp-content/uploads/sites/6/2015/02/Andrea_Biermaier3.png" data-large-file="https://d.th-nuernberg.de/re/wp-content/uploads/sites/6/2015/02/Andrea_Biermaier3.png" class="size-full wp-image-627" src="https://d.th-nuernberg.de/re/wp-content/uploads/sites/6/2015/02/Andrea_Biermaier3.png" alt="Raumkonzept am Modell" width="1159" height="850" /></a><p id="caption-attachment-627" class="wp-caption-text">Raumkonzept am Modell</p></div>

<p>„Schreib mal wieder!“ Ein Café, ein Ausstellungsraum, ein „Postamt“. Leckereien genießen und dazu eine fein ausgewählte Postkarte mit Briefmarke bestellen, die auch gleich abgeschickt werden kann, daß wäre im Café „Postamt“ zwischen charmanten Erinnerungsstücken aus alten Postämtern möglich. Ein Grafik- und Raumkonzept von Andrea Biermaier. Betreuer/in: Prof. Burkard Vetter, Prof. Christine Albert</p>
