{"id":9,"date":"2015-03-06T11:03:29","date_gmt":"2015-03-06T10:03:29","guid":{"rendered":"https:\/\/d.th-nuernberg.de\/foto\/?page_id=9"},"modified":"2024-09-25T12:13:10","modified_gmt":"2024-09-25T10:13:10","slug":"willkommen","status":"publish","type":"page","link":"https:\/\/d.th-nuernberg.de\/foto\/","title":{"rendered":"Lehrkonzept"},"content":{"rendered":"<p>Digital Imaging<strong> \u2013\u00a0<em>das Gestalten fotografisch gedachter Bilder<\/em><\/strong><\/p>\n<p class=\"p1\">Das Modul <b>Digital Imaging<\/b> an der Design-Fakult\u00e4t der ohm verbindet die klassische fotografische Ausbildung mit modernen, innovativen Technologien zur Bildgenerierung. Die Studierenden erwerben ein tiefes Verst\u00e4ndnis der traditionellen Fotografie, wobei sie die technischen Grundlagen der Bildgestaltung, Belichtung, Komposition und Kameratechnik erlernen. Gleichzeitig wird der Blick auf die aktuellen und zuk\u00fcnftigen Entwicklungen in der digitalen Bildproduktion gerichtet, wobei K\u00fcnstliche Intelligenz (KI) eine zentrale Rolle spielt.<\/p>\n<p class=\"p1\">Im Laufe des Studiums lernen die Studierenden, KI-basierte Tools und Workflows f\u00fcr die Erstellung und Bearbeitung von Bildern zu nutzen. Sie setzen sich mit fortschrittlichen Methoden wie Diffusions Modellen auseinander, um Bilder zu erzeugen, die weit \u00fcber die M\u00f6glichkeiten herk\u00f6mmlicher Fotografie hinausgehen. Diese automatisierten Systeme werden jedoch immer als kreative Werkzeuge verstanden, die den Designprozess unterst\u00fctzen, erweitern und die menschliche Kreativit\u00e4t erg\u00e4nzen.<\/p>\n<p class=\"p1\">Ein wesentlicher Bestandteil des Moduls ist die kreative Bildbearbeitung. Neben klassischen Retuschetechniken werden moderne digitale Techniken wie Bildmontagen, Collagen und Composings gelehrt. Die Studierenden lernen, wie sie verschiedene Bilder, Materialien und Stile kombinieren, um visuell spannende Inszenierungen zu erschaffen. Dies erm\u00f6glicht es ihnen, komplexe Bildwelten zu gestalten, die nicht nur fotografisch, sondern auch in anderen bildgebenden Disziplinen verwurzelt sind.<\/p>\n<p class=\"p1\">Durch die Integration von k\u00fcnstlerischer und technischer Praxis werden die Studierenden dazu bef\u00e4higt, eigene Projekte zu entwickeln, die Fotografie, digitale Kunst und KI-basiertes Design vereinen. Das Modul will die Grenzen der Bildgestaltung erkunden und neue visuelle Ausdrucksformen erproben, in allen relevanten Bereichen des Design sei es in kommerziellen Anwendungen wie Werbung oder nicht kommerziellen Inszenierungen.<\/p>\n","protected":false},"excerpt":{"rendered":"<p>Digital Imaging \u2013\u00a0das Gestalten fotografisch gedachter Bilder Das Modul Digital Imaging an der Design-Fakult\u00e4t der ohm verbindet die klassische fotografische Ausbildung mit modernen, innovativen Technologien zur Bildgenerierung. Die Studierenden erwerben ein tiefes Verst\u00e4ndnis der traditionellen Fotografie, wobei sie die technischen Grundlagen der Bildgestaltung, Belichtung, Komposition und Kameratechnik erlernen. Gleichzeitig wird der Blick auf die aktuellen&hellip;<\/p>\n","protected":false},"author":1,"featured_media":0,"parent":0,"menu_order":0,"comment_status":"closed","ping_status":"closed","template":"page-templates\/portfolio-page.php","meta":{"jetpack_post_was_ever_published":false,"footnotes":""},"class_list":["post-9","page","type-page","status-publish","hentry","empty-entry-meta"],"jetpack_sharing_enabled":true,"jetpack_shortlink":"https:\/\/wp.me\/P5QPyM-9","_links":{"self":[{"href":"https:\/\/d.th-nuernberg.de\/foto\/wp-json\/wp\/v2\/pages\/9","targetHints":{"allow":["GET"]}}],"collection":[{"href":"https:\/\/d.th-nuernberg.de\/foto\/wp-json\/wp\/v2\/pages"}],"about":[{"href":"https:\/\/d.th-nuernberg.de\/foto\/wp-json\/wp\/v2\/types\/page"}],"author":[{"embeddable":true,"href":"https:\/\/d.th-nuernberg.de\/foto\/wp-json\/wp\/v2\/users\/1"}],"replies":[{"embeddable":true,"href":"https:\/\/d.th-nuernberg.de\/foto\/wp-json\/wp\/v2\/comments?post=9"}],"version-history":[{"count":6,"href":"https:\/\/d.th-nuernberg.de\/foto\/wp-json\/wp\/v2\/pages\/9\/revisions"}],"predecessor-version":[{"id":2124,"href":"https:\/\/d.th-nuernberg.de\/foto\/wp-json\/wp\/v2\/pages\/9\/revisions\/2124"}],"wp:attachment":[{"href":"https:\/\/d.th-nuernberg.de\/foto\/wp-json\/wp\/v2\/media?parent=9"}],"curies":[{"name":"wp","href":"https:\/\/api.w.org\/{rel}","templated":true}]}}