{"id":56,"date":"2017-12-06T09:24:03","date_gmt":"2017-12-06T08:24:03","guid":{"rendered":"https:\/\/d.th-nuernberg.de\/film\/?page_id=56"},"modified":"2018-05-21T14:18:40","modified_gmt":"2018-05-21T12:18:40","slug":"5-semester","status":"publish","type":"page","link":"https:\/\/d.th-nuernberg.de\/film\/studium\/5-semester\/","title":{"rendered":"5. Semester"},"content":{"rendered":"<div class=\"paragraph\">\n<div>\n<h4><b>Praxissemester <\/b>(reality check)<\/h4>\n<p>Kennenlernen der Aufgaben und Ausf\u00fchren von T\u00e4tigkeiten in der Praxis.<\/p>\n<p>Verst\u00e4ndnis f\u00fcr Forderungen aus der Praxis (Kundensituation) und R\u00fcckschl\u00fcsse auf Konzeption, Gestaltung, Planung und Umsetzung.<\/p>\n<p>Mitarbeit in allen Projektphasen.<\/p>\n<p><b>Ausbildungsgebiet<\/b><br \/>\nAlle T\u00e4tigkeitsfelder, welche den angebotenen Modulen von FILM &amp; ANIMATION thematisch und inhaltlich entsprechen.<\/p>\n<p><b>Ausbildungsstellen<\/b><br \/>\nAlle definierten nahmhaften Unternehmen und Dienstleister in diesem Bereich.<\/p>\n<\/div>\n<\/div>\n<div class=\"separator\"><\/div>\n<div class=\"paragraph\">\n<div>\n<h4><b>Lernziele | Kompetenzen <\/b><\/h4>\n<p>F\u00e4higkeit, erworbene Kenntnisse in die Praxis umzusetzen.<\/p>\n<p>F\u00e4higkeit, Entscheidungen unter Ber\u00fccksichtigung gestalterischer, technischer und wirtschaftlicher Gesichtspunkte zu erarbeiten.<\/p>\n<\/div>\n<\/div>\n","protected":false},"excerpt":{"rendered":"<p>Praxissemester (reality check) Kennenlernen der Aufgaben und Ausf\u00fchren von T\u00e4tigkeiten in der Praxis. Verst\u00e4ndnis f\u00fcr Forderungen aus der Praxis (Kundensituation) und R\u00fcckschl\u00fcsse auf Konzeption, Gestaltung, Planung und Umsetzung. Mitarbeit in allen Projektphasen. Ausbildungsgebiet Alle T\u00e4tigkeitsfelder, welche den angebotenen Modulen von FILM &amp; ANIMATION thematisch und inhaltlich entsprechen. Ausbildungsstellen Alle definierten nahmhaften Unternehmen und Dienstleister in&hellip;<\/p>\n","protected":false},"author":1,"featured_media":0,"parent":79,"menu_order":5,"comment_status":"closed","ping_status":"closed","template":"","meta":{"footnotes":""},"class_list":["post-56","page","type-page","status-publish","hentry","empty-entry-meta"],"jetpack_sharing_enabled":true,"_links":{"self":[{"href":"https:\/\/d.th-nuernberg.de\/film\/wp-json\/wp\/v2\/pages\/56","targetHints":{"allow":["GET"]}}],"collection":[{"href":"https:\/\/d.th-nuernberg.de\/film\/wp-json\/wp\/v2\/pages"}],"about":[{"href":"https:\/\/d.th-nuernberg.de\/film\/wp-json\/wp\/v2\/types\/page"}],"author":[{"embeddable":true,"href":"https:\/\/d.th-nuernberg.de\/film\/wp-json\/wp\/v2\/users\/1"}],"replies":[{"embeddable":true,"href":"https:\/\/d.th-nuernberg.de\/film\/wp-json\/wp\/v2\/comments?post=56"}],"version-history":[{"count":1,"href":"https:\/\/d.th-nuernberg.de\/film\/wp-json\/wp\/v2\/pages\/56\/revisions"}],"predecessor-version":[{"id":58,"href":"https:\/\/d.th-nuernberg.de\/film\/wp-json\/wp\/v2\/pages\/56\/revisions\/58"}],"up":[{"embeddable":true,"href":"https:\/\/d.th-nuernberg.de\/film\/wp-json\/wp\/v2\/pages\/79"}],"wp:attachment":[{"href":"https:\/\/d.th-nuernberg.de\/film\/wp-json\/wp\/v2\/media?parent=56"}],"curies":[{"name":"wp","href":"https:\/\/api.w.org\/{rel}","templated":true}]}}