{"id":241,"date":"2018-05-22T17:18:41","date_gmt":"2018-05-22T15:18:41","guid":{"rendered":"https:\/\/d.th-nuernberg.de\/film\/?page_id=241"},"modified":"2018-05-23T16:44:22","modified_gmt":"2018-05-23T14:44:22","slug":"festivals-2008","status":"publish","type":"page","link":"https:\/\/d.th-nuernberg.de\/film\/erfolge\/festivals\/festivals-2008\/","title":{"rendered":"Festivals 2008"},"content":{"rendered":"<p><b><a href=\"http:\/\/www.aniwow-online.org\/\" target=\"_blank\" rel=\"noopener\">Aniwow 2008 <\/a><\/b><br \/>\n<b>&#8222;Glore&#8220;<\/b><\/p>\n<p><b><a href=\"http:\/\/www.filmbuero-bremen.de\/6.0.html\" target=\"_blank\" rel=\"noopener\">Young Collection 40 &#8222;Animation Pur&#8220;<\/a><\/b><br \/>\n<b>&#8222;Kleingeldprinzessin und die Stadtpiraten: Zimmer&#8220; <\/b><\/p>\n<p><b><a href=\"http:\/\/www.kurzundschoen.khm.de\/2008\/\" target=\"_blank\" rel=\"noopener\">kurzundsch\u00f6n2008 <\/a><\/b><br \/>\n<b>&#8222;The Great Fratelli&#8220; <\/b><\/p>\n<p><b><a href=\"http:\/\/adaaentry.com\/de\/\" target=\"_blank\" rel=\"noopener\">Semifinalist: Adobe\u00ae Design Achievement Awards, USA <\/a><\/b><br \/>\n<b>&#8222;identit\u00e4t&#8220; <\/b><\/p>\n<p><b><a href=\"http:\/\/www.heimatfestival.de\/\" target=\"_blank\" rel=\"noopener\">Localize &#8211; Das Heimatfestival <\/a><\/b><br \/>\n<b>&#8222;Kleingeldprinzessin und die Stadtpiraten: Zimmer&#8220; <\/b><\/p>\n<p><b><a href=\"http:\/\/www.filmschoolfest-munich.de\/\" target=\"_blank\" rel=\"noopener\">28. Internationales Festival der Filmhochschulen M\u00fcnchen 2008 <\/a><\/b><br \/>\n<b>&#8222;\u00a1AY Caramba!&#8220;<\/b><br \/>\n<b>&#8222;Genuss seit Generationen&#8220;<\/b><\/p>\n<p><b><a href=\"http:\/\/www.miaf.net\/\" target=\"_blank\" rel=\"noopener\">Melbourne International Animation Festival, Australia &#8211; MIAF 2008 <\/a><\/b><br \/>\n<b>&#8222;\u00a1AY Caramba!&#8220;<\/b><\/p>\n<p><b><a href=\"http:\/\/www.poff.ee\/anima\" target=\"_blank\" rel=\"noopener\">Animation Film Festival Animated Dreams <\/a><\/b><br \/>\n<b>&#8222;Kleingeldprinzessin und die Stadtpiraten: Zimmer&#8220;<\/b><\/p>\n<p><b><a href=\"http:\/\/www.liaf.org.uk\/\" target=\"_blank\" rel=\"noopener\">London International Animation Festival 2008 <\/a><\/b><br \/>\n<b>&#8222;\u00a1AY Caramba!&#8220; <\/b><\/p>\n<p><b><a href=\"http:\/\/www.bornshorts.com\/\" target=\"_blank\" rel=\"noopener\">Bornshorts International Short Film Festival, Denmark<\/a><\/b><br \/>\n<b>&#8222;identit\u00e4t&#8220; <\/b><\/p>\n<p><b><a href=\"http:\/\/8.zwergwerk.net\/\" target=\"_blank\" rel=\"noopener\">zwergwerk &#8211; die 8. oldenburger kurzfilmtage <\/a><\/b><br \/>\n<b>&#8222;Kleingeldprinzessin und die Stadtpiraten: Zimmer&#8220; <\/b><\/p>\n<p><b><a href=\"http:\/\/www.festivalanimatu.com\/\" target=\"_blank\" rel=\"noopener\">Animatu, Portugal <\/a><\/b><br \/>\n<b>&#8222;identit\u00e4t&#8220; <\/b><\/p>\n<p><b>3. Coburger Barfilmtage <\/b><br \/>\n<b>&#8222;Marsmobil: Call me&#8220; <\/b><\/p>\n<p><b><a href=\"http:\/\/www.kurzflimmern.org\/\" target=\"_blank\" rel=\"noopener\">Kurzflimmern 2008 <\/a><\/b><br \/>\n<b>&#8222;Kleingeldprinzessin und die Stadtpiraten: Zimmer&#8220; <\/b><\/p>\n<p><b><a href=\"http:\/\/www.kff-osw.com\/\" target=\"_blank\" rel=\"noopener\">3. Internationalen Kurzfilmfestival Berlin-Obersch\u00f6neweide <\/a><\/b><br \/>\n<b>&#8222;Chikinki: Something More&#8220; <\/b><\/p>\n<p><b><a href=\"http:\/\/www.medientage-muenchen.de\/\" target=\"_blank\" rel=\"noopener\">Medientage M\u00fcnchen 2008 <\/a><\/b><br \/>\n<b>&#8222;Toxic Loon: Outbreak&#8220;<\/b><\/p>\n<p><b><a href=\"http:\/\/www.festival-gmbh.de\/\" target=\"_blank\" rel=\"noopener\">15. Internationales Trickfilm-Festival Stuttgart &#8211; Festival of Animated Film 2008 <\/a><\/b><br \/>\n<b>&#8222;Penumbra&#8220; <\/b><\/p>\n<p><b><a href=\"http:\/\/www.festival-nachalo.ru\/eng\/\" target=\"_blank\" rel=\"noopener\">VII Open Saint Petersburg Student Film Festival &#8222;Beginning&#8220; <\/a><\/b><br \/>\n<b>&#8222;Elfi und der Tod&#8220; <\/b><br \/>\n<b>&#8222;Mainstreaming&#8220; <\/b><\/p>\n<p><b><a href=\"http:\/\/www.shortandsweet.tv\/\" target=\"_blank\" rel=\"noopener\">Short &amp; Sweet, London <\/a><\/b><br \/>\n<b>&#8222;identit\u00e4t&#8220; <\/b><\/p>\n<p><b><a href=\"http:\/\/www.encounters-festival.org.uk\/\" target=\"_blank\" rel=\"noopener\">Encounters 14th International Short Film Festival <\/a><\/b><br \/>\n<b>&#8222;\u00a1AY Caramba!&#8220; <\/b><br \/>\n<b>&#8222;Marsmobil: Call me&#8220; <\/b><\/p>\n<p><b><a href=\"http:\/\/www.tarnowidz.pl\/\" target=\"_blank\" rel=\"noopener\">Tarnowidz Festival, Poland <\/a><\/b><br \/>\n<b>&#8222;Dann leben sie noch heute&#8220; <\/b><\/p>\n<p><b><a href=\"http:\/\/www.slashcam.de\/artikel\/Editorials\/Die-Gewinner-des-Sony-und-slashCAM-Shoot---Cut-Awards-2008.html\" target=\"_blank\" rel=\"noopener\">Shoot &amp; Cut Award 2008 <\/a><\/b><br \/>\n<b>&#8222;Alle Zeit der Welt&#8220; <\/b><\/p>\n<p><b><a href=\"http:\/\/www.praedikatwertvoll.at\/home.htm\" target=\"_blank\" rel=\"noopener\">Pr\u00e4dikatwertvoll 2008 <\/a><\/b><br \/>\n<b>&#8222;Elfi und der Tod&#8220; <\/b><\/p>\n<p><b><a href=\"http:\/\/www.wirtschaftsfilmtage.com\/pages\/preise_2008.php#kat_K\" target=\"_blank\" rel=\"noopener\">23. Internationale Wirtschaftssfilmtage 2008, Wien <\/a><\/b><br \/>\n<b>&#8222;Adam &amp; Eva&#8220; <\/b><\/p>\n<p><b><a href=\"http:\/\/www.anifest.cz\/\" target=\"_blank\" rel=\"noopener\">Anifest 2008, Zagreb <\/a><\/b><br \/>\n<b>&#8222;Penumbra&#8220; <\/b><br \/>\n<b>&#8222;\u00a1AY Caramba!&#8220; <\/b><\/p>\n<p><b><a href=\"http:\/\/zoom.karkonosze.com\/\/index.html\" target=\"_blank\" rel=\"noopener\">11. International Film Festival &#8222;ZOOM &#8211; ZBLIZENIA 2008&#8220;, Poland <\/a><\/b><br \/>\n<b>&#8222;Mainstreaming&#8220; <\/b><\/p>\n<p><b><a href=\"http:\/\/www.onedotzero.ch\/\" target=\"_blank\" rel=\"noopener\">Z\u00fcrich Film Festival: onedotzero_ch, Switzerland <\/a><\/b><br \/>\n<b>&#8222;identit\u00e4t&#8220; <\/b><\/p>\n<p><b><a href=\"http:\/\/www.kontrast-filmfest.de\/index.html\" target=\"_blank\" rel=\"noopener\">kontrast 2008, Bayreuth <\/a><\/b><br \/>\n<b>&#8222;Mainstreaming&#8220; <\/b><\/p>\n<p><b><a href=\"http:\/\/www.aiaf.com.au\/\" target=\"_blank\" rel=\"noopener\">Australian International Animation Festival &#8211; AIAF 2008 <\/a><\/b><br \/>\n<b>&#8222;\u00a1AY Caramba!&#8220;<\/b><\/p>\n<p><b><a href=\"http:\/\/www.animabasauri.com\/\" target=\"_blank\" rel=\"noopener\">Animabasauri 4.0, Bilbao <\/a><\/b><br \/>\n<b>&#8222;Mainstreaming&#8220;<\/b><\/p>\n<p><b><a href=\"http:\/\/2008.sehsuechte.de\/\" target=\"_blank\" rel=\"noopener\">sehs\u00fcchte08 <\/a><\/b><br \/>\n<b>Er\u00f6ffnungsfilm des Festivals: &#8222;Mainstreaming&#8220; <\/b><br \/>\n<b>&#8222;\u00a1AY Caramba!&#8220; <\/b><\/p>\n<p><b><a href=\"http:\/\/www.cellulart.de\/\" target=\"_blank\" rel=\"noopener\">Cellu l&#8217;art, 9. Jenaer Kurzfilmfestival <\/a><\/b><br \/>\n<b>&#8222;Mainstreaming&#8220; <\/b><\/p>\n<p><b><a href=\"http:\/\/kinofest.com\/\" target=\"_blank\" rel=\"noopener\">Kinofest Bucharest, Romania <\/a><\/b><br \/>\n<b>&#8222;identit\u00e4t&#8220; <\/b><\/p>\n<p><b><a href=\"http:\/\/www.animationcenter.gr\/\" target=\"_blank\" rel=\"noopener\">3rd athens.animfest <\/a><\/b><br \/>\n<b>&#8222;Mainstreaming&#8220; <\/b><\/p>\n<p><b><a href=\"http:\/\/www.nmn.de\/programm.0.html?pruid=2879&amp;no_cache=1\" target=\"_blank\" rel=\"noopener\">Kurzfilm-Sommernacht, Neues Museum N\u00fcrnberg <\/a><\/b><br \/>\n<b>&#8222;Chikinki: Something More&#8220; <\/b><\/p>\n<p><b><a href=\"http:\/\/www.oskariada.filmforum.pl\/\" target=\"_blank\" rel=\"noopener\">7. International Independent Feature Film Festival OSKARIADA, Warsaw <\/a><\/b><br \/>\n<b>&#8222;\u00a1AY Caramba!&#8220; <\/b><\/p>\n<p><b><a href=\"http:\/\/www.interfilm.de\/\" target=\"_blank\" rel=\"noopener\">Interfilm, Berlin <\/a><\/b><br \/>\n<b>&#8222;identit\u00e4t&#8220; <\/b><br \/>\n<b>&#8222;Lent\u00e4v\u00e4 Tytt\u00f6&#8220; <\/b><\/p>\n<p><b><a href=\"http:\/\/www.grenzlandfilmtage-selb.de\/\" target=\"_blank\" rel=\"noopener\">Grenzlandfilmtage Selb <\/a><\/b><br \/>\n<b>&#8222;\u00a1AY Caramba!&#8220; <\/b><\/p>\n<p><b><a href=\"http:\/\/www.fusion-festival.de\/\" target=\"_blank\" rel=\"noopener\">Fusion Festival 2008 <\/a><\/b><br \/>\n<b>&#8222;Lent\u00e4v\u00e4 Tytt\u00f6&#8220; <\/b><\/p>\n<p><b><a href=\"http:\/\/www.cinecitta.de\/main.html?\/filmeevents\/kurzfilm.html\" target=\"_blank\" rel=\"noopener\">ACT!ON KurzFilmFestival<\/a><\/b><br \/>\n<b>&#8222;Lent\u00e4v\u00e4 Tytt\u00f6&#8220; <\/b><br \/>\n<b>&#8222;Mainstreaming&#8220; <\/b><br \/>\n<b>&#8222;Alle Zeit der Welt&#8220; <\/b><br \/>\n<b>&#8222;The Great Fratelli&#8220; <\/b><br \/>\n<b>&#8222;Dein Wille Geschehe&#8220; <\/b><\/p>\n<p><b><a href=\"http:\/\/www.itva.de\/\" target=\"_blank\" rel=\"noopener\">16. ITVA-Festival <\/a><\/b><br \/>\n<b>&#8222;Adam &amp; Eva&#8220; <\/b><br \/>\n<b>&#8222;Glore&#8220;<\/b><\/p>\n<p><b><a href=\"http:\/\/www.thermaikosfilmfestival.gr\/\" target=\"_blank\" rel=\"noopener\">International Thermaikos 2min Film Festival, Greece <\/a><\/b><br \/>\n<b>&#8222;identit\u00e4t&#8220; <\/b><\/p>\n<p><b><a href=\"http:\/\/www.niff.gr\/index.htm\" target=\"_blank\" rel=\"noopener\">5th Naoussa International Short Film and Video Festival <\/a><\/b><br \/>\n<b>&#8222;Mainstreaming&#8220; <\/b><\/p>\n<p><b><a href=\"http:\/\/www.cineprog.de\/cp07\/fkprovinz\/index.php?show=week&amp;targetkino=staticseite&amp;US=121\" target=\"_blank\" rel=\"noopener\">Provinz, Kaiserslautern <\/a><\/b><br \/>\n<b>&#8222;Lent\u00e4v\u00e4 Tytt\u00f6&#8220; <\/b><\/p>\n<p><b><a href=\"http:\/\/www.studiokino.com\/\" target=\"_blank\" rel=\"noopener\">Zitadelle, Berlin <\/a><\/b><br \/>\n<b>&#8222;Lent\u00e4v\u00e4 Tytt\u00f6&#8220; <\/b><\/p>\n<p><b><a href=\"http:\/\/contravision.de\/\" target=\"_blank\" rel=\"noopener\">16th FILM FESTIVAL CONTRAVISION 2008 <\/a><\/b><br \/>\n<b>&#8222;Toxic Loon: Outbreak&#8220;<\/b><\/p>\n","protected":false},"excerpt":{"rendered":"<p>Aniwow 2008 &#8222;Glore&#8220; Young Collection 40 &#8222;Animation Pur&#8220; &#8222;Kleingeldprinzessin und die Stadtpiraten: Zimmer&#8220; kurzundsch\u00f6n2008 &#8222;The Great Fratelli&#8220; Semifinalist: Adobe\u00ae Design Achievement Awards, USA &#8222;identit\u00e4t&#8220; Localize &#8211; Das Heimatfestival &#8222;Kleingeldprinzessin und die Stadtpiraten: Zimmer&#8220; 28. Internationales Festival der Filmhochschulen M\u00fcnchen 2008 &#8222;\u00a1AY Caramba!&#8220; &#8222;Genuss seit Generationen&#8220; Melbourne International Animation Festival, Australia &#8211; MIAF 2008 &#8222;\u00a1AY Caramba!&#8220;&hellip;<\/p>\n","protected":false},"author":1,"featured_media":0,"parent":25,"menu_order":0,"comment_status":"closed","ping_status":"closed","template":"","meta":{"footnotes":""},"class_list":["post-241","page","type-page","status-publish","hentry","empty-entry-meta"],"jetpack_sharing_enabled":true,"_links":{"self":[{"href":"https:\/\/d.th-nuernberg.de\/film\/wp-json\/wp\/v2\/pages\/241","targetHints":{"allow":["GET"]}}],"collection":[{"href":"https:\/\/d.th-nuernberg.de\/film\/wp-json\/wp\/v2\/pages"}],"about":[{"href":"https:\/\/d.th-nuernberg.de\/film\/wp-json\/wp\/v2\/types\/page"}],"author":[{"embeddable":true,"href":"https:\/\/d.th-nuernberg.de\/film\/wp-json\/wp\/v2\/users\/1"}],"replies":[{"embeddable":true,"href":"https:\/\/d.th-nuernberg.de\/film\/wp-json\/wp\/v2\/comments?post=241"}],"version-history":[{"count":5,"href":"https:\/\/d.th-nuernberg.de\/film\/wp-json\/wp\/v2\/pages\/241\/revisions"}],"predecessor-version":[{"id":272,"href":"https:\/\/d.th-nuernberg.de\/film\/wp-json\/wp\/v2\/pages\/241\/revisions\/272"}],"up":[{"embeddable":true,"href":"https:\/\/d.th-nuernberg.de\/film\/wp-json\/wp\/v2\/pages\/25"}],"wp:attachment":[{"href":"https:\/\/d.th-nuernberg.de\/film\/wp-json\/wp\/v2\/media?parent=241"}],"curies":[{"name":"wp","href":"https:\/\/api.w.org\/{rel}","templated":true}]}}