{"id":236,"date":"2018-05-22T17:07:28","date_gmt":"2018-05-22T15:07:28","guid":{"rendered":"https:\/\/d.th-nuernberg.de\/film\/?page_id=236"},"modified":"2018-05-23T16:49:03","modified_gmt":"2018-05-23T14:49:03","slug":"festivals-2007","status":"publish","type":"page","link":"https:\/\/d.th-nuernberg.de\/film\/erfolge\/festivals\/festivals-2007\/","title":{"rendered":"Festivals 2007"},"content":{"rendered":"<p class=\"betont\"><a href=\"http:\/\/www.cinejunior94.org\/\" target=\"_self\"><strong><span lang=\"EN-GB\">17. Festival Cin\u00e9 Junior, Paris<\/span><\/strong><\/a><span lang=\"EN-GB\"><br \/>\n&#8222;Lent\u00e4v\u00e4 Tytt\u00f6&#8220;\u00a0<\/span><\/p>\n<p><strong><a href=\"http:\/\/www.kontrast-filmfest.de\/\" target=\"_self\"><span lang=\"EN-GB\">kontrast 2007, <\/span><\/a><a href=\"http:\/\/www.kontrast-filmfest.de\/\" target=\"_self\"><span lang=\"EN-GB\">Bayreuth<\/span><\/a><\/strong><span lang=\"EN-GB\"><br \/>\n&#8222;Fall Of Antioch&#8220;<br \/>\n&#8222;Verwunschen Ist Alles Zur H\u00e4lfte&#8220;\u00a0<\/span><\/p>\n<p class=\"betont\"><a href=\"http:\/\/www.indielisboa.com\/\" target=\"_self\"><strong><span lang=\"EN-GB\">4th IndieLisboa &#8211; International Independent Film Festival<\/span><\/strong><span lang=\"EN-GB\"><br \/>\n<\/span><\/a><span lang=\"EN-GB\">&#8222;Lent\u00e4v\u00e4 Tytt\u00f6&#8220;\u00a0<\/span><\/p>\n<p class=\"betont\"><a href=\"http:\/\/www.omroep.nl\/nps\/\" target=\"_self\"><strong><span lang=\"EN-GB\">International Film Festival Rotterdam 2007<\/span><\/strong><\/a><span lang=\"EN-GB\"><br \/>\n&#8222;The Notwist: One With The Freaks&#8220;\u00a0<\/span><\/p>\n<p class=\"betont\"><strong><a href=\"http:\/\/www.ifct.org\/\" target=\"_self\"><span lang=\"EN-GB\">The Int&#8217;l Fest of Cinema and Technology 2007<\/span><\/a><\/strong><b><span lang=\"EN-GB\"><br \/>\n<\/span><\/b><span lang=\"EN-GB\">&#8222;Verwunschen Ist Alles Zur H\u00e4lfte&#8220;\u00a0<\/span><\/p>\n<p><a href=\"http:\/\/www.grenzlandfilmtage-selb.de\/\" target=\"_self\"><strong><span lang=\"EN-GB\">Grenzlandfilmtage Selb<\/span><\/strong><\/a><span lang=\"EN-GB\"><br \/>\n&#8222;Lent\u00e4v\u00e4 Tytt\u00f6&#8220;<br \/>\n&#8222;The Notwist: One With The Freaks&#8220;\u00a0<\/span><\/p>\n<p class=\"betont\"><strong><a href=\"http:\/\/www.landshuter-kurzfilmfestival.de\/\" target=\"_self\"><span lang=\"EN-GB\">8. Landshuter Kurzfilmfestival<\/span><\/a><\/strong><b><span lang=\"EN-GB\"><br \/>\n<\/span><\/b><span lang=\"EN-GB\">&#8222;Lent\u00e4v\u00e4 Tytt\u00f6&#8220;\u00a0<\/span><\/p>\n<p><a href=\"http:\/\/www.cinema.nl\/cinema\/specials\/binders\/index.jsp?portals=3142294&amp;maps=25209957&amp;binders=25198426\" target=\"_self\"><strong><span lang=\"EN-GB\">cinema.nl<\/span><\/strong><\/a><span lang=\"EN-GB\"><br \/>\n&#8222;The Notwist: One With The Freaks&#8220;<br \/>\n&#8222;Lent\u00e4v\u00e4 Tytt\u00f6&#8220; <\/span><\/p>\n<p><strong><a href=\"http:\/\/www.filmfest-augsburg.de\/\" target=\"_self\"><span lang=\"EN-GB\">14. Augsburger Kurzfilmwochenende<\/span><span lang=\"EN-GB\"><br \/>\n<\/span><\/a><\/strong><span lang=\"EN-GB\">&#8222;The Notwist: One With The Freaks&#8220;\u00a0<\/span><\/p>\n<p><strong><a href=\"http:\/\/www.gkids.com\/\" target=\"_self\"><span lang=\"EN-GB\">New York International Children`s Film Festival<\/span><span lang=\"EN-GB\"><br \/>\n<\/span><\/a><\/strong><span lang=\"EN-GB\">&#8222;Lent\u00e4v\u00e4 Tytt\u00f6&#8220;\u00a0<\/span><\/p>\n<p class=\"betont\"><a href=\"http:\/\/www.jugendfilmfestival.de\/\" target=\"_self\"><strong><span lang=\"EN-GB\">19. Mittelfr\u00e4nkisches Jugendfilmfestival<\/span><\/strong><\/a><span lang=\"EN-GB\"><br \/>\n&#8222;The Notwist: One With The Freaks&#8220;\u00a0<\/span><\/p>\n<p><strong><a href=\"http:\/\/www.impakt.nl\/\" target=\"_self\"><span lang=\"EN-GB\">Impakt Festival, The Netherlands<\/span><\/a><\/strong><span lang=\"EN-GB\"><br \/>\n&#8222;The Notwist: One With The Freaks&#8220;\u00a0<\/span><\/p>\n<p class=\"betont\"><a href=\"http:\/\/www.crossroadsfilmfest.com\/\" target=\"_self\"><strong><span lang=\"EN-GB\">8th Annual Crossroads Film Festival, Jackson-MS<\/span><\/strong><\/a><span lang=\"EN-GB\"><br \/>\n&#8222;Fall Of Antioch&#8220;\u00a0<\/span><span lang=\"EN-GB\">\u00a0<\/span><span lang=\"EN-GB\">\u00a0<\/span><\/p>\n<p><strong>Pr\u00e4dikat: wertvoll 2007<\/strong><b><br \/>\n<\/b>&#8222;Lent\u00e4v\u00e4 Tytt\u00f6&#8220;<\/p>\n<p><a href=\"http:\/\/web.mit.edu\/shortfilm\/\" target=\"_self\"><strong><span lang=\"EN-GB\">MIT Short Film Festival 2007<\/span><\/strong><\/a><b><span lang=\"EN-GB\"><br \/>\n<\/span><\/b><span lang=\"EN-GB\">&#8222;Bon Voyage&#8220;<br \/>\n&#8222;The Notwist: One With The Freaks&#8220;\u00a0<\/span><\/p>\n<p><a href=\"http:\/\/www.arcipelagofilmfestival.org\/\" target=\"_self\"><strong><span lang=\"EN-GB\">ARCIPELAGO, International Festival of Short Films, <\/span><\/strong><\/a><a href=\"http:\/\/www.arcipelagofilmfestival.org\/\" target=\"_self\"><strong><span lang=\"EN-GB\">Roma<\/span><\/strong><span lang=\"EN-GB\"><br \/>\n<\/span><\/a><span lang=\"EN-GB\">&#8222;The Notwist: One With The Freaks&#8220;\u00a0<\/span><\/p>\n<p class=\"betont\"><strong><a href=\"http:\/\/www.videofestival.org\/\" target=\"_self\"><span lang=\"EN-GB\">17. Internationales Videofestival Bochum<\/span><\/a><\/strong><span lang=\"EN-GB\"><br \/>\n&#8222;The Notwist: One With The Freaks&#8220;\u00a0<\/span><\/p>\n<p><a href=\"http:\/\/www.bok.bialystok.pl\/dni_sztuki_wspolczesnej.php\" target=\"_self\"><strong><span lang=\"EN-GB\">Dni Sztuki Wsp\u00f3\u0142czesnej &#8211; The Days of Modern Art, Bialystok, Polen<\/span><\/strong><\/a><span lang=\"EN-GB\"><br \/>\n&#8222;Lent\u00e4v\u00e4 Tytt\u00f6&#8220;\u00a0<\/span><\/p>\n<p class=\"betont\"><strong><a href=\"http:\/\/www.viennashorts.com\/\" target=\"_self\"><span lang=\"EN-GB\">VIS Vienna Independent Shorts<\/span><\/a><\/strong><b><span lang=\"EN-GB\"><br \/>\n<\/span><\/b><span lang=\"EN-GB\">&#8222;The Notwist: One With The Freaks&#8220;\u00a0<\/span><\/p>\n<p><a href=\"http:\/\/www.crashfest.gr\/en\/info\" target=\"_self\"><strong><span lang=\"EN-GB\">CRASHFEST 2007, Thessaloniki<\/span><\/strong><\/a><span lang=\"EN-GB\"><br \/>\n&#8222;K&#8220;\u00a0<\/span><\/p>\n<p class=\"betont\"><strong><a href=\"http:\/\/www.alpinale.net\/\" target=\"_self\"><span lang=\"EN-GB\">22. Alpinale, \u00d6sterreich <\/span><span lang=\"EN-GB\"><br \/>\n<\/span><\/a><\/strong><span lang=\"EN-GB\">&#8222;Simons Ranch&#8220;<\/span><\/p>\n<p><strong><a href=\"http:\/\/www.ithaca.edu\/fleff\/welcome.html\" target=\"_self\"><span lang=\"EN-GB\">Ithaca College&#8217;s 10th Finger Lakes Environmental Film Festival, New York<\/span><\/a><\/strong><span lang=\"EN-GB\"><br \/>\n&#8222;The Notwist: One With The Freaks&#8220;<br \/>\n&#8222;Lent\u00e4v\u00e4 Tytt\u00f6&#8220;\u00a0<\/span><\/p>\n<p class=\"betont\"><strong><a href=\"http:\/\/www.itfs.de\/\" target=\"_self\"><span lang=\"EN-GB\">Internationales Trickfilmfestival Stuttgart<\/span><\/a><\/strong><b><span lang=\"EN-GB\"><br \/>\n<\/span><\/b><span lang=\"EN-GB\">&#8222;MTV&#8220;\u00a0(Spec)\u00a0<\/span><\/p>\n<p><a href=\"http:\/\/www.kurzfilm-thalmaessing.de\/\" target=\"_self\"><strong><span lang=\"EN-GB\">14. Thalm\u00e4ssinger Kurzfilmtage<\/span><\/strong><span lang=\"EN-GB\"><br \/>\n<\/span><\/a><span lang=\"EN-GB\">&#8222;Simons Ranch&#8220;\u00a0<\/span><\/p>\n<p class=\"betont\"><a href=\"http:\/\/www.animamundinsc.com.br\/\" target=\"_self\"><strong><span lang=\"EN-GB\">15th International Animation Festival of Brazil, ANIMA MUNDI 2007<\/span><\/strong><\/a><span lang=\"EN-GB\"><br \/>\n&#8222;Lent\u00e4v\u00e4 Tytt\u00f6&#8220;\u00a0<\/span><\/p>\n<p><a href=\"http:\/\/www.busho.hu\/\" target=\"_self\"><strong><span lang=\"EN-GB\">BuSho Festival 2007, Budapest<\/span><\/strong><\/a><span lang=\"EN-GB\"><br \/>\n&#8222;K&#8220;<br \/>\n&#8222;Simons Ranch&#8220;<br \/>\n&#8222;Mainstreaming&#8220;\u00a0<\/span><\/p>\n<p class=\"betont\"><strong><span lang=\"EN-GB\">School Film Festival Cieszyn 2007, Poland<\/span><\/strong><span lang=\"EN-GB\"><br \/>\n&#8222;Zu Dritt&#8220;<br \/>\n&#8222;Bon Voyage&#8220;\u00a0<\/span><\/p>\n<div class=\"paragraph\">\n<div><b><a href=\"http:\/\/www.fusion-festival.de\/\" target=\"_blank\" rel=\"noopener\">11. Fusion Festival<\/a><\/b><br \/>\n<b>&#8222;The Notwist: One With The Freaks&#8220; <\/b><br \/>\n<b>&#8222;Lent\u00e4v\u00e4 Tytt\u00f6&#8220; <\/b><\/p>\n<p><b><a href=\"http:\/\/www.crankcookiekurzfilmtage.de\/\" target=\"_blank\" rel=\"noopener\">Crank Cookie Kurzfilmtage, Passau<\/a><\/b><br \/>\n<b>&#8222;Simons Ranch&#8220; <\/b><\/p>\n<p><b><a href=\"http:\/\/neissefilmfestival.de\/\" target=\"_blank\" rel=\"noopener\">4. Neisse Filmfestival: Tschechien &#8211; Polen &#8211; Deutschland<\/a><\/b><br \/>\n<b>&#8222;Simons Ranch&#8220; <\/b><\/p>\n<p><b><a href=\"http:\/\/kunstimkarree.podspot.de\/\" target=\"_blank\" rel=\"noopener\">Kunst im Karree 2007, Studio Isabella, M\u00fcnchen <\/a><\/b><br \/>\n<b>&#8222;Simons Ranch&#8220; <\/b><\/p>\n<p><b><a href=\"http:\/\/www.nmn.de\/\" target=\"_blank\" rel=\"noopener\">Kurzfilm Sommernacht, Neues Museum N\u00fcrnberg <\/a><\/b><br \/>\n<b>&#8222;Simons Ranch&#8220; <\/b><\/p>\n<p><b><a href=\"http:\/\/www.backup-festival.de\/\" target=\"_blank\" rel=\"noopener\">backup-festival<\/a><\/b><br \/>\n<b>&#8222;Mainstreaming&#8220; <\/b><\/p>\n<p><b><a href=\"http:\/\/www.filmnach8.net\/\" target=\"_blank\" rel=\"noopener\">filmnach8<\/a><\/b><br \/>\n<b>&#8222;Verwunschen Ist Alles Zur H\u00e4lfte&#8220; <\/b><\/p>\n<p><b><a href=\"http:\/\/www.filmfestival.muenster.de\/_2007_\/\" target=\"_blank\" rel=\"noopener\">Filmfestival M\u00fcnster 2007<\/a><\/b><br \/>\n<b>&#8222;Mainstreaming&#8220; <\/b><\/p>\n<p><b><a href=\"http:\/\/kurzundschoen.khm.de\/2007\/sites_de\/preistraeger2007.php\" target=\"_blank\" rel=\"noopener\">kurzundsch\u00f6n 2007<\/a><\/b><br \/>\n<b>&#8222;Penumbra&#8220; <\/b><br \/>\n<b>&#8222;Mainstreaming&#8220; <\/b><\/p>\n<p><b><a href=\"http:\/\/www.eeofe.de\/de\/4_veranstaltungen\/4_3_awards\/index.php\" target=\"_blank\" rel=\"noopener\">Eyes &amp; Ears of Europe 2007<\/a><\/b><br \/>\n<b>&#8222;Penumbra&#8220;<\/b><\/p>\n<p><b><a href=\"http:\/\/www.femminafilm.no\/splash.html\" target=\"_blank\" rel=\"noopener\">Femmina Internasjonale Filmfestiva, Norwegen<\/a><\/b><br \/>\n<b>&#8222;Mainstreaming&#8220; <\/b><\/p>\n<p><b><a href=\"http:\/\/www.ofensiva.pl\/eng\/index.php\" target=\"_blank\" rel=\"noopener\">OFENSIVA &#8211; International Film Festival, Wroclaw<\/a><\/b><br \/>\n<b>&#8222;Mainstreaming&#8220; <\/b><\/p>\n<p><b><a href=\"http:\/\/trunk-video.com\/ettan.htm\" target=\"_blank\" rel=\"noopener\">TRUNK &#8211; The Nordic Art Video Festival, \u00d6stersund <\/a><\/b><br \/>\n<b>&#8222;K&#8220; <\/b><\/p>\n<p><b><a href=\"http:\/\/www.film-fest.org\/\" target=\"_blank\" rel=\"noopener\">International Short film festival &#8222;In the palace&#8220;, Sofia<\/a><\/b><br \/>\n<b>&#8222;Nouvelle Vague: Waves&#8220; <\/b><\/p>\n<p><b><a href=\"http:\/\/www.iafistanbul.com\/\" target=\"_blank\" rel=\"noopener\">International Animation Festival, Istanbul<\/a><\/b><br \/>\n<b>&#8222;Nouvelle Vague: Waves&#8220; <\/b><br \/>\n<b>&#8222;Cubic Love&#8220; <\/b><\/p>\n<p><b>17. Festival Cin\u00e9 Junior, Paris <\/b><br \/>\n<b>&#8222;Lent\u00e4v\u00e4 Tytt\u00f6&#8220;<\/b><\/p>\n<p><b><a href=\"http:\/\/fitzcarraldocineclub.wordpress.com\/\" target=\"_blank\" rel=\"noopener\">CINECLUB FITZCARRALDO, Ragusa Italy<\/a><\/b><br \/>\n<b>&#8222;Lent\u00e4v\u00e4 Tytt\u00f6&#8220; <\/b><\/p>\n<\/div>\n<\/div>\n","protected":false},"excerpt":{"rendered":"<p>17. Festival Cin\u00e9 Junior, Paris &#8222;Lent\u00e4v\u00e4 Tytt\u00f6&#8220;\u00a0 kontrast 2007, Bayreuth &#8222;Fall Of Antioch&#8220; &#8222;Verwunschen Ist Alles Zur H\u00e4lfte&#8220;\u00a0 4th IndieLisboa &#8211; International Independent Film Festival &#8222;Lent\u00e4v\u00e4 Tytt\u00f6&#8220;\u00a0 International Film Festival Rotterdam 2007 &#8222;The Notwist: One With The Freaks&#8220;\u00a0 The Int&#8217;l Fest of Cinema and Technology 2007 &#8222;Verwunschen Ist Alles Zur H\u00e4lfte&#8220;\u00a0 Grenzlandfilmtage Selb &#8222;Lent\u00e4v\u00e4 Tytt\u00f6&#8220;&hellip;<\/p>\n","protected":false},"author":1,"featured_media":0,"parent":25,"menu_order":0,"comment_status":"closed","ping_status":"closed","template":"","meta":{"footnotes":""},"class_list":["post-236","page","type-page","status-publish","hentry","empty-entry-meta"],"jetpack_sharing_enabled":true,"_links":{"self":[{"href":"https:\/\/d.th-nuernberg.de\/film\/wp-json\/wp\/v2\/pages\/236","targetHints":{"allow":["GET"]}}],"collection":[{"href":"https:\/\/d.th-nuernberg.de\/film\/wp-json\/wp\/v2\/pages"}],"about":[{"href":"https:\/\/d.th-nuernberg.de\/film\/wp-json\/wp\/v2\/types\/page"}],"author":[{"embeddable":true,"href":"https:\/\/d.th-nuernberg.de\/film\/wp-json\/wp\/v2\/users\/1"}],"replies":[{"embeddable":true,"href":"https:\/\/d.th-nuernberg.de\/film\/wp-json\/wp\/v2\/comments?post=236"}],"version-history":[{"count":5,"href":"https:\/\/d.th-nuernberg.de\/film\/wp-json\/wp\/v2\/pages\/236\/revisions"}],"predecessor-version":[{"id":273,"href":"https:\/\/d.th-nuernberg.de\/film\/wp-json\/wp\/v2\/pages\/236\/revisions\/273"}],"up":[{"embeddable":true,"href":"https:\/\/d.th-nuernberg.de\/film\/wp-json\/wp\/v2\/pages\/25"}],"wp:attachment":[{"href":"https:\/\/d.th-nuernberg.de\/film\/wp-json\/wp\/v2\/media?parent=236"}],"curies":[{"name":"wp","href":"https:\/\/api.w.org\/{rel}","templated":true}]}}