{"id":17,"date":"2017-12-06T09:06:32","date_gmt":"2017-12-06T08:06:32","guid":{"rendered":"https:\/\/d.th-nuernberg.de\/film\/?page_id=17"},"modified":"2018-05-21T15:01:47","modified_gmt":"2018-05-21T13:01:47","slug":"festivals-2016","status":"publish","type":"page","link":"https:\/\/d.th-nuernberg.de\/film\/erfolge\/festivals\/festivals-2016\/","title":{"rendered":"Festivals 2016"},"content":{"rendered":"<p><b><a href=\"http:\/\/www.eurofilmfest-lille.com\/\" target=\"_blank\" rel=\"noopener\">32\u00e8me \u00e9dition du Festival du Cin\u00e9ma europ\u00e9en, Lille <\/a><\/b><br \/>\n<b>&#8222;Operation Rising Tusk&#8220;<\/b><\/p>\n<p><b><a href=\"http:\/\/www.luxfilmfest.lu\/\" target=\"_blank\" rel=\"noopener\">Luxembourg City Film Festival <\/a><\/b><br \/>\n<b>&#8222;Uncarpeted&#8220;<\/b><\/p>\n<p><b><a href=\"http:\/\/kurzekurze.de\/\" target=\"_blank\" rel=\"noopener\">KurzeKurze &#8211; Student Film Festival <\/a><\/b><br \/>\n<b>&#8222;Mutti sagt&#8220;<\/b><\/p>\n<p><b><a href=\"http:\/\/txikifestival.com\/\" target=\"_blank\" rel=\"noopener\">Txiki Festival <\/a><\/b><br \/>\n<b>&#8222;Operation Rising Tusk&#8220;<\/b><\/p>\n<p><b><a href=\"https:\/\/www.facebook.com\/kitaso-die-Kurz-Filmplattform-f%C3%BCr-Erlangen-und-die-Umgebung-171116662796\/?hc_ref=PAGES_TIMELINE\" target=\"_blank\" rel=\"noopener\">23. [ki&#8217;ta:so]-Filmtage <\/a><\/b><br \/>\n<b>&#8222;Hey Daddy&#8220;<\/b><br \/>\n<b>&#8222;Hausgewandert&#8220;<\/b><br \/>\n<b>&#8222;Tapetenwechsel&#8220;<\/b><br \/>\n<b>&#8222;Mastercraft &#8211; Who Killed Bruce Lee&#8220;<\/b><br \/>\n<b>&#8222;Farewell&#8220;<\/b><br \/>\n<b>&#8222;Mutti sagt&#8220;<\/b><\/p>\n<p><b><a href=\"https:\/\/oradicinema.com\/\" target=\"_blank\" rel=\"noopener\">Verona Film Festival 2016 <\/a><\/b><br \/>\n<b>&#8222;Dustin&#8220;<\/b><\/p>\n<p><b><a href=\"http:\/\/animationfestival.roanne.fr\/\" target=\"_blank\" rel=\"noopener\">Festival international du court m\u00e9trage d&#8217;animation de ROANNE <\/a><\/b><br \/>\n<b>&#8222;Operation Rising Tusk&#8220;<\/b><\/p>\n<p><b><a href=\"https:\/\/getindiewise.com\/\" target=\"_blank\" rel=\"noopener\">Grand IndieWise Convention <\/a><\/b><br \/>\n<b>&#8222;Walk in the Dark&#8220;<\/b><\/p>\n<p><b><a href=\"http:\/\/kitaso.de\/\" target=\"_blank\" rel=\"noopener\">22. [ki&#8217;ta:so]-Filmtage <\/a><\/b><br \/>\n<b>&#8222;Solange wir leben&#8220;<\/b><\/p>\n<p><b><a href=\"http:\/\/cellulart.de\/\" target=\"_blank\" rel=\"noopener\">Cellu l&#8217;art &#8211; Internationales Kurzfilmfestival Jena <\/a><\/b><br \/>\n<b>&#8222;Operation Rising Tusk&#8220;<\/b><\/p>\n<p><b><a href=\"http:\/\/www.cutoutfest.com\/\" target=\"_blank\" rel=\"noopener\">CutOut Fest &#8211; Festival International de animaci\u00f3n y arte digital <\/a><\/b><br \/>\n<b>&#8222;Two Arm Bandit&#8220;<\/b><br \/>\n<b>&#8222;Walk in the Dark&#8220;<\/b><\/p>\n<p><b><a href=\"http:\/\/www.kurzfilmwoche.de\/\" target=\"_blank\" rel=\"noopener\">22. Internationale Kurzfilmwoche Regensburg <\/a><\/b><br \/>\n<b>&#8222;Operation Rising Tusk&#8220;<\/b><\/p>\n<p><b><a href=\"https:\/\/welovedesignaward.com\/\" target=\"_blank\" rel=\"noopener\">WE LOVE DESIGN-Award <\/a><\/b><br \/>\n<b>&#8222;The Dead Circus&#8220;<\/b><\/p>\n<p><b><a href=\"http:\/\/www.filmfest-dresden.de\/de\/\" target=\"_blank\" rel=\"noopener\">28. Filmfest Dresden <\/a><\/b><br \/>\n<b>&#8222;Uncarpeted&#8220;<\/b><\/p>\n<p><b><a href=\"https:\/\/www.comic-salon.de\/de\" target=\"_blank\" rel=\"noopener\">17. Internationaler Comic-Salon Erlangen <\/a><\/b><br \/>\n<b>&#8222;Operation Rising Tusk&#8220;<\/b><\/p>\n<p><b><a href=\"http:\/\/www.eeofe.org\/de\/conference\/programm\" target=\"_blank\" rel=\"noopener\">Eyes &amp; Ears Conference 2016 <\/a><\/b><br \/>\n<b>&#8222;Rouff&#8220;<\/b><\/p>\n<p><b><a href=\"http:\/\/www.xxs-filmfestival.de\/\" target=\"_blank\" rel=\"noopener\">XXS Kurzfilmfestival Dortmund <\/a><\/b><br \/>\n<b>&#8222;Operation Rising Tusk&#8220;<\/b><\/p>\n<p><b><a href=\"http:\/\/www.trescourt.com\/\" target=\"_blank\" rel=\"noopener\">Tr\u00e8s Court Festival International <\/a><\/b><br \/>\n<b>&#8222;Walk in the Dark&#8220;<\/b><\/p>\n<p><b><a href=\"http:\/\/kitaso.de\/\" target=\"_blank\" rel=\"noopener\">21. [ki&#8217;ta:so]-Filmtage <\/a><\/b><br \/>\n<b>&#8222;A Ruh is&#8220;<\/b><br \/>\n<b>&#8222;Uncarpeted&#8220;<\/b><\/p>\n<p><b><a href=\"http:\/\/monstronale.org\/\" target=\"_blank\" rel=\"noopener\">Monstronale 2016, Halle <\/a><\/b><br \/>\n<b>&#8222;Operation Rising Tusk&#8220;<\/b><\/p>\n<p><b><a href=\"http:\/\/jugendfilmfestival.de\/\" target=\"_blank\" rel=\"noopener\">28. Mittelfr\u00e4nkisches Jugendfilmfestival <\/a><\/b><br \/>\n<b>&#8222;Dr. Schiwago ist tot &#8222;<\/b><br \/>\n<b>&#8222;Charlotte&#8220;<\/b><br \/>\n<b>&#8222;The Dead Circus&#8220;<\/b><br \/>\n<b>&#8222;Nothing Else&#8220;<\/b><\/p>\n<p><b><a href=\"http:\/\/www.hoersaalkino.de\/\" target=\"_blank\" rel=\"noopener\">H\u00f6rsaalkino Jena <\/a><\/b><br \/>\n<b>&#8222;Operation Rising Tusk&#8220;<\/b><\/p>\n<p><b><a href=\"http:\/\/www.kurzfilmfest-muenchen.de\/\" target=\"_blank\" rel=\"noopener\">Bunter Hund 17. Internationales Kurzfilmfest M\u00fcnchen <\/a><\/b><br \/>\n<b>&#8222;Uncarpeted&#8220;<\/b><\/p>\n<p><b><a href=\"http:\/\/ff-schlingel.de\/\" target=\"_blank\" rel=\"noopener\">22. Internationales Filmfestival Schlingel <\/a><\/b><br \/>\n<b>&#8222;Operation Rising Tusk&#8220;<\/b><\/p>\n<p><b><a href=\"http:\/\/kultcrossing.de\/index.php?id=74&amp;no_cache=1&amp;tx_ttnews%5Btt_news%5D=592\" target=\"_blank\" rel=\"noopener\">KultCrossing &#8211; Kurzfilmfest f\u00fcr Sch\u00fclerInnen &#8222;mov 2016&#8220; <\/a><\/b><br \/>\n<b>&#8222;Operation Rising Tusk&#8220;<\/b><br \/>\n<b> <\/b><\/p>\n","protected":false},"excerpt":{"rendered":"<p>32\u00e8me \u00e9dition du Festival du Cin\u00e9ma europ\u00e9en, Lille &#8222;Operation Rising Tusk&#8220; Luxembourg City Film Festival &#8222;Uncarpeted&#8220; KurzeKurze &#8211; Student Film Festival &#8222;Mutti sagt&#8220; Txiki Festival &#8222;Operation Rising Tusk&#8220; 23. [ki&#8217;ta:so]-Filmtage &#8222;Hey Daddy&#8220; &#8222;Hausgewandert&#8220; &#8222;Tapetenwechsel&#8220; &#8222;Mastercraft &#8211; Who Killed Bruce Lee&#8220; &#8222;Farewell&#8220; &#8222;Mutti sagt&#8220; Verona Film Festival 2016 &#8222;Dustin&#8220; Festival international du court m\u00e9trage d&#8217;animation de&hellip;<\/p>\n","protected":false},"author":1,"featured_media":0,"parent":25,"menu_order":0,"comment_status":"closed","ping_status":"closed","template":"","meta":{"footnotes":""},"class_list":["post-17","page","type-page","status-publish","hentry","empty-entry-meta"],"jetpack_sharing_enabled":true,"_links":{"self":[{"href":"https:\/\/d.th-nuernberg.de\/film\/wp-json\/wp\/v2\/pages\/17","targetHints":{"allow":["GET"]}}],"collection":[{"href":"https:\/\/d.th-nuernberg.de\/film\/wp-json\/wp\/v2\/pages"}],"about":[{"href":"https:\/\/d.th-nuernberg.de\/film\/wp-json\/wp\/v2\/types\/page"}],"author":[{"embeddable":true,"href":"https:\/\/d.th-nuernberg.de\/film\/wp-json\/wp\/v2\/users\/1"}],"replies":[{"embeddable":true,"href":"https:\/\/d.th-nuernberg.de\/film\/wp-json\/wp\/v2\/comments?post=17"}],"version-history":[{"count":3,"href":"https:\/\/d.th-nuernberg.de\/film\/wp-json\/wp\/v2\/pages\/17\/revisions"}],"predecessor-version":[{"id":160,"href":"https:\/\/d.th-nuernberg.de\/film\/wp-json\/wp\/v2\/pages\/17\/revisions\/160"}],"up":[{"embeddable":true,"href":"https:\/\/d.th-nuernberg.de\/film\/wp-json\/wp\/v2\/pages\/25"}],"wp:attachment":[{"href":"https:\/\/d.th-nuernberg.de\/film\/wp-json\/wp\/v2\/media?parent=17"}],"curies":[{"name":"wp","href":"https:\/\/api.w.org\/{rel}","templated":true}]}}