{"id":4,"date":"2017-02-07T09:06:29","date_gmt":"2017-02-07T08:06:29","guid":{"rendered":"https:\/\/d.th-nuernberg.de\/cgo\/?page_id=4"},"modified":"2021-03-02T08:19:52","modified_gmt":"2021-03-02T07:19:52","slug":"4-2","status":"publish","type":"page","link":"https:\/\/d.th-nuernberg.de\/cgo\/","title":{"rendered":"Aktuell"},"content":{"rendered":"<p><strong>Die Moduls\u00e4ule vermittelt grundlegende Kompetenzen f\u00fcr die Gestaltung von dreidimensionalen Objekten.<\/strong><\/p>\n<p>Durch die vertiefte Auseinandersetzung mit digitalen Gestaltungswerkzeugen und Strategien f\u00fcr Prototyping und Materialisierung er\u00f6ffnen sich vielf\u00e4ltige Anwendungsfelder und T\u00e4tigkeitsbereiche, vom Industriedesign \u00fcber die digitale Manufaktur hin zu Motion Graphics und VR\/AR.<\/p>\n<p><img fetchpriority=\"high\" decoding=\"async\" class=\"alignnone size-full wp-image-771\" src=\"https:\/\/d.th-nuernberg.de\/cgo\/wp-content\/uploads\/sites\/14\/2018\/12\/Banner6.gif\" alt=\"\" width=\"800\" height=\"600\" \/><em><small><strong>Digitale Entwurfs- und Fertigungsmethoden bieten mannigfaltige Potenziale f\u00fcr Gestalterinnen und Designer:<\/strong> Studierendenarbeiten aus allen Semestern: a flimsy seat, structured light, Konstruktion, materialgetriebener Entwurf &#8211; Betreuung CGI-BA-Arbeit, 3D-Druck Prothesen &#8211; Projektwoche, future every thing, aufblasbare Solar-Leuchten &#8211; Wahlpflichtfach, off the wall &#8211; Orientierungsstufe, Modellbau, Schreibwerkzeug, Thema Form (Vielen Dank an die Studierenden f\u00fcr das Zurverf\u00fcgungstellen des Bildmaterials, Einzelnachweise gerne, auf Verlangen).<br \/>\n<\/small><\/em><\/p>\n<p>&nbsp;<\/p>\n<ul>\n<li><strong>&#8230; f\u00fcr zwischendurch &#8230; (mehr davon hier https:\/\/d.th-nuernberg.de\/cgo\/tools\/)<br \/>\n<\/strong><\/li>\n<li><\/li>\n<li><strong>Lesen<\/strong>\n<ul>\n<li>Additive Fertigung ver\u00e4ndert die Art, wie wir Dinge produzieren grunds\u00e4tzlich (sagt der CEO einer 3D-Drucker-Firma am WEF 2018): https:\/\/www.weforum.org\/agenda\/2018\/03\/the-way-we-make-things-will-fundamentally-change\/<\/li>\n<\/ul>\n<\/li>\n<\/ul>\n<p>&nbsp;<\/p>\n<ul>\n<li><strong>\u00dcbung zur Anzeichenfunktion<\/strong>\n<ul>\n<li>Sch\u00e4rfen Sie Ihren Blick f\u00fcr Griffe, Kn\u00f6pfe, Schalter, Hebel, &#8230; in Ihrem t\u00e4glichen Umfeld. Erstellen Sie eine zeichnerische\/fotografische Recherche. Kategorisierung: gibt es Gemeinsamkeiten, Unterschiede? Wie sind diese begr\u00fcndbar? Auswertung: Was funktioniert gut, ist intuitiv verst\u00e4ndlich, was nicht? Reflektion \u00fcber Anbringungskontext, erwartete Funktion, Form, Farbe, Material und Textur. Ggf. Verbesserungsvorschlag.<em><small><strong>(Dank an Heike Raap<\/strong>, via designwissen.net, f\u00fcr die Anregung, http:\/\/bit.ly\/2xNMWpH)<\/small><\/em><\/li>\n<\/ul>\n<\/li>\n<\/ul>\n<p>&nbsp;<\/p>\n<ul>\n<li><strong>Emotionale Produkte<\/strong>\n<ul>\n<li>Gibt es Dinge, f\u00fcr die Sie unverh\u00e4ltnism\u00e4ssig viel Geld ausgeben? Bei denen Sie zB. wissen, dass sie in der Produktion gar nicht so viel kosten, die Sie aber trotzdem haben m\u00fcssen? Falls ja, was f\u00fchrt dazu, dass Sie das Gef\u00fchl haben, sie besitzen zu wollen? Was versprechen Sie sich davon?<\/li>\n<\/ul>\n<\/li>\n<\/ul>\n<p>&nbsp;<\/p>\n<p>&nbsp;<\/p>\n<p>&nbsp;<\/p>\n<p><strong>Laufende Wettbewerbe, F\u00f6rderung und Ausstellung:<\/strong><\/p>\n<p><a href=\"https:\/\/scholarships.istitutomarangoni.com\/campaign\/dezeen\">Wettbewerb MA Stipendium &#8222;Future Products&#8220;, London School of Design &amp; Fashion<\/a><\/p>\n<p><a href=\"https:\/\/www.purmundus-challenge.com\/de\/\">Purmundus Challenge<\/a><\/p>\n<div class=\"\">\n<div>\n<p><a href=\"https:\/\/www.3dpc.io\/de\/about\">3D Pioneers Challenge<\/a><\/p>\n<p><a href=\"https:\/\/www.jamesdysonaward.org\/\">Dyson Student Award<\/a><\/p>\n<p><a href=\"http:\/\/www.staatspreis.de\">Bayr. Staatspreis f\u00fcr Nachwuchsdesign aus D<\/a><\/p>\n<\/div>\n<\/div>\n<p><a href=\"https:\/\/www.braunprize.org\">Braun Prize Germany<\/a><\/p>\n<p><a href=\"https:\/\/www.hwk-expo.de\/#\/expoOverview\">Talente Wettbewerb der HWK M\u00fcnchen<\/a><\/p>\n<p><a href=\"https:\/\/stilwerk.com\/de\/microsite\/lucky-strike-junior-designer-award\">Lucky Strike Junior Award<\/a><\/p>\n<p><a href=\"https:\/\/bundespreis-ecodesign.de\/de\/index.html\">Bundespreis \u00d6ko-Design<\/a><\/p>\n<p>&nbsp;<\/p>\n<p>&nbsp;<\/p>\n","protected":false},"excerpt":{"rendered":"<p>Die Moduls\u00e4ule vermittelt grundlegende Kompetenzen f\u00fcr die Gestaltung von dreidimensionalen Objekten. Durch die vertiefte Auseinandersetzung mit digitalen Gestaltungswerkzeugen und Strategien f\u00fcr Prototyping und Materialisierung er\u00f6ffnen sich vielf\u00e4ltige Anwendungsfelder und T\u00e4tigkeitsbereiche, vom Industriedesign \u00fcber die digitale Manufaktur hin zu Motion Graphics und VR\/AR. Digitale Entwurfs- und Fertigungsmethoden bieten mannigfaltige Potenziale f\u00fcr Gestalterinnen und Designer: Studierendenarbeiten aus&hellip;<\/p>\n","protected":false},"author":1,"featured_media":0,"parent":0,"menu_order":0,"comment_status":"closed","ping_status":"closed","template":"","meta":{"jetpack_post_was_ever_published":false,"footnotes":""},"class_list":["post-4","page","type-page","status-publish","hentry","empty-entry-meta"],"jetpack_sharing_enabled":true,"jetpack_shortlink":"https:\/\/wp.me\/P8nm4h-4","_links":{"self":[{"href":"https:\/\/d.th-nuernberg.de\/cgo\/wp-json\/wp\/v2\/pages\/4","targetHints":{"allow":["GET"]}}],"collection":[{"href":"https:\/\/d.th-nuernberg.de\/cgo\/wp-json\/wp\/v2\/pages"}],"about":[{"href":"https:\/\/d.th-nuernberg.de\/cgo\/wp-json\/wp\/v2\/types\/page"}],"author":[{"embeddable":true,"href":"https:\/\/d.th-nuernberg.de\/cgo\/wp-json\/wp\/v2\/users\/1"}],"replies":[{"embeddable":true,"href":"https:\/\/d.th-nuernberg.de\/cgo\/wp-json\/wp\/v2\/comments?post=4"}],"version-history":[{"count":197,"href":"https:\/\/d.th-nuernberg.de\/cgo\/wp-json\/wp\/v2\/pages\/4\/revisions"}],"predecessor-version":[{"id":1579,"href":"https:\/\/d.th-nuernberg.de\/cgo\/wp-json\/wp\/v2\/pages\/4\/revisions\/1579"}],"wp:attachment":[{"href":"https:\/\/d.th-nuernberg.de\/cgo\/wp-json\/wp\/v2\/media?parent=4"}],"curies":[{"name":"wp","href":"https:\/\/api.w.org\/{rel}","templated":true}]}}