{"id":361,"date":"2018-03-19T15:28:21","date_gmt":"2018-03-19T14:28:21","guid":{"rendered":"https:\/\/d.th-nuernberg.de\/cgo\/?page_id=361"},"modified":"2020-03-16T15:59:53","modified_gmt":"2020-03-16T14:59:53","slug":"zwischenablage","status":"publish","type":"page","link":"https:\/\/d.th-nuernberg.de\/cgo\/zwischenablage\/","title":{"rendered":"Zwischenablage"},"content":{"rendered":"<p><strong>Downloads Sommersemester 2018:<\/strong><\/p>\n<ul>\n<li>CGO1, 1. Semester, Orientierungsstufe:\n<ul>\n<li>Semester\u00fcbersicht:<\/li>\n<\/ul>\n<\/li>\n<\/ul>\n<p>&nbsp;<\/p>\n<ul>\n<li>CGO2, 2. Semester, Wahrnehmen\/Analysieren\/Gestalten:\n<ul>\n<li>Semester\u00fcbersicht:<\/li>\n<\/ul>\n<\/li>\n<\/ul>\n<p>&nbsp;<\/p>\n<ul>\n<li>CGO3, 3. Semester, Angewandtes Design:\n<ul>\n<li>Semester\u00fcbersicht:<\/li>\n<\/ul>\n<\/li>\n<\/ul>\n<p>&nbsp;<\/p>\n<ul>\n<li>CGO4, 4. Semester, Kontext:\n<ul>\n<li>Semester\u00fcbersicht:<\/li>\n<\/ul>\n<\/li>\n<\/ul>\n<p>&nbsp;<\/p>\n<ul>\n<li>CGO Wahlpflichtfach:\n<ul>\n<li>Semester\u00fcbersicht:<\/li>\n<\/ul>\n<\/li>\n<\/ul>\n<p>&nbsp;<\/p>\n<ul>\n<li>Projektwoche:\n<ul>\n<li>Roundtrip Design NL<\/li>\n<\/ul>\n<\/li>\n<\/ul>\n<p>&nbsp;<\/p>\n<p>&nbsp;<\/p>\n<p>&nbsp;<\/p>\n<p>&nbsp;<\/p>\n<p>&nbsp;<\/p>\n<p>&nbsp;<\/p>\n<p>&nbsp;<\/p>\n<p>&lt;li&gt;CGO1, 1. Semester, Orientierungsstufe:&lt;a href=&#8220;https:\/\/d.th-nuernberg.de\/cgo\/wp-content\/uploads\/sites\/14\/2019\/10\/BA1.pdf&#8220;&gt;Termine&lt;\/a&gt; &lt;a href=&#8220;https:\/\/d.th-nuernberg.de\/cgo\/wp-content\/uploads\/sites\/14\/2019\/09\/190926_MeinDing.pdf&#8220;&gt;Mein Ding&lt;\/a&gt; &lt;a href=&#8220;https:\/\/d.th-nuernberg.de\/cgo\/wp-content\/uploads\/sites\/14\/2019\/09\/190926_BA1_Semesterdokumentation.pdf&#8220;&gt;Dokumentation&lt;\/a&gt;&lt;\/li&gt;<br \/>\n&lt;li&gt;CGO2, 2. Semester, Wahrnehmen &#8211; Analysieren &#8211; Gestalten: &lt;a href=&#8220;https:\/\/d.th-nuernberg.de\/cgo\/wp-content\/uploads\/sites\/14\/2019\/10\/BA2.pdf&#8220;&gt;Termine&lt;\/a&gt;&lt;\/li&gt;<br \/>\n&lt;li&gt;Reader Produktsprache f\u00fcr CGO2: &lt;a href=&#8220;https:\/\/d.th-nuernberg.de\/cgo\/downloads\/&#8220;&gt;https:\/\/d.th-nuernberg.de\/cgo\/downloads\/&lt;\/a&gt;&lt;\/li&gt;<br \/>\n&lt;li&gt;Design Sketching f\u00fcr CGO2: &lt;a href=&#8220;https:\/\/d.th-nuernberg.de\/cgo\/design-sketching\/&#8220;&gt;Termine &amp;amp; Einkaufsliste&lt;\/a&gt;&lt;\/li&gt;<br \/>\n&lt;li&gt;CGO3, 3. Semester, Angewandtes Design:&lt;a href=&#8220;https:\/\/d.th-nuernberg.de\/cgo\/wp-content\/uploads\/sites\/14\/2019\/10\/BA3.pdf&#8220;&gt;BA3&lt;\/a&gt; &lt;a href=&#8220;https:\/\/d.th-nuernberg.de\/cgo\/wp-content\/uploads\/sites\/14\/2019\/10\/BA3_PocketLight.pdf&#8220;&gt;BA3_PocketLight&lt;\/a&gt;&lt;\/li&gt;<br \/>\n&lt;li&gt;CGO4, 4. Semester, Kontext: &lt;a href=&#8220;https:\/\/d.th-nuernberg.de\/cgo\/wp-content\/uploads\/sites\/14\/2019\/10\/BA4-1.pdf&#8220;&gt;BA4&lt;\/a&gt; &lt;a href=&#8220;https:\/\/d.th-nuernberg.de\/cgo\/wp-content\/uploads\/sites\/14\/2019\/10\/BA4_Projekt-1.pdf&#8220;&gt;BA4_Projekt&lt;\/a&gt;&lt;\/li&gt;<br \/>\n&lt;li&gt;CGO6, 6. Semester, Alltagsdesign:&lt;a href=&#8220;https:\/\/d.th-nuernberg.de\/cgo\/wp-content\/uploads\/sites\/14\/2020\/01\/BA6_2.pdf&#8220;&gt;BA6_2&lt;\/a&gt; &lt;a href=&#8220;https:\/\/d.th-nuernberg.de\/cgo\/wp-content\/uploads\/sites\/14\/2019\/10\/BA6_LunchBowl.pdf&#8220;&gt;BA6_LunchBowl&lt;\/a&gt;&lt;\/li&gt;<br \/>\n&lt;\/ul&gt;<br \/>\n&amp;nbsp;<\/p>\n<p>&nbsp;<\/p>\n","protected":false},"excerpt":{"rendered":"<p>Downloads Sommersemester 2018: CGO1, 1. Semester, Orientierungsstufe: Semester\u00fcbersicht: &nbsp; CGO2, 2. Semester, Wahrnehmen\/Analysieren\/Gestalten: Semester\u00fcbersicht: &nbsp; CGO3, 3. Semester, Angewandtes Design: Semester\u00fcbersicht: &nbsp; CGO4, 4. Semester, Kontext: Semester\u00fcbersicht: &nbsp; CGO Wahlpflichtfach: Semester\u00fcbersicht: &nbsp; Projektwoche: Roundtrip Design NL &nbsp; &nbsp; &nbsp; &nbsp; &nbsp; &nbsp; &nbsp; &lt;li&gt;CGO1, 1. Semester, Orientierungsstufe:&lt;a href=&#8220;https:\/\/d.th-nuernberg.de\/cgo\/wp-content\/uploads\/sites\/14\/2019\/10\/BA1.pdf&#8220;&gt;Termine&lt;\/a&gt; &lt;a href=&#8220;https:\/\/d.th-nuernberg.de\/cgo\/wp-content\/uploads\/sites\/14\/2019\/09\/190926_MeinDing.pdf&#8220;&gt;Mein Ding&lt;\/a&gt; &lt;a href=&#8220;https:\/\/d.th-nuernberg.de\/cgo\/wp-content\/uploads\/sites\/14\/2019\/09\/190926_BA1_Semesterdokumentation.pdf&#8220;&gt;Dokumentation&lt;\/a&gt;&lt;\/li&gt; &lt;li&gt;CGO2, 2.&hellip;<\/p>\n","protected":false},"author":14,"featured_media":0,"parent":0,"menu_order":0,"comment_status":"closed","ping_status":"closed","template":"","meta":{"jetpack_post_was_ever_published":false,"footnotes":""},"class_list":["post-361","page","type-page","status-publish","hentry","empty-entry-meta"],"jetpack_sharing_enabled":true,"jetpack_shortlink":"https:\/\/wp.me\/P8nm4h-5P","_links":{"self":[{"href":"https:\/\/d.th-nuernberg.de\/cgo\/wp-json\/wp\/v2\/pages\/361","targetHints":{"allow":["GET"]}}],"collection":[{"href":"https:\/\/d.th-nuernberg.de\/cgo\/wp-json\/wp\/v2\/pages"}],"about":[{"href":"https:\/\/d.th-nuernberg.de\/cgo\/wp-json\/wp\/v2\/types\/page"}],"author":[{"embeddable":true,"href":"https:\/\/d.th-nuernberg.de\/cgo\/wp-json\/wp\/v2\/users\/14"}],"replies":[{"embeddable":true,"href":"https:\/\/d.th-nuernberg.de\/cgo\/wp-json\/wp\/v2\/comments?post=361"}],"version-history":[{"count":3,"href":"https:\/\/d.th-nuernberg.de\/cgo\/wp-json\/wp\/v2\/pages\/361\/revisions"}],"predecessor-version":[{"id":1397,"href":"https:\/\/d.th-nuernberg.de\/cgo\/wp-json\/wp\/v2\/pages\/361\/revisions\/1397"}],"wp:attachment":[{"href":"https:\/\/d.th-nuernberg.de\/cgo\/wp-json\/wp\/v2\/media?parent=361"}],"curies":[{"name":"wp","href":"https:\/\/api.w.org\/{rel}","templated":true}]}}