{"id":154,"date":"2015-05-21T09:31:36","date_gmt":"2015-05-21T09:31:36","guid":{"rendered":"https:\/\/d.th-nuernberg.de\/cgi\/?post_type=jetpack-portfolio&#038;p=154"},"modified":"2015-05-24T10:41:39","modified_gmt":"2015-05-24T10:41:39","slug":"subjektive","status":"publish","type":"jetpack-portfolio","link":"https:\/\/d.th-nuernberg.de\/cgi\/portfolio\/subjektive\/","title":{"rendered":"Subjektive Fotografie"},"content":{"rendered":"<div id=\"attachment_155\" style=\"width: 840px\" class=\"wp-caption alignnone\"><img fetchpriority=\"high\" decoding=\"async\" aria-describedby=\"caption-attachment-155\" class=\"wp-image-155 size-image-full-width\" src=\"https:\/\/d.th-nuernberg.de\/cgi\/wp-content\/uploads\/sites\/9\/2015\/05\/Amir-Khan-Dj-Afschar-1100x1440.jpg\" alt=\"Amir Khan Dj Afschar\" width=\"840\" height=\"1100\" srcset=\"https:\/\/d.th-nuernberg.de\/cgi\/wp-content\/uploads\/sites\/9\/2015\/05\/Amir-Khan-Dj-Afschar-1100x1440.jpg 1100w, https:\/\/d.th-nuernberg.de\/cgi\/wp-content\/uploads\/sites\/9\/2015\/05\/Amir-Khan-Dj-Afschar-840x1099.jpg 840w, https:\/\/d.th-nuernberg.de\/cgi\/wp-content\/uploads\/sites\/9\/2015\/05\/Amir-Khan-Dj-Afschar-340x445.jpg 340w, https:\/\/d.th-nuernberg.de\/cgi\/wp-content\/uploads\/sites\/9\/2015\/05\/Amir-Khan-Dj-Afschar-138x180.jpg 138w, https:\/\/d.th-nuernberg.de\/cgi\/wp-content\/uploads\/sites\/9\/2015\/05\/Amir-Khan-Dj-Afschar.jpg 1146w\" sizes=\"(max-width: 840px) 100vw, 840px\" \/><p id=\"caption-attachment-155\" class=\"wp-caption-text\">Amir Khan Dj Afschar<\/p><\/div>\n<h3>CGI goes Otto Steinert<\/h3>\n<p>Vordergr\u00fcndig mag man den hier vorliegenden computergenerierten Bildern Anachronismus unterstellen. Zumal sie sich explizit auf einen \u00e4sthetischen Resonanzraum beziehen, der weit in die Geschichte der Fotografie zur\u00fcckreicht. Die Rede ist von der \u00bbsubjektiven fotografie\u00ab. Mit der Stilbezeichnung etikettierte deren Sch\u00f6pfer Otto Steinert vor rund 60 Jahren all jene Bildfindungen, die sich weder einem Abbildungsdiktat des Dokumentarismus noch einem absoluten Gestaltungswillen beugen wollten. Vielmehr stand der Fotograf jener Nachkriegs\u00e4ra vor der selbst auferlegten Aufgabe, korrelativ zu denken, analytisch zu agieren und in einem bewussten kreativen Prozess bildsch\u00f6pferisch zu sein. \u201eDie Qualit\u00e4t des Gestaltungsaktes entscheidet dann letztlich \u00fcber die Formung der Fotografie zum Bild.\u201c Wenngleich die \u00c4sthetik der Subjektiven Fotografie bekanntlich nicht \u00fcberdauerte, blieb Steinerts Stufenmodell folgenreich. Dabei zeigte sich erst im R\u00fcckblick, dass seiner Lehrprogrammatik und fotografischen Arbeit ein starker Wille zur Autonomie eigen war. Sein Denken und Schaffen er\u00f6ffneten der Fotografie in Europa infolge eine freie, ja k\u00fcnstlerische Dimension.<\/p>\n<p>Nun sind Studierende des Modulbereichs CGI der Fakult\u00e4t Design der TH N\u00fcrnberg unter Leitung von Professor Hans-Michael Jostmeier der Einladung gefolgt, das \u00e4sthetische Spektrum der \u00bbsubjektiven fotografie\u00ab f\u00fcr das bildgebende Verfahren der <em>Computer Generated Images<\/em> zu adaptieren. Dabei ist es den Studierenden weniger darum gegangen, auf spielerische Weise eine Stilistik zu rezitieren. Dieses Mal hat es angestanden, einen betont freien gestalterischen Handlungsraum auszunutzen, um der gegenw\u00e4rtigen Ungel\u00f6stheit des lichtbasierten fotografischen Computerbildes auf die Schliche zu kommen. Steinerts damalige Prinzipien der Isolation, Solarisation und Inversion, die Beschr\u00e4nkung auf Schwarzwei\u00df sowie der Verzicht auf Abstraktion und Dokumentum sind im Gestaltungsprozess lustvolle Leitlinien geblieben. Als zutr\u00e4glich f\u00fcr das bewusste analytische Agieren hat sich zudem die zeitaufw\u00e4ndige Arbeit vor dem Bildschirm erwiesen. Das Setting der Aufgabe hat bei den Studierenden dann auch zu grundlegenden Fragen an das Bildresultat gef\u00fchrt, denen man auch in der Betrachtung nachsp\u00fcren mag. Denn was hat sich hier etwa gegen\u00fcber der analogen Fotografie ver\u00e4ndert? Was ist gleich geblieben? Und nicht zuletzt: Wohin haben sich diesmal die Spuren des Lichts verfl\u00fcchtigt?<\/p>\n<p>Prof. Dr. Schaden<\/p>\n<div id=\"attachment_157\" style=\"width: 840px\" class=\"wp-caption alignnone\"><img decoding=\"async\" aria-describedby=\"caption-attachment-157\" class=\"wp-image-157 size-image-full-width\" src=\"https:\/\/d.th-nuernberg.de\/cgi\/wp-content\/uploads\/sites\/9\/2015\/05\/Johannes-Lumer-1100x1100.jpg\" alt=\"\" width=\"840\" height=\"840\" srcset=\"https:\/\/d.th-nuernberg.de\/cgi\/wp-content\/uploads\/sites\/9\/2015\/05\/Johannes-Lumer-1100x1100.jpg 1100w, https:\/\/d.th-nuernberg.de\/cgi\/wp-content\/uploads\/sites\/9\/2015\/05\/Johannes-Lumer-150x150.jpg 150w, https:\/\/d.th-nuernberg.de\/cgi\/wp-content\/uploads\/sites\/9\/2015\/05\/Johannes-Lumer-840x840.jpg 840w, https:\/\/d.th-nuernberg.de\/cgi\/wp-content\/uploads\/sites\/9\/2015\/05\/Johannes-Lumer-340x340.jpg 340w, https:\/\/d.th-nuernberg.de\/cgi\/wp-content\/uploads\/sites\/9\/2015\/05\/Johannes-Lumer-180x180.jpg 180w, https:\/\/d.th-nuernberg.de\/cgi\/wp-content\/uploads\/sites\/9\/2015\/05\/Johannes-Lumer-50x50.jpg 50w, https:\/\/d.th-nuernberg.de\/cgi\/wp-content\/uploads\/sites\/9\/2015\/05\/Johannes-Lumer.jpg 1500w\" sizes=\"(max-width: 840px) 100vw, 840px\" \/><p id=\"caption-attachment-157\" class=\"wp-caption-text\">Johannes Lumer<\/p><\/div>\n<div id=\"attachment_158\" style=\"width: 840px\" class=\"wp-caption alignnone\"><img decoding=\"async\" aria-describedby=\"caption-attachment-158\" class=\"wp-image-158 size-image-full-width\" src=\"https:\/\/d.th-nuernberg.de\/cgi\/wp-content\/uploads\/sites\/9\/2015\/05\/Julius-Rosen-1100x1143.jpg\" alt=\"Julius Rosen\" width=\"840\" height=\"873\" srcset=\"https:\/\/d.th-nuernberg.de\/cgi\/wp-content\/uploads\/sites\/9\/2015\/05\/Julius-Rosen-1100x1143.jpg 1100w, https:\/\/d.th-nuernberg.de\/cgi\/wp-content\/uploads\/sites\/9\/2015\/05\/Julius-Rosen-840x873.jpg 840w, https:\/\/d.th-nuernberg.de\/cgi\/wp-content\/uploads\/sites\/9\/2015\/05\/Julius-Rosen-340x353.jpg 340w, https:\/\/d.th-nuernberg.de\/cgi\/wp-content\/uploads\/sites\/9\/2015\/05\/Julius-Rosen-173x180.jpg 173w, https:\/\/d.th-nuernberg.de\/cgi\/wp-content\/uploads\/sites\/9\/2015\/05\/Julius-Rosen.jpg 1443w\" sizes=\"(max-width: 840px) 100vw, 840px\" \/><p id=\"caption-attachment-158\" class=\"wp-caption-text\">Julius Rosen<\/p><\/div>\n<div id=\"attachment_159\" style=\"width: 840px\" class=\"wp-caption alignnone\"><img loading=\"lazy\" decoding=\"async\" aria-describedby=\"caption-attachment-159\" class=\"wp-image-159 size-image-full-width\" src=\"https:\/\/d.th-nuernberg.de\/cgi\/wp-content\/uploads\/sites\/9\/2015\/05\/Olga-Kouznezova_-1100x817.jpg\" alt=\"Olga Kouznezova_\" width=\"840\" height=\"624\" srcset=\"https:\/\/d.th-nuernberg.de\/cgi\/wp-content\/uploads\/sites\/9\/2015\/05\/Olga-Kouznezova_-1100x817.jpg 1100w, https:\/\/d.th-nuernberg.de\/cgi\/wp-content\/uploads\/sites\/9\/2015\/05\/Olga-Kouznezova_-840x624.jpg 840w, https:\/\/d.th-nuernberg.de\/cgi\/wp-content\/uploads\/sites\/9\/2015\/05\/Olga-Kouznezova_-340x253.jpg 340w, https:\/\/d.th-nuernberg.de\/cgi\/wp-content\/uploads\/sites\/9\/2015\/05\/Olga-Kouznezova_-242x180.jpg 242w, https:\/\/d.th-nuernberg.de\/cgi\/wp-content\/uploads\/sites\/9\/2015\/05\/Olga-Kouznezova_.jpg 1500w\" sizes=\"(max-width: 840px) 100vw, 840px\" \/><p id=\"caption-attachment-159\" class=\"wp-caption-text\">Olga Kouznezova<\/p><\/div>\n<div id=\"attachment_160\" style=\"width: 840px\" class=\"wp-caption alignnone\"><img loading=\"lazy\" decoding=\"async\" aria-describedby=\"caption-attachment-160\" class=\"wp-image-160 size-image-full-width\" src=\"https:\/\/d.th-nuernberg.de\/cgi\/wp-content\/uploads\/sites\/9\/2015\/05\/Robert-Nixdorf-1100x953.jpg\" alt=\"Robert Nixdorf\" width=\"840\" height=\"728\" srcset=\"https:\/\/d.th-nuernberg.de\/cgi\/wp-content\/uploads\/sites\/9\/2015\/05\/Robert-Nixdorf-1100x953.jpg 1100w, https:\/\/d.th-nuernberg.de\/cgi\/wp-content\/uploads\/sites\/9\/2015\/05\/Robert-Nixdorf-840x728.jpg 840w, https:\/\/d.th-nuernberg.de\/cgi\/wp-content\/uploads\/sites\/9\/2015\/05\/Robert-Nixdorf-340x295.jpg 340w, https:\/\/d.th-nuernberg.de\/cgi\/wp-content\/uploads\/sites\/9\/2015\/05\/Robert-Nixdorf-208x180.jpg 208w, https:\/\/d.th-nuernberg.de\/cgi\/wp-content\/uploads\/sites\/9\/2015\/05\/Robert-Nixdorf.jpg 1500w\" sizes=\"(max-width: 840px) 100vw, 840px\" \/><p id=\"caption-attachment-160\" class=\"wp-caption-text\">Robert Nixdorf<\/p><\/div>\n<div id=\"attachment_161\" style=\"width: 840px\" class=\"wp-caption alignnone\"><img loading=\"lazy\" decoding=\"async\" aria-describedby=\"caption-attachment-161\" class=\"wp-image-161 size-image-text-column\" src=\"https:\/\/d.th-nuernberg.de\/cgi\/wp-content\/uploads\/sites\/9\/2015\/05\/Thomas-Michalczyk-840x1343.jpg\" alt=\"Thomas Michalczyk\" width=\"840\" height=\"1343\" srcset=\"https:\/\/d.th-nuernberg.de\/cgi\/wp-content\/uploads\/sites\/9\/2015\/05\/Thomas-Michalczyk-840x1343.jpg 840w, https:\/\/d.th-nuernberg.de\/cgi\/wp-content\/uploads\/sites\/9\/2015\/05\/Thomas-Michalczyk-340x544.jpg 340w, https:\/\/d.th-nuernberg.de\/cgi\/wp-content\/uploads\/sites\/9\/2015\/05\/Thomas-Michalczyk-113x180.jpg 113w, https:\/\/d.th-nuernberg.de\/cgi\/wp-content\/uploads\/sites\/9\/2015\/05\/Thomas-Michalczyk.jpg 938w\" sizes=\"(max-width: 840px) 100vw, 840px\" \/><p id=\"caption-attachment-161\" class=\"wp-caption-text\">Thomas Michalczyk<\/p><\/div>\n","protected":false},"excerpt":{"rendered":"<p>CGI goes Otto Steinert Vordergr\u00fcndig mag man den hier vorliegenden computergenerierten Bildern Anachronismus unterstellen. Zumal sie sich explizit auf einen \u00e4sthetischen Resonanzraum beziehen, der weit in die Geschichte der Fotografie zur\u00fcckreicht. Die Rede ist von der \u00bbsubjektiven fotografie\u00ab. Mit der Stilbezeichnung etikettierte deren Sch\u00f6pfer Otto Steinert vor rund 60 Jahren all jene Bildfindungen, die sich&hellip;<\/p>\n","protected":false},"author":1,"featured_media":159,"comment_status":"closed","ping_status":"closed","template":"","format":"standard","meta":{"jetpack_post_was_ever_published":false,"footnotes":"","jetpack_publicize_message":"","jetpack_publicize_feature_enabled":true,"jetpack_social_post_already_shared":true,"jetpack_social_options":{"image_generator_settings":{"template":"highway","default_image_id":0,"font":"","enabled":false},"version":2}},"jetpack-portfolio-type":[],"jetpack-portfolio-tag":[],"class_list":["post-154","jetpack-portfolio","type-jetpack-portfolio","status-publish","format-standard","has-post-thumbnail","hentry","empty-entry-meta","portfolio-entry"],"jetpack_publicize_connections":[],"jetpack_sharing_enabled":true,"_links":{"self":[{"href":"https:\/\/d.th-nuernberg.de\/cgi\/wp-json\/wp\/v2\/jetpack-portfolio\/154","targetHints":{"allow":["GET"]}}],"collection":[{"href":"https:\/\/d.th-nuernberg.de\/cgi\/wp-json\/wp\/v2\/jetpack-portfolio"}],"about":[{"href":"https:\/\/d.th-nuernberg.de\/cgi\/wp-json\/wp\/v2\/types\/jetpack-portfolio"}],"author":[{"embeddable":true,"href":"https:\/\/d.th-nuernberg.de\/cgi\/wp-json\/wp\/v2\/users\/1"}],"replies":[{"embeddable":true,"href":"https:\/\/d.th-nuernberg.de\/cgi\/wp-json\/wp\/v2\/comments?post=154"}],"version-history":[{"count":0,"href":"https:\/\/d.th-nuernberg.de\/cgi\/wp-json\/wp\/v2\/jetpack-portfolio\/154\/revisions"}],"wp:featuredmedia":[{"embeddable":true,"href":"https:\/\/d.th-nuernberg.de\/cgi\/wp-json\/wp\/v2\/media\/159"}],"wp:attachment":[{"href":"https:\/\/d.th-nuernberg.de\/cgi\/wp-json\/wp\/v2\/media?parent=154"}],"wp:term":[{"taxonomy":"jetpack-portfolio-type","embeddable":true,"href":"https:\/\/d.th-nuernberg.de\/cgi\/wp-json\/wp\/v2\/jetpack-portfolio-type?post=154"},{"taxonomy":"jetpack-portfolio-tag","embeddable":true,"href":"https:\/\/d.th-nuernberg.de\/cgi\/wp-json\/wp\/v2\/jetpack-portfolio-tag?post=154"}],"curies":[{"name":"wp","href":"https:\/\/api.w.org\/{rel}","templated":true}]}}

<div id="attachment_155" style="width: 840px" class="wp-caption alignnone"><img fetchpriority="high" decoding="async" aria-describedby="caption-attachment-155" class="wp-image-155 size-image-full-width" src="https://d.th-nuernberg.de/cgi/wp-content/uploads/sites/9/2015/05/Amir-Khan-Dj-Afschar-1100x1440.jpg" alt="Amir Khan Dj Afschar" width="840" height="1100" srcset="https://d.th-nuernberg.de/cgi/wp-content/uploads/sites/9/2015/05/Amir-Khan-Dj-Afschar-1100x1440.jpg 1100w, https://d.th-nuernberg.de/cgi/wp-content/uploads/sites/9/2015/05/Amir-Khan-Dj-Afschar-840x1099.jpg 840w, https://d.th-nuernberg.de/cgi/wp-content/uploads/sites/9/2015/05/Amir-Khan-Dj-Afschar-340x445.jpg 340w, https://d.th-nuernberg.de/cgi/wp-content/uploads/sites/9/2015/05/Amir-Khan-Dj-Afschar-138x180.jpg 138w, https://d.th-nuernberg.de/cgi/wp-content/uploads/sites/9/2015/05/Amir-Khan-Dj-Afschar.jpg 1146w" sizes="(max-width: 840px) 100vw, 840px" /><p id="caption-attachment-155" class="wp-caption-text">Amir Khan Dj Afschar</p></div>
<h3>CGI goes Otto Steinert</h3>
<p>Vordergründig mag man den hier vorliegenden computergenerierten Bildern Anachronismus unterstellen. Zumal sie sich explizit auf einen ästhetischen Resonanzraum beziehen, der weit in die Geschichte der Fotografie zurückreicht. Die Rede ist von der »subjektiven fotografie«. Mit der Stilbezeichnung etikettierte deren Schöpfer Otto Steinert vor rund 60 Jahren all jene Bildfindungen, die sich weder einem Abbildungsdiktat des Dokumentarismus noch einem absoluten Gestaltungswillen beugen wollten. Vielmehr stand der Fotograf jener Nachkriegsära vor der selbst auferlegten Aufgabe, korrelativ zu denken, analytisch zu agieren und in einem bewussten kreativen Prozess bildschöpferisch zu sein. „Die Qualität des Gestaltungsaktes entscheidet dann letztlich über die Formung der Fotografie zum Bild.“ Wenngleich die Ästhetik der Subjektiven Fotografie bekanntlich nicht überdauerte, blieb Steinerts Stufenmodell folgenreich. Dabei zeigte sich erst im Rückblick, dass seiner Lehrprogrammatik und fotografischen Arbeit ein starker Wille zur Autonomie eigen war. Sein Denken und Schaffen eröffneten der Fotografie in Europa infolge eine freie, ja künstlerische Dimension.</p>
<p>Nun sind Studierende des Modulbereichs CGI der Fakultät Design der TH Nürnberg unter Leitung von Professor Hans-Michael Jostmeier der Einladung gefolgt, das ästhetische Spektrum der »subjektiven fotografie« für das bildgebende Verfahren der <em>Computer Generated Images</em> zu adaptieren. Dabei ist es den Studierenden weniger darum gegangen, auf spielerische Weise eine Stilistik zu rezitieren. Dieses Mal hat es angestanden, einen betont freien gestalterischen Handlungsraum auszunutzen, um der gegenwärtigen Ungelöstheit des lichtbasierten fotografischen Computerbildes auf die Schliche zu kommen. Steinerts damalige Prinzipien der Isolation, Solarisation und Inversion, die Beschränkung auf Schwarzweiß sowie der Verzicht auf Abstraktion und Dokumentum sind im Gestaltungsprozess lustvolle Leitlinien geblieben. Als zuträglich für das bewusste analytische Agieren hat sich zudem die zeitaufwändige Arbeit vor dem Bildschirm erwiesen. Das Setting der Aufgabe hat bei den Studierenden dann auch zu grundlegenden Fragen an das Bildresultat geführt, denen man auch in der Betrachtung nachspüren mag. Denn was hat sich hier etwa gegenüber der analogen Fotografie verändert? Was ist gleich geblieben? Und nicht zuletzt: Wohin haben sich diesmal die Spuren des Lichts verflüchtigt?</p>
<p>Prof. Dr. Schaden</p>
<div id="attachment_157" style="width: 840px" class="wp-caption alignnone"><img decoding="async" aria-describedby="caption-attachment-157" class="wp-image-157 size-image-full-width" src="https://d.th-nuernberg.de/cgi/wp-content/uploads/sites/9/2015/05/Johannes-Lumer-1100x1100.jpg" alt="" width="840" height="840" srcset="https://d.th-nuernberg.de/cgi/wp-content/uploads/sites/9/2015/05/Johannes-Lumer-1100x1100.jpg 1100w, https://d.th-nuernberg.de/cgi/wp-content/uploads/sites/9/2015/05/Johannes-Lumer-150x150.jpg 150w, https://d.th-nuernberg.de/cgi/wp-content/uploads/sites/9/2015/05/Johannes-Lumer-840x840.jpg 840w, https://d.th-nuernberg.de/cgi/wp-content/uploads/sites/9/2015/05/Johannes-Lumer-340x340.jpg 340w, https://d.th-nuernberg.de/cgi/wp-content/uploads/sites/9/2015/05/Johannes-Lumer-180x180.jpg 180w, https://d.th-nuernberg.de/cgi/wp-content/uploads/sites/9/2015/05/Johannes-Lumer-50x50.jpg 50w, https://d.th-nuernberg.de/cgi/wp-content/uploads/sites/9/2015/05/Johannes-Lumer.jpg 1500w" sizes="(max-width: 840px) 100vw, 840px" /><p id="caption-attachment-157" class="wp-caption-text">Johannes Lumer</p></div>
<div id="attachment_158" style="width: 840px" class="wp-caption alignnone"><img decoding="async" aria-describedby="caption-attachment-158" class="wp-image-158 size-image-full-width" src="https://d.th-nuernberg.de/cgi/wp-content/uploads/sites/9/2015/05/Julius-Rosen-1100x1143.jpg" alt="Julius Rosen" width="840" height="873" srcset="https://d.th-nuernberg.de/cgi/wp-content/uploads/sites/9/2015/05/Julius-Rosen-1100x1143.jpg 1100w, https://d.th-nuernberg.de/cgi/wp-content/uploads/sites/9/2015/05/Julius-Rosen-840x873.jpg 840w, https://d.th-nuernberg.de/cgi/wp-content/uploads/sites/9/2015/05/Julius-Rosen-340x353.jpg 340w, https://d.th-nuernberg.de/cgi/wp-content/uploads/sites/9/2015/05/Julius-Rosen-173x180.jpg 173w, https://d.th-nuernberg.de/cgi/wp-content/uploads/sites/9/2015/05/Julius-Rosen.jpg 1443w" sizes="(max-width: 840px) 100vw, 840px" /><p id="caption-attachment-158" class="wp-caption-text">Julius Rosen</p></div>
<div id="attachment_159" style="width: 840px" class="wp-caption alignnone"><img loading="lazy" decoding="async" aria-describedby="caption-attachment-159" class="wp-image-159 size-image-full-width" src="https://d.th-nuernberg.de/cgi/wp-content/uploads/sites/9/2015/05/Olga-Kouznezova_-1100x817.jpg" alt="Olga Kouznezova_" width="840" height="624" srcset="https://d.th-nuernberg.de/cgi/wp-content/uploads/sites/9/2015/05/Olga-Kouznezova_-1100x817.jpg 1100w, https://d.th-nuernberg.de/cgi/wp-content/uploads/sites/9/2015/05/Olga-Kouznezova_-840x624.jpg 840w, https://d.th-nuernberg.de/cgi/wp-content/uploads/sites/9/2015/05/Olga-Kouznezova_-340x253.jpg 340w, https://d.th-nuernberg.de/cgi/wp-content/uploads/sites/9/2015/05/Olga-Kouznezova_-242x180.jpg 242w, https://d.th-nuernberg.de/cgi/wp-content/uploads/sites/9/2015/05/Olga-Kouznezova_.jpg 1500w" sizes="(max-width: 840px) 100vw, 840px" /><p id="caption-attachment-159" class="wp-caption-text">Olga Kouznezova</p></div>
<div id="attachment_160" style="width: 840px" class="wp-caption alignnone"><img loading="lazy" decoding="async" aria-describedby="caption-attachment-160" class="wp-image-160 size-image-full-width" src="https://d.th-nuernberg.de/cgi/wp-content/uploads/sites/9/2015/05/Robert-Nixdorf-1100x953.jpg" alt="Robert Nixdorf" width="840" height="728" srcset="https://d.th-nuernberg.de/cgi/wp-content/uploads/sites/9/2015/05/Robert-Nixdorf-1100x953.jpg 1100w, https://d.th-nuernberg.de/cgi/wp-content/uploads/sites/9/2015/05/Robert-Nixdorf-840x728.jpg 840w, https://d.th-nuernberg.de/cgi/wp-content/uploads/sites/9/2015/05/Robert-Nixdorf-340x295.jpg 340w, https://d.th-nuernberg.de/cgi/wp-content/uploads/sites/9/2015/05/Robert-Nixdorf-208x180.jpg 208w, https://d.th-nuernberg.de/cgi/wp-content/uploads/sites/9/2015/05/Robert-Nixdorf.jpg 1500w" sizes="(max-width: 840px) 100vw, 840px" /><p id="caption-attachment-160" class="wp-caption-text">Robert Nixdorf</p></div>
<div id="attachment_161" style="width: 840px" class="wp-caption alignnone"><img loading="lazy" decoding="async" aria-describedby="caption-attachment-161" class="wp-image-161 size-image-text-column" src="https://d.th-nuernberg.de/cgi/wp-content/uploads/sites/9/2015/05/Thomas-Michalczyk-840x1343.jpg" alt="Thomas Michalczyk" width="840" height="1343" srcset="https://d.th-nuernberg.de/cgi/wp-content/uploads/sites/9/2015/05/Thomas-Michalczyk-840x1343.jpg 840w, https://d.th-nuernberg.de/cgi/wp-content/uploads/sites/9/2015/05/Thomas-Michalczyk-340x544.jpg 340w, https://d.th-nuernberg.de/cgi/wp-content/uploads/sites/9/2015/05/Thomas-Michalczyk-113x180.jpg 113w, https://d.th-nuernberg.de/cgi/wp-content/uploads/sites/9/2015/05/Thomas-Michalczyk.jpg 938w" sizes="(max-width: 840px) 100vw, 840px" /><p id="caption-attachment-161" class="wp-caption-text">Thomas Michalczyk</p></div>

<p>CGI goes Otto Steinert Vordergründig mag man den hier vorliegenden computergenerierten Bildern Anachronismus unterstellen. Zumal sie sich explizit auf einen ästhetischen Resonanzraum beziehen, der weit in die Geschichte der Fotografie zurückreicht. Die Rede ist von der »subjektiven fotografie«. Mit der Stilbezeichnung etikettierte deren Schöpfer Otto Steinert vor rund 60 Jahren all jene Bildfindungen, die sich&hellip;</p>
