{"id":37,"date":"2017-03-27T13:37:36","date_gmt":"2017-03-27T11:37:36","guid":{"rendered":"https:\/\/d.th-nuernberg.de\/bw\/?page_id=37"},"modified":"2017-03-27T13:38:13","modified_gmt":"2017-03-27T11:38:13","slug":"vor-ort","status":"publish","type":"page","link":"https:\/\/d.th-nuernberg.de\/bw\/vor-ort\/","title":{"rendered":"Vor Ort"},"content":{"rendered":"<div id=\"attachment_26\" style=\"width: 420px\" class=\"wp-caption alignleft\"><img fetchpriority=\"high\" decoding=\"async\" aria-describedby=\"caption-attachment-26\" class=\"wp-image-26\" src=\"https:\/\/d.th-nuernberg.de\/bw\/wp-content\/uploads\/sites\/11\/2017\/03\/Designausstellung-679x1024.png\" alt=\"\" width=\"420\" height=\"634\" srcset=\"https:\/\/d.th-nuernberg.de\/bw\/wp-content\/uploads\/sites\/11\/2017\/03\/Designausstellung-679x1024.png 679w, https:\/\/d.th-nuernberg.de\/bw\/wp-content\/uploads\/sites\/11\/2017\/03\/Designausstellung-199x300.png 199w, https:\/\/d.th-nuernberg.de\/bw\/wp-content\/uploads\/sites\/11\/2017\/03\/Designausstellung-340x513.png 340w, https:\/\/d.th-nuernberg.de\/bw\/wp-content\/uploads\/sites\/11\/2017\/03\/Designausstellung-119x180.png 119w, https:\/\/d.th-nuernberg.de\/bw\/wp-content\/uploads\/sites\/11\/2017\/03\/Designausstellung.png 751w\" sizes=\"(max-width: 420px) 100vw, 420px\" \/><p id=\"caption-attachment-26\" class=\"wp-caption-text\">\u00a9 Sebastian Lock, 2017<\/p><\/div>\n<p>&nbsp;<\/p>\n<p><strong>Dinge. Gewollt, gemacht, gestaltet.<\/strong><\/p>\n<p>Allein aufgrund ihrer physischen Pr\u00e4senz fordern sie uns heraus.\u00a0Bringen uns Position. In Bewegung.\u00a0Sie mobilisieren uns jenseits unserer digitalen Grunddisposition.\u00a0Gedanklich, r\u00e4umlich, visuell. Auch deshalb begeben wir uns vor Ort.<\/p>\n<p>In N\u00fcrnberg haben wir eine gro\u00dfartige Option:<\/p>\n<p><em style=\"font-size: 22px;\">NM. Das Neue Museum f\u00fcr Kunst und Design.<\/em><\/p>\n<p>Wir konfrontieren uns dort mit einzelnen Exponaten.\u00a0Jeder einzelne von uns recherchiert, tr\u00e4gt Wissen zusammen und dann der Gruppe vor.\u00a0Fasst in Worte, was er sieht und erkennt.\u00a0Was den Sch\u00f6pfer des Werkes umgetrieben hat.\u00a0Welche formalen und inhaltlichen Entscheidungen\u00a0dieser kreative Kopf getroffen hat. F\u00fcr sein Werk. F\u00fcr den, der es nutzt.<\/p>\n<p>Wir diskutieren. Sicher auch, was unverst\u00e4ndlich bleibt und gerade deswegen fasziniert.<\/p>\n","protected":false},"excerpt":{"rendered":"<p>&nbsp; Dinge. Gewollt, gemacht, gestaltet. Allein aufgrund ihrer physischen Pr\u00e4senz fordern sie uns heraus.\u00a0Bringen uns Position. In Bewegung.\u00a0Sie mobilisieren uns jenseits unserer digitalen Grunddisposition.\u00a0Gedanklich, r\u00e4umlich, visuell. Auch deshalb begeben wir uns vor Ort. In N\u00fcrnberg haben wir eine gro\u00dfartige Option: NM. Das Neue Museum f\u00fcr Kunst und Design. Wir konfrontieren uns dort mit einzelnen Exponaten.\u00a0Jeder&hellip;<\/p>\n","protected":false},"author":1,"featured_media":0,"parent":0,"menu_order":0,"comment_status":"closed","ping_status":"closed","template":"","meta":{"jetpack_post_was_ever_published":false,"footnotes":""},"class_list":["post-37","page","type-page","status-publish","hentry","empty-entry-meta"],"jetpack_sharing_enabled":true,"jetpack_shortlink":"https:\/\/wp.me\/P5UsxW-B","_links":{"self":[{"href":"https:\/\/d.th-nuernberg.de\/bw\/wp-json\/wp\/v2\/pages\/37","targetHints":{"allow":["GET"]}}],"collection":[{"href":"https:\/\/d.th-nuernberg.de\/bw\/wp-json\/wp\/v2\/pages"}],"about":[{"href":"https:\/\/d.th-nuernberg.de\/bw\/wp-json\/wp\/v2\/types\/page"}],"author":[{"embeddable":true,"href":"https:\/\/d.th-nuernberg.de\/bw\/wp-json\/wp\/v2\/users\/1"}],"replies":[{"embeddable":true,"href":"https:\/\/d.th-nuernberg.de\/bw\/wp-json\/wp\/v2\/comments?post=37"}],"version-history":[{"count":2,"href":"https:\/\/d.th-nuernberg.de\/bw\/wp-json\/wp\/v2\/pages\/37\/revisions"}],"predecessor-version":[{"id":39,"href":"https:\/\/d.th-nuernberg.de\/bw\/wp-json\/wp\/v2\/pages\/37\/revisions\/39"}],"wp:attachment":[{"href":"https:\/\/d.th-nuernberg.de\/bw\/wp-json\/wp\/v2\/media?parent=37"}],"curies":[{"name":"wp","href":"https:\/\/api.w.org\/{rel}","templated":true}]}}

<div id="attachment_26" style="width: 420px" class="wp-caption alignleft"><img fetchpriority="high" decoding="async" aria-describedby="caption-attachment-26" class="wp-image-26" src="https://d.th-nuernberg.de/bw/wp-content/uploads/sites/11/2017/03/Designausstellung-679x1024.png" alt="" width="420" height="634" srcset="https://d.th-nuernberg.de/bw/wp-content/uploads/sites/11/2017/03/Designausstellung-679x1024.png 679w, https://d.th-nuernberg.de/bw/wp-content/uploads/sites/11/2017/03/Designausstellung-199x300.png 199w, https://d.th-nuernberg.de/bw/wp-content/uploads/sites/11/2017/03/Designausstellung-340x513.png 340w, https://d.th-nuernberg.de/bw/wp-content/uploads/sites/11/2017/03/Designausstellung-119x180.png 119w, https://d.th-nuernberg.de/bw/wp-content/uploads/sites/11/2017/03/Designausstellung.png 751w" sizes="(max-width: 420px) 100vw, 420px" /><p id="caption-attachment-26" class="wp-caption-text">© Sebastian Lock, 2017</p></div>
<p>&nbsp;</p>
<p><strong>Dinge. Gewollt, gemacht, gestaltet.</strong></p>
<p>Allein aufgrund ihrer physischen Präsenz fordern sie uns heraus. Bringen uns Position. In Bewegung. Sie mobilisieren uns jenseits unserer digitalen Grunddisposition. Gedanklich, räumlich, visuell. Auch deshalb begeben wir uns vor Ort.</p>
<p>In Nürnberg haben wir eine großartige Option:</p>
<p><em style="font-size: 22px;">NM. Das Neue Museum für Kunst und Design.</em></p>
<p>Wir konfrontieren uns dort mit einzelnen Exponaten. Jeder einzelne von uns recherchiert, trägt Wissen zusammen und dann der Gruppe vor. Fasst in Worte, was er sieht und erkennt. Was den Schöpfer des Werkes umgetrieben hat. Welche formalen und inhaltlichen Entscheidungen dieser kreative Kopf getroffen hat. Für sein Werk. Für den, der es nutzt.</p>
<p>Wir diskutieren. Sicher auch, was unverständlich bleibt und gerade deswegen fasziniert.</p>

<p>&nbsp; Dinge. Gewollt, gemacht, gestaltet. Allein aufgrund ihrer physischen Präsenz fordern sie uns heraus. Bringen uns Position. In Bewegung. Sie mobilisieren uns jenseits unserer digitalen Grunddisposition. Gedanklich, räumlich, visuell. Auch deshalb begeben wir uns vor Ort. In Nürnberg haben wir eine großartige Option: NM. Das Neue Museum für Kunst und Design. Wir konfrontieren uns dort mit einzelnen Exponaten. Jeder&hellip;</p>
